{"id":5995,"date":"2023-01-18T16:15:18","date_gmt":"2023-01-18T15:15:18","guid":{"rendered":"https:\/\/www.salvaterra.fr\/?post_type=references&#038;p=5995"},"modified":"2025-04-04T16:49:58","modified_gmt":"2025-04-04T14:49:58","slug":"animation-dun-atelier-de-relecture-de-la-politique-fonciere-agropastorale-de-la-rca","status":"publish","type":"references","link":"https:\/\/www.salvaterra.fr\/fr\/references\/animation-dun-atelier-de-relecture-de-la-politique-fonciere-agropastorale-de-la-rca\/","title":{"rendered":"Animation d&rsquo;un atelier de relecture de la politique fonci\u00e8re agropastorale de la RCA"},"template":"","acf":[],"yoast_head":"<!-- This site is optimized with the Yoast SEO plugin v22.4 - https:\/\/yoast.com\/wordpress\/plugins\/seo\/ -->\n<title>Animation d&#039;un atelier de relecture de la politique fonci\u00e8re agropastorale de la RCA - SalvaTerra, Bureau d\u2019\u00e9tudes en environnement, for\u00eat, agriculture et d\u00e9veloppement rural<\/title>\n<meta name=\"description\" content=\"Animation d&#039;un atelier de relecture de la politique fonci\u00e8re agropastorale de la RCA : Pr\u00e9paration, facilitation et rapportage de l&#039;atelier ; Analyse du processus sur le foncier agro-pastoral en RCA sur la base des textes normatifs internationaux et de r\u00e9centes r\u00e9formes fonci\u00e8res (Burkina Faso, Mali, Niger, S\u00e9n\u00e9gal, C\u00f4te d\u2019Ivoire, Guin\u00e9e etc.) ; Analyse de coh\u00e9rence entre la d\u00e9claration de Ndjam\u00e9na de 2021 et le projet de loi portant Code foncier agro-pastoral de la RCA.\" \/>\n<meta name=\"robots\" content=\"index, follow, max-snippet:-1, max-image-preview:large, max-video-preview:-1\" \/>\n<link rel=\"canonical\" href=\"https:\/\/www.salvaterra.fr\/fr\/references\/animation-dun-atelier-de-relecture-de-la-politique-fonciere-agropastorale-de-la-rca\/\" \/>\n<meta property=\"og:locale\" content=\"fr_FR\" \/>\n<meta property=\"og:type\" content=\"article\" \/>\n<meta property=\"og:title\" content=\"Animation d&#039;un atelier de relecture de la politique fonci\u00e8re agropastorale de la RCA - SalvaTerra, Bureau d\u2019\u00e9tudes en environnement, for\u00eat, agriculture et d\u00e9veloppement rural\" \/>\n<meta property=\"og:description\" content=\"Animation d&#039;un atelier de relecture de la politique fonci\u00e8re agropastorale de la RCA : Pr\u00e9paration, facilitation et rapportage de l&#039;atelier ; Analyse du processus sur le foncier agro-pastoral en RCA sur la base des textes normatifs internationaux et de r\u00e9centes r\u00e9formes fonci\u00e8res (Burkina Faso, Mali, Niger, S\u00e9n\u00e9gal, C\u00f4te d\u2019Ivoire, Guin\u00e9e etc.) ; Analyse de coh\u00e9rence entre la d\u00e9claration de Ndjam\u00e9na de 2021 et le projet de loi portant Code foncier agro-pastoral de la RCA.\" \/>\n<meta property=\"og:url\" content=\"https:\/\/www.salvaterra.fr\/fr\/references\/animation-dun-atelier-de-relecture-de-la-politique-fonciere-agropastorale-de-la-rca\/\" \/>\n<meta property=\"og:site_name\" content=\"SalvaTerra, Bureau d\u2019\u00e9tudes en environnement, for\u00eat, agriculture et d\u00e9veloppement rural\" \/>\n<meta property=\"article:modified_time\" content=\"2025-04-04T14:49:58+00:00\" \/>\n<meta property=\"og:image\" content=\"https:\/\/www.salvaterra.fr\/wp-content\/uploads\/2021\/07\/screenshot.png\" \/>\n\t<meta property=\"og:image:width\" content=\"880\" \/>\n\t<meta property=\"og:image:height\" content=\"660\" \/>\n\t<meta property=\"og:image:type\" content=\"image\/png\" \/>\n<meta name=\"twitter:card\" content=\"summary_large_image\" \/>\n<script type=\"application\/ld+json\" class=\"yoast-schema-graph\">{\"@context\":\"https:\/\/schema.org\",\"@graph\":[{\"@type\":\"WebPage\",\"@id\":\"https:\/\/www.salvaterra.fr\/fr\/references\/animation-dun-atelier-de-relecture-de-la-politique-fonciere-agropastorale-de-la-rca\/\",\"url\":\"https:\/\/www.salvaterra.fr\/fr\/references\/animation-dun-atelier-de-relecture-de-la-politique-fonciere-agropastorale-de-la-rca\/\",\"name\":\"Animation d'un atelier de relecture de la politique fonci\u00e8re agropastorale de la RCA - SalvaTerra, Bureau d\u2019\u00e9tudes en environnement, for\u00eat, agriculture et d\u00e9veloppement rural\",\"isPartOf\":{\"@id\":\"https:\/\/www.salvaterra.fr\/fr\/#website\"},\"datePublished\":\"2023-01-18T15:15:18+00:00\",\"dateModified\":\"2025-04-04T14:49:58+00:00\",\"description\":\"Animation d'un atelier de relecture de la politique fonci\u00e8re agropastorale de la RCA : Pr\u00e9paration, facilitation et rapportage de l'atelier ; Analyse du processus sur le foncier agro-pastoral en RCA sur la base des textes normatifs internationaux et de r\u00e9centes r\u00e9formes fonci\u00e8res (Burkina Faso, Mali, Niger, S\u00e9n\u00e9gal, C\u00f4te d\u2019Ivoire, Guin\u00e9e etc.) ; Analyse de coh\u00e9rence entre la d\u00e9claration de Ndjam\u00e9na de 2021 et le projet de loi portant Code foncier agro-pastoral de la RCA.\",\"breadcrumb\":{\"@id\":\"https:\/\/www.salvaterra.fr\/fr\/references\/animation-dun-atelier-de-relecture-de-la-politique-fonciere-agropastorale-de-la-rca\/#breadcrumb\"},\"inLanguage\":\"fr-FR\",\"potentialAction\":[{\"@type\":\"ReadAction\",\"target\":[\"https:\/\/www.salvaterra.fr\/fr\/references\/animation-dun-atelier-de-relecture-de-la-politique-fonciere-agropastorale-de-la-rca\/\"]}]},{\"@type\":\"BreadcrumbList\",\"@id\":\"https:\/\/www.salvaterra.fr\/fr\/references\/animation-dun-atelier-de-relecture-de-la-politique-fonciere-agropastorale-de-la-rca\/#breadcrumb\",\"itemListElement\":[{\"@type\":\"ListItem\",\"position\":1,\"name\":\"Accueil\",\"item\":\"https:\/\/www.salvaterra.fr\/fr\/\"},{\"@type\":\"ListItem\",\"position\":2,\"name\":\"R\u00e9f\u00e9rences\",\"item\":\"https:\/\/www.salvaterra.fr\/fr\/references\/\"},{\"@type\":\"ListItem\",\"position\":3,\"name\":\"Animation d&rsquo;un atelier de relecture de la politique fonci\u00e8re agropastorale de la RCA\"}]},{\"@type\":\"WebSite\",\"@id\":\"https:\/\/www.salvaterra.fr\/fr\/#website\",\"url\":\"https:\/\/www.salvaterra.fr\/fr\/\",\"name\":\"SalvaTerra, Bureau d\u2019\u00e9tudes en environnement, for\u00eat, agriculture et d\u00e9veloppement rural\",\"description\":\"\",\"potentialAction\":[{\"@type\":\"SearchAction\",\"target\":{\"@type\":\"EntryPoint\",\"urlTemplate\":\"https:\/\/www.salvaterra.fr\/fr\/?s={search_term_string}\"},\"query-input\":\"required name=search_term_string\"}],\"inLanguage\":\"fr-FR\"}]}<\/script>\n<!-- \/ Yoast SEO plugin. -->","yoast_head_json":{"title":"Animation d'un atelier de relecture de la politique fonci\u00e8re agropastorale de la RCA - SalvaTerra, Bureau d\u2019\u00e9tudes en environnement, for\u00eat, agriculture et d\u00e9veloppement rural","description":"Animation d'un atelier de relecture de la politique fonci\u00e8re agropastorale de la RCA : Pr\u00e9paration, facilitation et rapportage de l'atelier ; Analyse du processus sur le foncier agro-pastoral en RCA sur la base des textes normatifs internationaux et de r\u00e9centes r\u00e9formes fonci\u00e8res (Burkina Faso, Mali, Niger, S\u00e9n\u00e9gal, C\u00f4te d\u2019Ivoire, Guin\u00e9e etc.) ; Analyse de coh\u00e9rence entre la d\u00e9claration de Ndjam\u00e9na de 2021 et le projet de loi portant Code foncier agro-pastoral de la RCA.","robots":{"index":"index","follow":"follow","max-snippet":"max-snippet:-1","max-image-preview":"max-image-preview:large","max-video-preview":"max-video-preview:-1"},"canonical":"https:\/\/www.salvaterra.fr\/fr\/references\/animation-dun-atelier-de-relecture-de-la-politique-fonciere-agropastorale-de-la-rca\/","og_locale":"fr_FR","og_type":"article","og_title":"Animation d'un atelier de relecture de la politique fonci\u00e8re agropastorale de la RCA - SalvaTerra, Bureau d\u2019\u00e9tudes en environnement, for\u00eat, agriculture et d\u00e9veloppement rural","og_description":"Animation d'un atelier de relecture de la politique fonci\u00e8re agropastorale de la RCA : Pr\u00e9paration, facilitation et rapportage de l'atelier ; Analyse du processus sur le foncier agro-pastoral en RCA sur la base des textes normatifs internationaux et de r\u00e9centes r\u00e9formes fonci\u00e8res (Burkina Faso, Mali, Niger, S\u00e9n\u00e9gal, C\u00f4te d\u2019Ivoire, Guin\u00e9e etc.) ; Analyse de coh\u00e9rence entre la d\u00e9claration de Ndjam\u00e9na de 2021 et le projet de loi portant Code foncier agro-pastoral de la RCA.","og_url":"https:\/\/www.salvaterra.fr\/fr\/references\/animation-dun-atelier-de-relecture-de-la-politique-fonciere-agropastorale-de-la-rca\/","og_site_name":"SalvaTerra, Bureau d\u2019\u00e9tudes en environnement, for\u00eat, agriculture et d\u00e9veloppement rural","article_modified_time":"2025-04-04T14:49:58+00:00","og_image":[{"width":880,"height":660,"url":"https:\/\/www.salvaterra.fr\/wp-content\/uploads\/2021\/07\/screenshot.png","type":"image\/png"}],"twitter_card":"summary_large_image","schema":{"@context":"https:\/\/schema.org","@graph":[{"@type":"WebPage","@id":"https:\/\/www.salvaterra.fr\/fr\/references\/animation-dun-atelier-de-relecture-de-la-politique-fonciere-agropastorale-de-la-rca\/","url":"https:\/\/www.salvaterra.fr\/fr\/references\/animation-dun-atelier-de-relecture-de-la-politique-fonciere-agropastorale-de-la-rca\/","name":"Animation d'un atelier de relecture de la politique fonci\u00e8re agropastorale de la RCA - SalvaTerra, Bureau d\u2019\u00e9tudes en environnement, for\u00eat, agriculture et d\u00e9veloppement rural","isPartOf":{"@id":"https:\/\/www.salvaterra.fr\/fr\/#website"},"datePublished":"2023-01-18T15:15:18+00:00","dateModified":"2025-04-04T14:49:58+00:00","description":"Animation d'un atelier de relecture de la politique fonci\u00e8re agropastorale de la RCA : Pr\u00e9paration, facilitation et rapportage de l'atelier ; Analyse du processus sur le foncier agro-pastoral en RCA sur la base des textes normatifs internationaux et de r\u00e9centes r\u00e9formes fonci\u00e8res (Burkina Faso, Mali, Niger, S\u00e9n\u00e9gal, C\u00f4te d\u2019Ivoire, Guin\u00e9e etc.) ; Analyse de coh\u00e9rence entre la d\u00e9claration de Ndjam\u00e9na de 2021 et le projet de loi portant Code foncier agro-pastoral de la RCA.","breadcrumb":{"@id":"https:\/\/www.salvaterra.fr\/fr\/references\/animation-dun-atelier-de-relecture-de-la-politique-fonciere-agropastorale-de-la-rca\/#breadcrumb"},"inLanguage":"fr-FR","potentialAction":[{"@type":"ReadAction","target":["https:\/\/www.salvaterra.fr\/fr\/references\/animation-dun-atelier-de-relecture-de-la-politique-fonciere-agropastorale-de-la-rca\/"]}]},{"@type":"BreadcrumbList","@id":"https:\/\/www.salvaterra.fr\/fr\/references\/animation-dun-atelier-de-relecture-de-la-politique-fonciere-agropastorale-de-la-rca\/#breadcrumb","itemListElement":[{"@type":"ListItem","position":1,"name":"Accueil","item":"https:\/\/www.salvaterra.fr\/fr\/"},{"@type":"ListItem","position":2,"name":"R\u00e9f\u00e9rences","item":"https:\/\/www.salvaterra.fr\/fr\/references\/"},{"@type":"ListItem","position":3,"name":"Animation d&rsquo;un atelier de relecture de la politique fonci\u00e8re agropastorale de la RCA"}]},{"@type":"WebSite","@id":"https:\/\/www.salvaterra.fr\/fr\/#website","url":"https:\/\/www.salvaterra.fr\/fr\/","name":"SalvaTerra, Bureau d\u2019\u00e9tudes en environnement, for\u00eat, agriculture et d\u00e9veloppement rural","description":"","potentialAction":[{"@type":"SearchAction","target":{"@type":"EntryPoint","urlTemplate":"https:\/\/www.salvaterra.fr\/fr\/?s={search_term_string}"},"query-input":"required name=search_term_string"}],"inLanguage":"fr-FR"}]}},"pays":[55],"_links":{"self":[{"href":"https:\/\/www.salvaterra.fr\/fr\/wp-json\/wp\/v2\/references\/5995"}],"collection":[{"href":"https:\/\/www.salvaterra.fr\/fr\/wp-json\/wp\/v2\/references"}],"about":[{"href":"https:\/\/www.salvaterra.fr\/fr\/wp-json\/wp\/v2\/types\/references"}],"wp:attachment":[{"href":"https:\/\/www.salvaterra.fr\/fr\/wp-json\/wp\/v2\/media?parent=5995"}],"curies":[{"name":"wp","href":"https:\/\/api.w.org\/{rel}","templated":true}]}}

Animation d&rsquo;un atelier de relecture de la politique foncière agropastorale de la RCA

<!-- This site is optimized with the Yoast SEO plugin v22.4 - https://yoast.com/wordpress/plugins/seo/ -->
<title>Animation d&#039;un atelier de relecture de la politique foncière agropastorale de la RCA - SalvaTerra, Bureau d’études en environnement, forêt, agriculture et développement rural</title>
<meta name="description" content="Animation d&#039;un atelier de relecture de la politique foncière agropastorale de la RCA : Préparation, facilitation et rapportage de l&#039;atelier ; Analyse du processus sur le foncier agro-pastoral en RCA sur la base des textes normatifs internationaux et de récentes réformes foncières (Burkina Faso, Mali, Niger, Sénégal, Côte d’Ivoire, Guinée etc.) ; Analyse de cohérence entre la déclaration de Ndjaména de 2021 et le projet de loi portant Code foncier agro-pastoral de la RCA." />
<meta name="robots" content="index, follow, max-snippet:-1, max-image-preview:large, max-video-preview:-1" />
<link rel="canonical" href="https://www.salvaterra.fr/fr/references/animation-dun-atelier-de-relecture-de-la-politique-fonciere-agropastorale-de-la-rca/" />
<meta property="og:locale" content="fr_FR" />
<meta property="og:type" content="article" />
<meta property="og:title" content="Animation d&#039;un atelier de relecture de la politique foncière agropastorale de la RCA - SalvaTerra, Bureau d’études en environnement, forêt, agriculture et développement rural" />
<meta property="og:description" content="Animation d&#039;un atelier de relecture de la politique foncière agropastorale de la RCA : Préparation, facilitation et rapportage de l&#039;atelier ; Analyse du processus sur le foncier agro-pastoral en RCA sur la base des textes normatifs internationaux et de récentes réformes foncières (Burkina Faso, Mali, Niger, Sénégal, Côte d’Ivoire, Guinée etc.) ; Analyse de cohérence entre la déclaration de Ndjaména de 2021 et le projet de loi portant Code foncier agro-pastoral de la RCA." />
<meta property="og:url" content="https://www.salvaterra.fr/fr/references/animation-dun-atelier-de-relecture-de-la-politique-fonciere-agropastorale-de-la-rca/" />
<meta property="og:site_name" content="SalvaTerra, Bureau d’études en environnement, forêt, agriculture et développement rural" />
<meta property="article:modified_time" content="2025-04-04T14:49:58+00:00" />
<meta property="og:image" content="https://www.salvaterra.fr/wp-content/uploads/2021/07/screenshot.png" />
	<meta property="og:image:width" content="880" />
	<meta property="og:image:height" content="660" />
	<meta property="og:image:type" content="image/png" />
<meta name="twitter:card" content="summary_large_image" />
<script type="application/ld+json" class="yoast-schema-graph">{"@context":"https://schema.org","@graph":[{"@type":"WebPage","@id":"https://www.salvaterra.fr/fr/references/animation-dun-atelier-de-relecture-de-la-politique-fonciere-agropastorale-de-la-rca/","url":"https://www.salvaterra.fr/fr/references/animation-dun-atelier-de-relecture-de-la-politique-fonciere-agropastorale-de-la-rca/","name":"Animation d'un atelier de relecture de la politique foncière agropastorale de la RCA - SalvaTerra, Bureau d’études en environnement, forêt, agriculture et développement rural","isPartOf":{"@id":"https://www.salvaterra.fr/fr/#website"},"datePublished":"2023-01-18T15:15:18+00:00","dateModified":"2025-04-04T14:49:58+00:00","description":"Animation d'un atelier de relecture de la politique foncière agropastorale de la RCA : Préparation, facilitation et rapportage de l'atelier ; Analyse du processus sur le foncier agro-pastoral en RCA sur la base des textes normatifs internationaux et de récentes réformes foncières (Burkina Faso, Mali, Niger, Sénégal, Côte d’Ivoire, Guinée etc.) ; Analyse de cohérence entre la déclaration de Ndjaména de 2021 et le projet de loi portant Code foncier agro-pastoral de la RCA.","breadcrumb":{"@id":"https://www.salvaterra.fr/fr/references/animation-dun-atelier-de-relecture-de-la-politique-fonciere-agropastorale-de-la-rca/#breadcrumb"},"inLanguage":"fr-FR","potentialAction":[{"@type":"ReadAction","target":["https://www.salvaterra.fr/fr/references/animation-dun-atelier-de-relecture-de-la-politique-fonciere-agropastorale-de-la-rca/"]}]},{"@type":"BreadcrumbList","@id":"https://www.salvaterra.fr/fr/references/animation-dun-atelier-de-relecture-de-la-politique-fonciere-agropastorale-de-la-rca/#breadcrumb","itemListElement":[{"@type":"ListItem","position":1,"name":"Accueil","item":"https://www.salvaterra.fr/fr/"},{"@type":"ListItem","position":2,"name":"Références","item":"https://www.salvaterra.fr/fr/references/"},{"@type":"ListItem","position":3,"name":"Animation d&rsquo;un atelier de relecture de la politique foncière agropastorale de la RCA"}]},{"@type":"WebSite","@id":"https://www.salvaterra.fr/fr/#website","url":"https://www.salvaterra.fr/fr/","name":"SalvaTerra, Bureau d’études en environnement, forêt, agriculture et développement rural","description":"","potentialAction":[{"@type":"SearchAction","target":{"@type":"EntryPoint","urlTemplate":"https://www.salvaterra.fr/fr/?s={search_term_string}"},"query-input":"required name=search_term_string"}],"inLanguage":"fr-FR"}]}</script>
<!-- / Yoast SEO plugin. -->

Animation d'un atelier de relecture de la politique foncière agropastorale de la RCA - SalvaTerra, Bureau d’études en environnement, forêt, agriculture et développement rural

Animation d'un atelier de relecture de la politique foncière agropastorale de la RCA : Préparation, facilitation et rapportage de l'atelier ; Analyse du processus sur le foncier agro-pastoral en RCA sur la base des textes normatifs internationaux et de récentes réformes foncières (Burkina Faso, Mali, Niger, Sénégal, Côte d’Ivoire, Guinée etc.) ; Analyse de cohérence entre la déclaration de Ndjaména de 2021 et le projet de loi portant Code foncier agro-pastoral de la RCA.

SalvaTerra, Bureau d’études en environnement, forêt, agriculture et développement rural

Références
