{"id":5895,"date":"2022-06-03T15:22:38","date_gmt":"2022-06-03T13:22:38","guid":{"rendered":"https:\/\/www.salvaterra.fr\/?post_type=references&#038;p=5895"},"modified":"2024-12-06T15:06:31","modified_gmt":"2024-12-06T14:06:31","slug":"integration-des-actions-de-la-cdn-dans-la-planification-des-secteurs-agriculture-et-foret","status":"publish","type":"references","link":"https:\/\/www.salvaterra.fr\/fr\/references\/integration-des-actions-de-la-cdn-dans-la-planification-des-secteurs-agriculture-et-foret\/","title":{"rendered":"Int\u00e9gration des actions de la CDN dans la planification des secteurs agriculture et for\u00eat"},"template":"","acf":[],"yoast_head":"<!-- This site is optimized with the Yoast SEO plugin v22.4 - https:\/\/yoast.com\/wordpress\/plugins\/seo\/ -->\n<title>Int\u00e9gration des actions de la CDN dans la planification des secteurs agriculture et for\u00eat - SalvaTerra, Bureau d\u2019\u00e9tudes en environnement, for\u00eat, agriculture et d\u00e9veloppement rural<\/title>\n<meta name=\"description\" content=\"Int\u00e9gration des actions de la CDN dans la planification des secteurs de l&#039;agriculture et de la for\u00eat : Diagnostic du cadre organique et strat\u00e9gique de la planification sectorielle au sein des Minist\u00e8res en charge de l&#039;agriculture, de l&#039;\u00e9levage, de la for\u00eat et de l&#039;environnement ; \u00c9valuation du niveau d&#039;int\u00e9gration des objectifs climatiques dans la cha\u00eene de Planification, programmation, budg\u00e9tisation, ex\u00e9cution et suivi-\u00e9valuation (PPBESE) ; Cr\u00e9ation et test d&#039;outils de PPBESE sensible au climat ; Renforcement des capacit\u00e9s des agents.\" \/>\n<meta name=\"robots\" content=\"index, follow, max-snippet:-1, max-image-preview:large, max-video-preview:-1\" \/>\n<link rel=\"canonical\" href=\"https:\/\/www.salvaterra.fr\/fr\/references\/integration-des-actions-de-la-cdn-dans-la-planification-des-secteurs-agriculture-et-foret\/\" \/>\n<meta property=\"og:locale\" content=\"fr_FR\" \/>\n<meta property=\"og:type\" content=\"article\" \/>\n<meta property=\"og:title\" content=\"Int\u00e9gration des actions de la CDN dans la planification des secteurs agriculture et for\u00eat - SalvaTerra, Bureau d\u2019\u00e9tudes en environnement, for\u00eat, agriculture et d\u00e9veloppement rural\" \/>\n<meta property=\"og:description\" content=\"Int\u00e9gration des actions de la CDN dans la planification des secteurs de l&#039;agriculture et de la for\u00eat : Diagnostic du cadre organique et strat\u00e9gique de la planification sectorielle au sein des Minist\u00e8res en charge de l&#039;agriculture, de l&#039;\u00e9levage, de la for\u00eat et de l&#039;environnement ; \u00c9valuation du niveau d&#039;int\u00e9gration des objectifs climatiques dans la cha\u00eene de Planification, programmation, budg\u00e9tisation, ex\u00e9cution et suivi-\u00e9valuation (PPBESE) ; Cr\u00e9ation et test d&#039;outils de PPBESE sensible au climat ; Renforcement des capacit\u00e9s des agents.\" \/>\n<meta property=\"og:url\" content=\"https:\/\/www.salvaterra.fr\/fr\/references\/integration-des-actions-de-la-cdn-dans-la-planification-des-secteurs-agriculture-et-foret\/\" \/>\n<meta property=\"og:site_name\" content=\"SalvaTerra, Bureau d\u2019\u00e9tudes en environnement, for\u00eat, agriculture et d\u00e9veloppement rural\" \/>\n<meta property=\"article:modified_time\" content=\"2024-12-06T14:06:31+00:00\" \/>\n<meta property=\"og:image\" content=\"https:\/\/www.salvaterra.fr\/wp-content\/uploads\/2021\/07\/screenshot.png\" \/>\n\t<meta property=\"og:image:width\" content=\"880\" \/>\n\t<meta property=\"og:image:height\" content=\"660\" \/>\n\t<meta property=\"og:image:type\" content=\"image\/png\" \/>\n<meta name=\"twitter:card\" content=\"summary_large_image\" \/>\n<script type=\"application\/ld+json\" class=\"yoast-schema-graph\">{\"@context\":\"https:\/\/schema.org\",\"@graph\":[{\"@type\":\"WebPage\",\"@id\":\"https:\/\/www.salvaterra.fr\/fr\/references\/integration-des-actions-de-la-cdn-dans-la-planification-des-secteurs-agriculture-et-foret\/\",\"url\":\"https:\/\/www.salvaterra.fr\/fr\/references\/integration-des-actions-de-la-cdn-dans-la-planification-des-secteurs-agriculture-et-foret\/\",\"name\":\"Int\u00e9gration des actions de la CDN dans la planification des secteurs agriculture et for\u00eat - SalvaTerra, Bureau d\u2019\u00e9tudes en environnement, for\u00eat, agriculture et d\u00e9veloppement rural\",\"isPartOf\":{\"@id\":\"https:\/\/www.salvaterra.fr\/fr\/#website\"},\"datePublished\":\"2022-06-03T13:22:38+00:00\",\"dateModified\":\"2024-12-06T14:06:31+00:00\",\"description\":\"Int\u00e9gration des actions de la CDN dans la planification des secteurs de l'agriculture et de la for\u00eat : Diagnostic du cadre organique et strat\u00e9gique de la planification sectorielle au sein des Minist\u00e8res en charge de l'agriculture, de l'\u00e9levage, de la for\u00eat et de l'environnement ; \u00c9valuation du niveau d'int\u00e9gration des objectifs climatiques dans la cha\u00eene de Planification, programmation, budg\u00e9tisation, ex\u00e9cution et suivi-\u00e9valuation (PPBESE) ; Cr\u00e9ation et test d'outils de PPBESE sensible au climat ; Renforcement des capacit\u00e9s des agents.\",\"breadcrumb\":{\"@id\":\"https:\/\/www.salvaterra.fr\/fr\/references\/integration-des-actions-de-la-cdn-dans-la-planification-des-secteurs-agriculture-et-foret\/#breadcrumb\"},\"inLanguage\":\"fr-FR\",\"potentialAction\":[{\"@type\":\"ReadAction\",\"target\":[\"https:\/\/www.salvaterra.fr\/fr\/references\/integration-des-actions-de-la-cdn-dans-la-planification-des-secteurs-agriculture-et-foret\/\"]}]},{\"@type\":\"BreadcrumbList\",\"@id\":\"https:\/\/www.salvaterra.fr\/fr\/references\/integration-des-actions-de-la-cdn-dans-la-planification-des-secteurs-agriculture-et-foret\/#breadcrumb\",\"itemListElement\":[{\"@type\":\"ListItem\",\"position\":1,\"name\":\"Accueil\",\"item\":\"https:\/\/www.salvaterra.fr\/fr\/\"},{\"@type\":\"ListItem\",\"position\":2,\"name\":\"R\u00e9f\u00e9rences\",\"item\":\"https:\/\/www.salvaterra.fr\/fr\/references\/\"},{\"@type\":\"ListItem\",\"position\":3,\"name\":\"Int\u00e9gration des actions de la CDN dans la planification des secteurs agriculture et for\u00eat\"}]},{\"@type\":\"WebSite\",\"@id\":\"https:\/\/www.salvaterra.fr\/fr\/#website\",\"url\":\"https:\/\/www.salvaterra.fr\/fr\/\",\"name\":\"SalvaTerra, Bureau d\u2019\u00e9tudes en environnement, for\u00eat, agriculture et d\u00e9veloppement rural\",\"description\":\"\",\"potentialAction\":[{\"@type\":\"SearchAction\",\"target\":{\"@type\":\"EntryPoint\",\"urlTemplate\":\"https:\/\/www.salvaterra.fr\/fr\/?s={search_term_string}\"},\"query-input\":\"required name=search_term_string\"}],\"inLanguage\":\"fr-FR\"}]}<\/script>\n<!-- \/ Yoast SEO plugin. -->","yoast_head_json":{"title":"Int\u00e9gration des actions de la CDN dans la planification des secteurs agriculture et for\u00eat - SalvaTerra, Bureau d\u2019\u00e9tudes en environnement, for\u00eat, agriculture et d\u00e9veloppement rural","description":"Int\u00e9gration des actions de la CDN dans la planification des secteurs de l'agriculture et de la for\u00eat : Diagnostic du cadre organique et strat\u00e9gique de la planification sectorielle au sein des Minist\u00e8res en charge de l'agriculture, de l'\u00e9levage, de la for\u00eat et de l'environnement ; \u00c9valuation du niveau d'int\u00e9gration des objectifs climatiques dans la cha\u00eene de Planification, programmation, budg\u00e9tisation, ex\u00e9cution et suivi-\u00e9valuation (PPBESE) ; Cr\u00e9ation et test d'outils de PPBESE sensible au climat ; Renforcement des capacit\u00e9s des agents.","robots":{"index":"index","follow":"follow","max-snippet":"max-snippet:-1","max-image-preview":"max-image-preview:large","max-video-preview":"max-video-preview:-1"},"canonical":"https:\/\/www.salvaterra.fr\/fr\/references\/integration-des-actions-de-la-cdn-dans-la-planification-des-secteurs-agriculture-et-foret\/","og_locale":"fr_FR","og_type":"article","og_title":"Int\u00e9gration des actions de la CDN dans la planification des secteurs agriculture et for\u00eat - SalvaTerra, Bureau d\u2019\u00e9tudes en environnement, for\u00eat, agriculture et d\u00e9veloppement rural","og_description":"Int\u00e9gration des actions de la CDN dans la planification des secteurs de l'agriculture et de la for\u00eat : Diagnostic du cadre organique et strat\u00e9gique de la planification sectorielle au sein des Minist\u00e8res en charge de l'agriculture, de l'\u00e9levage, de la for\u00eat et de l'environnement ; \u00c9valuation du niveau d'int\u00e9gration des objectifs climatiques dans la cha\u00eene de Planification, programmation, budg\u00e9tisation, ex\u00e9cution et suivi-\u00e9valuation (PPBESE) ; Cr\u00e9ation et test d'outils de PPBESE sensible au climat ; Renforcement des capacit\u00e9s des agents.","og_url":"https:\/\/www.salvaterra.fr\/fr\/references\/integration-des-actions-de-la-cdn-dans-la-planification-des-secteurs-agriculture-et-foret\/","og_site_name":"SalvaTerra, Bureau d\u2019\u00e9tudes en environnement, for\u00eat, agriculture et d\u00e9veloppement rural","article_modified_time":"2024-12-06T14:06:31+00:00","og_image":[{"width":880,"height":660,"url":"https:\/\/www.salvaterra.fr\/wp-content\/uploads\/2021\/07\/screenshot.png","type":"image\/png"}],"twitter_card":"summary_large_image","schema":{"@context":"https:\/\/schema.org","@graph":[{"@type":"WebPage","@id":"https:\/\/www.salvaterra.fr\/fr\/references\/integration-des-actions-de-la-cdn-dans-la-planification-des-secteurs-agriculture-et-foret\/","url":"https:\/\/www.salvaterra.fr\/fr\/references\/integration-des-actions-de-la-cdn-dans-la-planification-des-secteurs-agriculture-et-foret\/","name":"Int\u00e9gration des actions de la CDN dans la planification des secteurs agriculture et for\u00eat - SalvaTerra, Bureau d\u2019\u00e9tudes en environnement, for\u00eat, agriculture et d\u00e9veloppement rural","isPartOf":{"@id":"https:\/\/www.salvaterra.fr\/fr\/#website"},"datePublished":"2022-06-03T13:22:38+00:00","dateModified":"2024-12-06T14:06:31+00:00","description":"Int\u00e9gration des actions de la CDN dans la planification des secteurs de l'agriculture et de la for\u00eat : Diagnostic du cadre organique et strat\u00e9gique de la planification sectorielle au sein des Minist\u00e8res en charge de l'agriculture, de l'\u00e9levage, de la for\u00eat et de l'environnement ; \u00c9valuation du niveau d'int\u00e9gration des objectifs climatiques dans la cha\u00eene de Planification, programmation, budg\u00e9tisation, ex\u00e9cution et suivi-\u00e9valuation (PPBESE) ; Cr\u00e9ation et test d'outils de PPBESE sensible au climat ; Renforcement des capacit\u00e9s des agents.","breadcrumb":{"@id":"https:\/\/www.salvaterra.fr\/fr\/references\/integration-des-actions-de-la-cdn-dans-la-planification-des-secteurs-agriculture-et-foret\/#breadcrumb"},"inLanguage":"fr-FR","potentialAction":[{"@type":"ReadAction","target":["https:\/\/www.salvaterra.fr\/fr\/references\/integration-des-actions-de-la-cdn-dans-la-planification-des-secteurs-agriculture-et-foret\/"]}]},{"@type":"BreadcrumbList","@id":"https:\/\/www.salvaterra.fr\/fr\/references\/integration-des-actions-de-la-cdn-dans-la-planification-des-secteurs-agriculture-et-foret\/#breadcrumb","itemListElement":[{"@type":"ListItem","position":1,"name":"Accueil","item":"https:\/\/www.salvaterra.fr\/fr\/"},{"@type":"ListItem","position":2,"name":"R\u00e9f\u00e9rences","item":"https:\/\/www.salvaterra.fr\/fr\/references\/"},{"@type":"ListItem","position":3,"name":"Int\u00e9gration des actions de la CDN dans la planification des secteurs agriculture et for\u00eat"}]},{"@type":"WebSite","@id":"https:\/\/www.salvaterra.fr\/fr\/#website","url":"https:\/\/www.salvaterra.fr\/fr\/","name":"SalvaTerra, Bureau d\u2019\u00e9tudes en environnement, for\u00eat, agriculture et d\u00e9veloppement rural","description":"","potentialAction":[{"@type":"SearchAction","target":{"@type":"EntryPoint","urlTemplate":"https:\/\/www.salvaterra.fr\/fr\/?s={search_term_string}"},"query-input":"required name=search_term_string"}],"inLanguage":"fr-FR"}]}},"pays":[235],"_links":{"self":[{"href":"https:\/\/www.salvaterra.fr\/fr\/wp-json\/wp\/v2\/references\/5895"}],"collection":[{"href":"https:\/\/www.salvaterra.fr\/fr\/wp-json\/wp\/v2\/references"}],"about":[{"href":"https:\/\/www.salvaterra.fr\/fr\/wp-json\/wp\/v2\/types\/references"}],"wp:attachment":[{"href":"https:\/\/www.salvaterra.fr\/fr\/wp-json\/wp\/v2\/media?parent=5895"}],"curies":[{"name":"wp","href":"https:\/\/api.w.org\/{rel}","templated":true}]}}

Intégration des actions de la CDN dans la planification des secteurs agriculture et forêt

<!-- This site is optimized with the Yoast SEO plugin v22.4 - https://yoast.com/wordpress/plugins/seo/ -->
<title>Intégration des actions de la CDN dans la planification des secteurs agriculture et forêt - SalvaTerra, Bureau d’études en environnement, forêt, agriculture et développement rural</title>
<meta name="description" content="Intégration des actions de la CDN dans la planification des secteurs de l&#039;agriculture et de la forêt : Diagnostic du cadre organique et stratégique de la planification sectorielle au sein des Ministères en charge de l&#039;agriculture, de l&#039;élevage, de la forêt et de l&#039;environnement ; Évaluation du niveau d&#039;intégration des objectifs climatiques dans la chaîne de Planification, programmation, budgétisation, exécution et suivi-évaluation (PPBESE) ; Création et test d&#039;outils de PPBESE sensible au climat ; Renforcement des capacités des agents." />
<meta name="robots" content="index, follow, max-snippet:-1, max-image-preview:large, max-video-preview:-1" />
<link rel="canonical" href="https://www.salvaterra.fr/fr/references/integration-des-actions-de-la-cdn-dans-la-planification-des-secteurs-agriculture-et-foret/" />
<meta property="og:locale" content="fr_FR" />
<meta property="og:type" content="article" />
<meta property="og:title" content="Intégration des actions de la CDN dans la planification des secteurs agriculture et forêt - SalvaTerra, Bureau d’études en environnement, forêt, agriculture et développement rural" />
<meta property="og:description" content="Intégration des actions de la CDN dans la planification des secteurs de l&#039;agriculture et de la forêt : Diagnostic du cadre organique et stratégique de la planification sectorielle au sein des Ministères en charge de l&#039;agriculture, de l&#039;élevage, de la forêt et de l&#039;environnement ; Évaluation du niveau d&#039;intégration des objectifs climatiques dans la chaîne de Planification, programmation, budgétisation, exécution et suivi-évaluation (PPBESE) ; Création et test d&#039;outils de PPBESE sensible au climat ; Renforcement des capacités des agents." />
<meta property="og:url" content="https://www.salvaterra.fr/fr/references/integration-des-actions-de-la-cdn-dans-la-planification-des-secteurs-agriculture-et-foret/" />
<meta property="og:site_name" content="SalvaTerra, Bureau d’études en environnement, forêt, agriculture et développement rural" />
<meta property="article:modified_time" content="2024-12-06T14:06:31+00:00" />
<meta property="og:image" content="https://www.salvaterra.fr/wp-content/uploads/2021/07/screenshot.png" />
	<meta property="og:image:width" content="880" />
	<meta property="og:image:height" content="660" />
	<meta property="og:image:type" content="image/png" />
<meta name="twitter:card" content="summary_large_image" />
<script type="application/ld+json" class="yoast-schema-graph">{"@context":"https://schema.org","@graph":[{"@type":"WebPage","@id":"https://www.salvaterra.fr/fr/references/integration-des-actions-de-la-cdn-dans-la-planification-des-secteurs-agriculture-et-foret/","url":"https://www.salvaterra.fr/fr/references/integration-des-actions-de-la-cdn-dans-la-planification-des-secteurs-agriculture-et-foret/","name":"Intégration des actions de la CDN dans la planification des secteurs agriculture et forêt - SalvaTerra, Bureau d’études en environnement, forêt, agriculture et développement rural","isPartOf":{"@id":"https://www.salvaterra.fr/fr/#website"},"datePublished":"2022-06-03T13:22:38+00:00","dateModified":"2024-12-06T14:06:31+00:00","description":"Intégration des actions de la CDN dans la planification des secteurs de l'agriculture et de la forêt : Diagnostic du cadre organique et stratégique de la planification sectorielle au sein des Ministères en charge de l'agriculture, de l'élevage, de la forêt et de l'environnement ; Évaluation du niveau d'intégration des objectifs climatiques dans la chaîne de Planification, programmation, budgétisation, exécution et suivi-évaluation (PPBESE) ; Création et test d'outils de PPBESE sensible au climat ; Renforcement des capacités des agents.","breadcrumb":{"@id":"https://www.salvaterra.fr/fr/references/integration-des-actions-de-la-cdn-dans-la-planification-des-secteurs-agriculture-et-foret/#breadcrumb"},"inLanguage":"fr-FR","potentialAction":[{"@type":"ReadAction","target":["https://www.salvaterra.fr/fr/references/integration-des-actions-de-la-cdn-dans-la-planification-des-secteurs-agriculture-et-foret/"]}]},{"@type":"BreadcrumbList","@id":"https://www.salvaterra.fr/fr/references/integration-des-actions-de-la-cdn-dans-la-planification-des-secteurs-agriculture-et-foret/#breadcrumb","itemListElement":[{"@type":"ListItem","position":1,"name":"Accueil","item":"https://www.salvaterra.fr/fr/"},{"@type":"ListItem","position":2,"name":"Références","item":"https://www.salvaterra.fr/fr/references/"},{"@type":"ListItem","position":3,"name":"Intégration des actions de la CDN dans la planification des secteurs agriculture et forêt"}]},{"@type":"WebSite","@id":"https://www.salvaterra.fr/fr/#website","url":"https://www.salvaterra.fr/fr/","name":"SalvaTerra, Bureau d’études en environnement, forêt, agriculture et développement rural","description":"","potentialAction":[{"@type":"SearchAction","target":{"@type":"EntryPoint","urlTemplate":"https://www.salvaterra.fr/fr/?s={search_term_string}"},"query-input":"required name=search_term_string"}],"inLanguage":"fr-FR"}]}</script>
<!-- / Yoast SEO plugin. -->

Intégration des actions de la CDN dans la planification des secteurs agriculture et forêt - SalvaTerra, Bureau d’études en environnement, forêt, agriculture et développement rural

Intégration des actions de la CDN dans la planification des secteurs de l'agriculture et de la forêt : Diagnostic du cadre organique et stratégique de la planification sectorielle au sein des Ministères en charge de l'agriculture, de l'élevage, de la forêt et de l'environnement ; Évaluation du niveau d'intégration des objectifs climatiques dans la chaîne de Planification, programmation, budgétisation, exécution et suivi-évaluation (PPBESE) ; Création et test d'outils de PPBESE sensible au climat ; Renforcement des capacités des agents.

SalvaTerra, Bureau d’études en environnement, forêt, agriculture et développement rural

Références
