{"id":5622,"date":"2022-04-15T15:16:23","date_gmt":"2022-04-15T13:16:23","guid":{"rendered":"https:\/\/www.salvaterra.fr\/?post_type=references&#038;p=5622"},"modified":"2024-12-06T14:17:10","modified_gmt":"2024-12-06T13:17:10","slug":"retex-sur-les-programmes-de-recherche-sur-les-semences-de-pin-maritime","status":"publish","type":"references","link":"https:\/\/www.salvaterra.fr\/fr\/references\/retex-sur-les-programmes-de-recherche-sur-les-semences-de-pin-maritime\/","title":{"rendered":"RETEX sur les programmes de recherche sur les semences de pin maritime"},"template":"","acf":[],"yoast_head":"<!-- This site is optimized with the Yoast SEO plugin v22.4 - https:\/\/yoast.com\/wordpress\/plugins\/seo\/ -->\n<title>RETEX sur les programmes de recherche sur les semences de pin maritime - SalvaTerra, Bureau d\u2019\u00e9tudes en environnement, for\u00eat, agriculture et d\u00e9veloppement rural<\/title>\n<meta name=\"description\" content=\"Retour d&#039;exp\u00e9rience sur les programmes li\u00e9s \u00e0 la ressource en graines men\u00e9s depuis 2018 par la Section sp\u00e9cialis\u00e9e pin maritime de FBF : Analyse documentaire des programmes (caract\u00e9risation des d\u00e9p\u00e9rissements et des bioagresseurs ; adaptation des pratiques culturales, des vari\u00e9t\u00e9s et de la protection sanitaire) ; Entretiens semi-structur\u00e9s avec les parties prenantes ; \u00c9valuation de la mise en \u0153uvre, des r\u00e9sultats et des effets du programme. Recommandations pour la poursuite des programmes \u00e0 l\u2019avenir.\" \/>\n<meta name=\"robots\" content=\"index, follow, max-snippet:-1, max-image-preview:large, max-video-preview:-1\" \/>\n<link rel=\"canonical\" href=\"https:\/\/www.salvaterra.fr\/fr\/references\/retex-sur-les-programmes-de-recherche-sur-les-semences-de-pin-maritime\/\" \/>\n<meta property=\"og:locale\" content=\"fr_FR\" \/>\n<meta property=\"og:type\" content=\"article\" \/>\n<meta property=\"og:title\" content=\"RETEX sur les programmes de recherche sur les semences de pin maritime - SalvaTerra, Bureau d\u2019\u00e9tudes en environnement, for\u00eat, agriculture et d\u00e9veloppement rural\" \/>\n<meta property=\"og:description\" content=\"Retour d&#039;exp\u00e9rience sur les programmes li\u00e9s \u00e0 la ressource en graines men\u00e9s depuis 2018 par la Section sp\u00e9cialis\u00e9e pin maritime de FBF : Analyse documentaire des programmes (caract\u00e9risation des d\u00e9p\u00e9rissements et des bioagresseurs ; adaptation des pratiques culturales, des vari\u00e9t\u00e9s et de la protection sanitaire) ; Entretiens semi-structur\u00e9s avec les parties prenantes ; \u00c9valuation de la mise en \u0153uvre, des r\u00e9sultats et des effets du programme. Recommandations pour la poursuite des programmes \u00e0 l\u2019avenir.\" \/>\n<meta property=\"og:url\" content=\"https:\/\/www.salvaterra.fr\/fr\/references\/retex-sur-les-programmes-de-recherche-sur-les-semences-de-pin-maritime\/\" \/>\n<meta property=\"og:site_name\" content=\"SalvaTerra, Bureau d\u2019\u00e9tudes en environnement, for\u00eat, agriculture et d\u00e9veloppement rural\" \/>\n<meta property=\"article:modified_time\" content=\"2024-12-06T13:17:10+00:00\" \/>\n<meta property=\"og:image\" content=\"https:\/\/www.salvaterra.fr\/wp-content\/uploads\/2021\/07\/screenshot.png\" \/>\n\t<meta property=\"og:image:width\" content=\"880\" \/>\n\t<meta property=\"og:image:height\" content=\"660\" \/>\n\t<meta property=\"og:image:type\" content=\"image\/png\" \/>\n<meta name=\"twitter:card\" content=\"summary_large_image\" \/>\n<script type=\"application\/ld+json\" class=\"yoast-schema-graph\">{\"@context\":\"https:\/\/schema.org\",\"@graph\":[{\"@type\":\"WebPage\",\"@id\":\"https:\/\/www.salvaterra.fr\/fr\/references\/retex-sur-les-programmes-de-recherche-sur-les-semences-de-pin-maritime\/\",\"url\":\"https:\/\/www.salvaterra.fr\/fr\/references\/retex-sur-les-programmes-de-recherche-sur-les-semences-de-pin-maritime\/\",\"name\":\"RETEX sur les programmes de recherche sur les semences de pin maritime - SalvaTerra, Bureau d\u2019\u00e9tudes en environnement, for\u00eat, agriculture et d\u00e9veloppement rural\",\"isPartOf\":{\"@id\":\"https:\/\/www.salvaterra.fr\/fr\/#website\"},\"datePublished\":\"2022-04-15T13:16:23+00:00\",\"dateModified\":\"2024-12-06T13:17:10+00:00\",\"description\":\"Retour d'exp\u00e9rience sur les programmes li\u00e9s \u00e0 la ressource en graines men\u00e9s depuis 2018 par la Section sp\u00e9cialis\u00e9e pin maritime de FBF : Analyse documentaire des programmes (caract\u00e9risation des d\u00e9p\u00e9rissements et des bioagresseurs ; adaptation des pratiques culturales, des vari\u00e9t\u00e9s et de la protection sanitaire) ; Entretiens semi-structur\u00e9s avec les parties prenantes ; \u00c9valuation de la mise en \u0153uvre, des r\u00e9sultats et des effets du programme. Recommandations pour la poursuite des programmes \u00e0 l\u2019avenir.\",\"breadcrumb\":{\"@id\":\"https:\/\/www.salvaterra.fr\/fr\/references\/retex-sur-les-programmes-de-recherche-sur-les-semences-de-pin-maritime\/#breadcrumb\"},\"inLanguage\":\"fr-FR\",\"potentialAction\":[{\"@type\":\"ReadAction\",\"target\":[\"https:\/\/www.salvaterra.fr\/fr\/references\/retex-sur-les-programmes-de-recherche-sur-les-semences-de-pin-maritime\/\"]}]},{\"@type\":\"BreadcrumbList\",\"@id\":\"https:\/\/www.salvaterra.fr\/fr\/references\/retex-sur-les-programmes-de-recherche-sur-les-semences-de-pin-maritime\/#breadcrumb\",\"itemListElement\":[{\"@type\":\"ListItem\",\"position\":1,\"name\":\"Accueil\",\"item\":\"https:\/\/www.salvaterra.fr\/fr\/\"},{\"@type\":\"ListItem\",\"position\":2,\"name\":\"R\u00e9f\u00e9rences\",\"item\":\"https:\/\/www.salvaterra.fr\/fr\/references\/\"},{\"@type\":\"ListItem\",\"position\":3,\"name\":\"RETEX sur les programmes de recherche sur les semences de pin maritime\"}]},{\"@type\":\"WebSite\",\"@id\":\"https:\/\/www.salvaterra.fr\/fr\/#website\",\"url\":\"https:\/\/www.salvaterra.fr\/fr\/\",\"name\":\"SalvaTerra, Bureau d\u2019\u00e9tudes en environnement, for\u00eat, agriculture et d\u00e9veloppement rural\",\"description\":\"\",\"potentialAction\":[{\"@type\":\"SearchAction\",\"target\":{\"@type\":\"EntryPoint\",\"urlTemplate\":\"https:\/\/www.salvaterra.fr\/fr\/?s={search_term_string}\"},\"query-input\":\"required name=search_term_string\"}],\"inLanguage\":\"fr-FR\"}]}<\/script>\n<!-- \/ Yoast SEO plugin. -->","yoast_head_json":{"title":"RETEX sur les programmes de recherche sur les semences de pin maritime - SalvaTerra, Bureau d\u2019\u00e9tudes en environnement, for\u00eat, agriculture et d\u00e9veloppement rural","description":"Retour d'exp\u00e9rience sur les programmes li\u00e9s \u00e0 la ressource en graines men\u00e9s depuis 2018 par la Section sp\u00e9cialis\u00e9e pin maritime de FBF : Analyse documentaire des programmes (caract\u00e9risation des d\u00e9p\u00e9rissements et des bioagresseurs ; adaptation des pratiques culturales, des vari\u00e9t\u00e9s et de la protection sanitaire) ; Entretiens semi-structur\u00e9s avec les parties prenantes ; \u00c9valuation de la mise en \u0153uvre, des r\u00e9sultats et des effets du programme. Recommandations pour la poursuite des programmes \u00e0 l\u2019avenir.","robots":{"index":"index","follow":"follow","max-snippet":"max-snippet:-1","max-image-preview":"max-image-preview:large","max-video-preview":"max-video-preview:-1"},"canonical":"https:\/\/www.salvaterra.fr\/fr\/references\/retex-sur-les-programmes-de-recherche-sur-les-semences-de-pin-maritime\/","og_locale":"fr_FR","og_type":"article","og_title":"RETEX sur les programmes de recherche sur les semences de pin maritime - SalvaTerra, Bureau d\u2019\u00e9tudes en environnement, for\u00eat, agriculture et d\u00e9veloppement rural","og_description":"Retour d'exp\u00e9rience sur les programmes li\u00e9s \u00e0 la ressource en graines men\u00e9s depuis 2018 par la Section sp\u00e9cialis\u00e9e pin maritime de FBF : Analyse documentaire des programmes (caract\u00e9risation des d\u00e9p\u00e9rissements et des bioagresseurs ; adaptation des pratiques culturales, des vari\u00e9t\u00e9s et de la protection sanitaire) ; Entretiens semi-structur\u00e9s avec les parties prenantes ; \u00c9valuation de la mise en \u0153uvre, des r\u00e9sultats et des effets du programme. Recommandations pour la poursuite des programmes \u00e0 l\u2019avenir.","og_url":"https:\/\/www.salvaterra.fr\/fr\/references\/retex-sur-les-programmes-de-recherche-sur-les-semences-de-pin-maritime\/","og_site_name":"SalvaTerra, Bureau d\u2019\u00e9tudes en environnement, for\u00eat, agriculture et d\u00e9veloppement rural","article_modified_time":"2024-12-06T13:17:10+00:00","og_image":[{"width":880,"height":660,"url":"https:\/\/www.salvaterra.fr\/wp-content\/uploads\/2021\/07\/screenshot.png","type":"image\/png"}],"twitter_card":"summary_large_image","schema":{"@context":"https:\/\/schema.org","@graph":[{"@type":"WebPage","@id":"https:\/\/www.salvaterra.fr\/fr\/references\/retex-sur-les-programmes-de-recherche-sur-les-semences-de-pin-maritime\/","url":"https:\/\/www.salvaterra.fr\/fr\/references\/retex-sur-les-programmes-de-recherche-sur-les-semences-de-pin-maritime\/","name":"RETEX sur les programmes de recherche sur les semences de pin maritime - SalvaTerra, Bureau d\u2019\u00e9tudes en environnement, for\u00eat, agriculture et d\u00e9veloppement rural","isPartOf":{"@id":"https:\/\/www.salvaterra.fr\/fr\/#website"},"datePublished":"2022-04-15T13:16:23+00:00","dateModified":"2024-12-06T13:17:10+00:00","description":"Retour d'exp\u00e9rience sur les programmes li\u00e9s \u00e0 la ressource en graines men\u00e9s depuis 2018 par la Section sp\u00e9cialis\u00e9e pin maritime de FBF : Analyse documentaire des programmes (caract\u00e9risation des d\u00e9p\u00e9rissements et des bioagresseurs ; adaptation des pratiques culturales, des vari\u00e9t\u00e9s et de la protection sanitaire) ; Entretiens semi-structur\u00e9s avec les parties prenantes ; \u00c9valuation de la mise en \u0153uvre, des r\u00e9sultats et des effets du programme. Recommandations pour la poursuite des programmes \u00e0 l\u2019avenir.","breadcrumb":{"@id":"https:\/\/www.salvaterra.fr\/fr\/references\/retex-sur-les-programmes-de-recherche-sur-les-semences-de-pin-maritime\/#breadcrumb"},"inLanguage":"fr-FR","potentialAction":[{"@type":"ReadAction","target":["https:\/\/www.salvaterra.fr\/fr\/references\/retex-sur-les-programmes-de-recherche-sur-les-semences-de-pin-maritime\/"]}]},{"@type":"BreadcrumbList","@id":"https:\/\/www.salvaterra.fr\/fr\/references\/retex-sur-les-programmes-de-recherche-sur-les-semences-de-pin-maritime\/#breadcrumb","itemListElement":[{"@type":"ListItem","position":1,"name":"Accueil","item":"https:\/\/www.salvaterra.fr\/fr\/"},{"@type":"ListItem","position":2,"name":"R\u00e9f\u00e9rences","item":"https:\/\/www.salvaterra.fr\/fr\/references\/"},{"@type":"ListItem","position":3,"name":"RETEX sur les programmes de recherche sur les semences de pin maritime"}]},{"@type":"WebSite","@id":"https:\/\/www.salvaterra.fr\/fr\/#website","url":"https:\/\/www.salvaterra.fr\/fr\/","name":"SalvaTerra, Bureau d\u2019\u00e9tudes en environnement, for\u00eat, agriculture et d\u00e9veloppement rural","description":"","potentialAction":[{"@type":"SearchAction","target":{"@type":"EntryPoint","urlTemplate":"https:\/\/www.salvaterra.fr\/fr\/?s={search_term_string}"},"query-input":"required name=search_term_string"}],"inLanguage":"fr-FR"}]}},"pays":[89,18],"_links":{"self":[{"href":"https:\/\/www.salvaterra.fr\/fr\/wp-json\/wp\/v2\/references\/5622"}],"collection":[{"href":"https:\/\/www.salvaterra.fr\/fr\/wp-json\/wp\/v2\/references"}],"about":[{"href":"https:\/\/www.salvaterra.fr\/fr\/wp-json\/wp\/v2\/types\/references"}],"wp:attachment":[{"href":"https:\/\/www.salvaterra.fr\/fr\/wp-json\/wp\/v2\/media?parent=5622"}],"curies":[{"name":"wp","href":"https:\/\/api.w.org\/{rel}","templated":true}]}}

<!-- This site is optimized with the Yoast SEO plugin v22.4 - https://yoast.com/wordpress/plugins/seo/ -->
<title>RETEX sur les programmes de recherche sur les semences de pin maritime - SalvaTerra, Bureau d’études en environnement, forêt, agriculture et développement rural</title>
<meta name="description" content="Retour d&#039;expérience sur les programmes liés à la ressource en graines menés depuis 2018 par la Section spécialisée pin maritime de FBF : Analyse documentaire des programmes (caractérisation des dépérissements et des bioagresseurs ; adaptation des pratiques culturales, des variétés et de la protection sanitaire) ; Entretiens semi-structurés avec les parties prenantes ; Évaluation de la mise en œuvre, des résultats et des effets du programme. Recommandations pour la poursuite des programmes à l’avenir." />
<meta name="robots" content="index, follow, max-snippet:-1, max-image-preview:large, max-video-preview:-1" />
<link rel="canonical" href="https://www.salvaterra.fr/fr/references/retex-sur-les-programmes-de-recherche-sur-les-semences-de-pin-maritime/" />
<meta property="og:locale" content="fr_FR" />
<meta property="og:type" content="article" />
<meta property="og:title" content="RETEX sur les programmes de recherche sur les semences de pin maritime - SalvaTerra, Bureau d’études en environnement, forêt, agriculture et développement rural" />
<meta property="og:description" content="Retour d&#039;expérience sur les programmes liés à la ressource en graines menés depuis 2018 par la Section spécialisée pin maritime de FBF : Analyse documentaire des programmes (caractérisation des dépérissements et des bioagresseurs ; adaptation des pratiques culturales, des variétés et de la protection sanitaire) ; Entretiens semi-structurés avec les parties prenantes ; Évaluation de la mise en œuvre, des résultats et des effets du programme. Recommandations pour la poursuite des programmes à l’avenir." />
<meta property="og:url" content="https://www.salvaterra.fr/fr/references/retex-sur-les-programmes-de-recherche-sur-les-semences-de-pin-maritime/" />
<meta property="og:site_name" content="SalvaTerra, Bureau d’études en environnement, forêt, agriculture et développement rural" />
<meta property="article:modified_time" content="2024-12-06T13:17:10+00:00" />
<meta property="og:image" content="https://www.salvaterra.fr/wp-content/uploads/2021/07/screenshot.png" />
	<meta property="og:image:width" content="880" />
	<meta property="og:image:height" content="660" />
	<meta property="og:image:type" content="image/png" />
<meta name="twitter:card" content="summary_large_image" />
<script type="application/ld+json" class="yoast-schema-graph">{"@context":"https://schema.org","@graph":[{"@type":"WebPage","@id":"https://www.salvaterra.fr/fr/references/retex-sur-les-programmes-de-recherche-sur-les-semences-de-pin-maritime/","url":"https://www.salvaterra.fr/fr/references/retex-sur-les-programmes-de-recherche-sur-les-semences-de-pin-maritime/","name":"RETEX sur les programmes de recherche sur les semences de pin maritime - SalvaTerra, Bureau d’études en environnement, forêt, agriculture et développement rural","isPartOf":{"@id":"https://www.salvaterra.fr/fr/#website"},"datePublished":"2022-04-15T13:16:23+00:00","dateModified":"2024-12-06T13:17:10+00:00","description":"Retour d'expérience sur les programmes liés à la ressource en graines menés depuis 2018 par la Section spécialisée pin maritime de FBF : Analyse documentaire des programmes (caractérisation des dépérissements et des bioagresseurs ; adaptation des pratiques culturales, des variétés et de la protection sanitaire) ; Entretiens semi-structurés avec les parties prenantes ; Évaluation de la mise en œuvre, des résultats et des effets du programme. Recommandations pour la poursuite des programmes à l’avenir.","breadcrumb":{"@id":"https://www.salvaterra.fr/fr/references/retex-sur-les-programmes-de-recherche-sur-les-semences-de-pin-maritime/#breadcrumb"},"inLanguage":"fr-FR","potentialAction":[{"@type":"ReadAction","target":["https://www.salvaterra.fr/fr/references/retex-sur-les-programmes-de-recherche-sur-les-semences-de-pin-maritime/"]}]},{"@type":"BreadcrumbList","@id":"https://www.salvaterra.fr/fr/references/retex-sur-les-programmes-de-recherche-sur-les-semences-de-pin-maritime/#breadcrumb","itemListElement":[{"@type":"ListItem","position":1,"name":"Accueil","item":"https://www.salvaterra.fr/fr/"},{"@type":"ListItem","position":2,"name":"Références","item":"https://www.salvaterra.fr/fr/references/"},{"@type":"ListItem","position":3,"name":"RETEX sur les programmes de recherche sur les semences de pin maritime"}]},{"@type":"WebSite","@id":"https://www.salvaterra.fr/fr/#website","url":"https://www.salvaterra.fr/fr/","name":"SalvaTerra, Bureau d’études en environnement, forêt, agriculture et développement rural","description":"","potentialAction":[{"@type":"SearchAction","target":{"@type":"EntryPoint","urlTemplate":"https://www.salvaterra.fr/fr/?s={search_term_string}"},"query-input":"required name=search_term_string"}],"inLanguage":"fr-FR"}]}</script>
<!-- / Yoast SEO plugin. -->

RETEX sur les programmes de recherche sur les semences de pin maritime - SalvaTerra, Bureau d’études en environnement, forêt, agriculture et développement rural

Retour d'expérience sur les programmes liés à la ressource en graines menés depuis 2018 par la Section spécialisée pin maritime de FBF : Analyse documentaire des programmes (caractérisation des dépérissements et des bioagresseurs ; adaptation des pratiques culturales, des variétés et de la protection sanitaire) ; Entretiens semi-structurés avec les parties prenantes ; Évaluation de la mise en œuvre, des résultats et des effets du programme. Recommandations pour la poursuite des programmes à l’avenir.

SalvaTerra, Bureau d’études en environnement, forêt, agriculture et développement rural

Références
