{"id":5487,"date":"2022-01-27T12:26:27","date_gmt":"2022-01-27T11:26:27","guid":{"rendered":"https:\/\/www.salvaterra.fr\/?post_type=references&#038;p=5487"},"modified":"2024-12-09T16:12:52","modified_gmt":"2024-12-09T15:12:52","slug":"renforcement-des-capacites-sur-ladaptation-au-cc-des-ministeres-et-des-instituts-de-formation","status":"publish","type":"references","link":"https:\/\/www.salvaterra.fr\/fr\/references\/renforcement-des-capacites-sur-ladaptation-au-cc-des-ministeres-et-des-instituts-de-formation\/","title":{"rendered":"Renforcement des capacit\u00e9s sur l&rsquo;adaptation au CC des Minist\u00e8res et des instituts de formation"},"template":"","acf":[],"yoast_head":"<!-- This site is optimized with the Yoast SEO plugin v22.4 - https:\/\/yoast.com\/wordpress\/plugins\/seo\/ -->\n<title>Renforcement des capacit\u00e9s sur l&#039;adaptation au CC des Minist\u00e8res et des instituts de formation - SalvaTerra, Bureau d\u2019\u00e9tudes en environnement, for\u00eat, agriculture et d\u00e9veloppement rural<\/title>\n<meta name=\"description\" content=\"Renforcement des capacit\u00e9s sur l&#039;adaptation au CC des Minist\u00e8res et des instituts de formation : Identification des besoins en renforcement de capacit\u00e9s des Minist\u00e8res et des instituts de formation et de recherche ; D\u00e9veloppement de modules de formation adapt\u00e9s \u00e0 ces diff\u00e9rents acteurs (historique du CC ; projections \u00e0 l\u2019\u00e9chelle globale et nationale ; concepts et outils pour les analyses de vuln\u00e9rabilit\u00e9 au CC ; \u00e9valuation co\u00fbt\/b\u00e9n\u00e9fices des options d&#039;adaptation ; planification participatives de l&#039;adaptation ; S&amp;E de l&#039;adaptation ; etc.\" \/>\n<meta name=\"robots\" content=\"index, follow, max-snippet:-1, max-image-preview:large, max-video-preview:-1\" \/>\n<link rel=\"canonical\" href=\"https:\/\/www.salvaterra.fr\/fr\/references\/renforcement-des-capacites-sur-ladaptation-au-cc-des-ministeres-et-des-instituts-de-formation\/\" \/>\n<meta property=\"og:locale\" content=\"fr_FR\" \/>\n<meta property=\"og:type\" content=\"article\" \/>\n<meta property=\"og:title\" content=\"Renforcement des capacit\u00e9s sur l&#039;adaptation au CC des Minist\u00e8res et des instituts de formation - SalvaTerra, Bureau d\u2019\u00e9tudes en environnement, for\u00eat, agriculture et d\u00e9veloppement rural\" \/>\n<meta property=\"og:description\" content=\"Renforcement des capacit\u00e9s sur l&#039;adaptation au CC des Minist\u00e8res et des instituts de formation : Identification des besoins en renforcement de capacit\u00e9s des Minist\u00e8res et des instituts de formation et de recherche ; D\u00e9veloppement de modules de formation adapt\u00e9s \u00e0 ces diff\u00e9rents acteurs (historique du CC ; projections \u00e0 l\u2019\u00e9chelle globale et nationale ; concepts et outils pour les analyses de vuln\u00e9rabilit\u00e9 au CC ; \u00e9valuation co\u00fbt\/b\u00e9n\u00e9fices des options d&#039;adaptation ; planification participatives de l&#039;adaptation ; S&amp;E de l&#039;adaptation ; etc.\" \/>\n<meta property=\"og:url\" content=\"https:\/\/www.salvaterra.fr\/fr\/references\/renforcement-des-capacites-sur-ladaptation-au-cc-des-ministeres-et-des-instituts-de-formation\/\" \/>\n<meta property=\"og:site_name\" content=\"SalvaTerra, Bureau d\u2019\u00e9tudes en environnement, for\u00eat, agriculture et d\u00e9veloppement rural\" \/>\n<meta property=\"article:modified_time\" content=\"2024-12-09T15:12:52+00:00\" \/>\n<meta property=\"og:image\" content=\"https:\/\/www.salvaterra.fr\/wp-content\/uploads\/2021\/07\/screenshot.png\" \/>\n\t<meta property=\"og:image:width\" content=\"880\" \/>\n\t<meta property=\"og:image:height\" content=\"660\" \/>\n\t<meta property=\"og:image:type\" content=\"image\/png\" \/>\n<meta name=\"twitter:card\" content=\"summary_large_image\" \/>\n<script type=\"application\/ld+json\" class=\"yoast-schema-graph\">{\"@context\":\"https:\/\/schema.org\",\"@graph\":[{\"@type\":\"WebPage\",\"@id\":\"https:\/\/www.salvaterra.fr\/fr\/references\/renforcement-des-capacites-sur-ladaptation-au-cc-des-ministeres-et-des-instituts-de-formation\/\",\"url\":\"https:\/\/www.salvaterra.fr\/fr\/references\/renforcement-des-capacites-sur-ladaptation-au-cc-des-ministeres-et-des-instituts-de-formation\/\",\"name\":\"Renforcement des capacit\u00e9s sur l'adaptation au CC des Minist\u00e8res et des instituts de formation - SalvaTerra, Bureau d\u2019\u00e9tudes en environnement, for\u00eat, agriculture et d\u00e9veloppement rural\",\"isPartOf\":{\"@id\":\"https:\/\/www.salvaterra.fr\/fr\/#website\"},\"datePublished\":\"2022-01-27T11:26:27+00:00\",\"dateModified\":\"2024-12-09T15:12:52+00:00\",\"description\":\"Renforcement des capacit\u00e9s sur l'adaptation au CC des Minist\u00e8res et des instituts de formation : Identification des besoins en renforcement de capacit\u00e9s des Minist\u00e8res et des instituts de formation et de recherche ; D\u00e9veloppement de modules de formation adapt\u00e9s \u00e0 ces diff\u00e9rents acteurs (historique du CC ; projections \u00e0 l\u2019\u00e9chelle globale et nationale ; concepts et outils pour les analyses de vuln\u00e9rabilit\u00e9 au CC ; \u00e9valuation co\u00fbt\/b\u00e9n\u00e9fices des options d'adaptation ; planification participatives de l'adaptation ; S&E de l'adaptation ; etc.\",\"breadcrumb\":{\"@id\":\"https:\/\/www.salvaterra.fr\/fr\/references\/renforcement-des-capacites-sur-ladaptation-au-cc-des-ministeres-et-des-instituts-de-formation\/#breadcrumb\"},\"inLanguage\":\"fr-FR\",\"potentialAction\":[{\"@type\":\"ReadAction\",\"target\":[\"https:\/\/www.salvaterra.fr\/fr\/references\/renforcement-des-capacites-sur-ladaptation-au-cc-des-ministeres-et-des-instituts-de-formation\/\"]}]},{\"@type\":\"BreadcrumbList\",\"@id\":\"https:\/\/www.salvaterra.fr\/fr\/references\/renforcement-des-capacites-sur-ladaptation-au-cc-des-ministeres-et-des-instituts-de-formation\/#breadcrumb\",\"itemListElement\":[{\"@type\":\"ListItem\",\"position\":1,\"name\":\"Accueil\",\"item\":\"https:\/\/www.salvaterra.fr\/fr\/\"},{\"@type\":\"ListItem\",\"position\":2,\"name\":\"R\u00e9f\u00e9rences\",\"item\":\"https:\/\/www.salvaterra.fr\/fr\/references\/\"},{\"@type\":\"ListItem\",\"position\":3,\"name\":\"Renforcement des capacit\u00e9s sur l&rsquo;adaptation au CC des Minist\u00e8res et des instituts de formation\"}]},{\"@type\":\"WebSite\",\"@id\":\"https:\/\/www.salvaterra.fr\/fr\/#website\",\"url\":\"https:\/\/www.salvaterra.fr\/fr\/\",\"name\":\"SalvaTerra, Bureau d\u2019\u00e9tudes en environnement, for\u00eat, agriculture et d\u00e9veloppement rural\",\"description\":\"\",\"potentialAction\":[{\"@type\":\"SearchAction\",\"target\":{\"@type\":\"EntryPoint\",\"urlTemplate\":\"https:\/\/www.salvaterra.fr\/fr\/?s={search_term_string}\"},\"query-input\":\"required name=search_term_string\"}],\"inLanguage\":\"fr-FR\"}]}<\/script>\n<!-- \/ Yoast SEO plugin. -->","yoast_head_json":{"title":"Renforcement des capacit\u00e9s sur l'adaptation au CC des Minist\u00e8res et des instituts de formation - SalvaTerra, Bureau d\u2019\u00e9tudes en environnement, for\u00eat, agriculture et d\u00e9veloppement rural","description":"Renforcement des capacit\u00e9s sur l'adaptation au CC des Minist\u00e8res et des instituts de formation : Identification des besoins en renforcement de capacit\u00e9s des Minist\u00e8res et des instituts de formation et de recherche ; D\u00e9veloppement de modules de formation adapt\u00e9s \u00e0 ces diff\u00e9rents acteurs (historique du CC ; projections \u00e0 l\u2019\u00e9chelle globale et nationale ; concepts et outils pour les analyses de vuln\u00e9rabilit\u00e9 au CC ; \u00e9valuation co\u00fbt\/b\u00e9n\u00e9fices des options d'adaptation ; planification participatives de l'adaptation ; S&E de l'adaptation ; etc.","robots":{"index":"index","follow":"follow","max-snippet":"max-snippet:-1","max-image-preview":"max-image-preview:large","max-video-preview":"max-video-preview:-1"},"canonical":"https:\/\/www.salvaterra.fr\/fr\/references\/renforcement-des-capacites-sur-ladaptation-au-cc-des-ministeres-et-des-instituts-de-formation\/","og_locale":"fr_FR","og_type":"article","og_title":"Renforcement des capacit\u00e9s sur l'adaptation au CC des Minist\u00e8res et des instituts de formation - SalvaTerra, Bureau d\u2019\u00e9tudes en environnement, for\u00eat, agriculture et d\u00e9veloppement rural","og_description":"Renforcement des capacit\u00e9s sur l'adaptation au CC des Minist\u00e8res et des instituts de formation : Identification des besoins en renforcement de capacit\u00e9s des Minist\u00e8res et des instituts de formation et de recherche ; D\u00e9veloppement de modules de formation adapt\u00e9s \u00e0 ces diff\u00e9rents acteurs (historique du CC ; projections \u00e0 l\u2019\u00e9chelle globale et nationale ; concepts et outils pour les analyses de vuln\u00e9rabilit\u00e9 au CC ; \u00e9valuation co\u00fbt\/b\u00e9n\u00e9fices des options d'adaptation ; planification participatives de l'adaptation ; S&E de l'adaptation ; etc.","og_url":"https:\/\/www.salvaterra.fr\/fr\/references\/renforcement-des-capacites-sur-ladaptation-au-cc-des-ministeres-et-des-instituts-de-formation\/","og_site_name":"SalvaTerra, Bureau d\u2019\u00e9tudes en environnement, for\u00eat, agriculture et d\u00e9veloppement rural","article_modified_time":"2024-12-09T15:12:52+00:00","og_image":[{"width":880,"height":660,"url":"https:\/\/www.salvaterra.fr\/wp-content\/uploads\/2021\/07\/screenshot.png","type":"image\/png"}],"twitter_card":"summary_large_image","schema":{"@context":"https:\/\/schema.org","@graph":[{"@type":"WebPage","@id":"https:\/\/www.salvaterra.fr\/fr\/references\/renforcement-des-capacites-sur-ladaptation-au-cc-des-ministeres-et-des-instituts-de-formation\/","url":"https:\/\/www.salvaterra.fr\/fr\/references\/renforcement-des-capacites-sur-ladaptation-au-cc-des-ministeres-et-des-instituts-de-formation\/","name":"Renforcement des capacit\u00e9s sur l'adaptation au CC des Minist\u00e8res et des instituts de formation - SalvaTerra, Bureau d\u2019\u00e9tudes en environnement, for\u00eat, agriculture et d\u00e9veloppement rural","isPartOf":{"@id":"https:\/\/www.salvaterra.fr\/fr\/#website"},"datePublished":"2022-01-27T11:26:27+00:00","dateModified":"2024-12-09T15:12:52+00:00","description":"Renforcement des capacit\u00e9s sur l'adaptation au CC des Minist\u00e8res et des instituts de formation : Identification des besoins en renforcement de capacit\u00e9s des Minist\u00e8res et des instituts de formation et de recherche ; D\u00e9veloppement de modules de formation adapt\u00e9s \u00e0 ces diff\u00e9rents acteurs (historique du CC ; projections \u00e0 l\u2019\u00e9chelle globale et nationale ; concepts et outils pour les analyses de vuln\u00e9rabilit\u00e9 au CC ; \u00e9valuation co\u00fbt\/b\u00e9n\u00e9fices des options d'adaptation ; planification participatives de l'adaptation ; S&E de l'adaptation ; etc.","breadcrumb":{"@id":"https:\/\/www.salvaterra.fr\/fr\/references\/renforcement-des-capacites-sur-ladaptation-au-cc-des-ministeres-et-des-instituts-de-formation\/#breadcrumb"},"inLanguage":"fr-FR","potentialAction":[{"@type":"ReadAction","target":["https:\/\/www.salvaterra.fr\/fr\/references\/renforcement-des-capacites-sur-ladaptation-au-cc-des-ministeres-et-des-instituts-de-formation\/"]}]},{"@type":"BreadcrumbList","@id":"https:\/\/www.salvaterra.fr\/fr\/references\/renforcement-des-capacites-sur-ladaptation-au-cc-des-ministeres-et-des-instituts-de-formation\/#breadcrumb","itemListElement":[{"@type":"ListItem","position":1,"name":"Accueil","item":"https:\/\/www.salvaterra.fr\/fr\/"},{"@type":"ListItem","position":2,"name":"R\u00e9f\u00e9rences","item":"https:\/\/www.salvaterra.fr\/fr\/references\/"},{"@type":"ListItem","position":3,"name":"Renforcement des capacit\u00e9s sur l&rsquo;adaptation au CC des Minist\u00e8res et des instituts de formation"}]},{"@type":"WebSite","@id":"https:\/\/www.salvaterra.fr\/fr\/#website","url":"https:\/\/www.salvaterra.fr\/fr\/","name":"SalvaTerra, Bureau d\u2019\u00e9tudes en environnement, for\u00eat, agriculture et d\u00e9veloppement rural","description":"","potentialAction":[{"@type":"SearchAction","target":{"@type":"EntryPoint","urlTemplate":"https:\/\/www.salvaterra.fr\/fr\/?s={search_term_string}"},"query-input":"required name=search_term_string"}],"inLanguage":"fr-FR"}]}},"pays":[173],"_links":{"self":[{"href":"https:\/\/www.salvaterra.fr\/fr\/wp-json\/wp\/v2\/references\/5487"}],"collection":[{"href":"https:\/\/www.salvaterra.fr\/fr\/wp-json\/wp\/v2\/references"}],"about":[{"href":"https:\/\/www.salvaterra.fr\/fr\/wp-json\/wp\/v2\/types\/references"}],"wp:attachment":[{"href":"https:\/\/www.salvaterra.fr\/fr\/wp-json\/wp\/v2\/media?parent=5487"}],"curies":[{"name":"wp","href":"https:\/\/api.w.org\/{rel}","templated":true}]}}

Renforcement des capacités sur l&rsquo;adaptation au CC des Ministères et des instituts de formation

<!-- This site is optimized with the Yoast SEO plugin v22.4 - https://yoast.com/wordpress/plugins/seo/ -->
<title>Renforcement des capacités sur l&#039;adaptation au CC des Ministères et des instituts de formation - SalvaTerra, Bureau d’études en environnement, forêt, agriculture et développement rural</title>
<meta name="description" content="Renforcement des capacités sur l&#039;adaptation au CC des Ministères et des instituts de formation : Identification des besoins en renforcement de capacités des Ministères et des instituts de formation et de recherche ; Développement de modules de formation adaptés à ces différents acteurs (historique du CC ; projections à l’échelle globale et nationale ; concepts et outils pour les analyses de vulnérabilité au CC ; évaluation coût/bénéfices des options d&#039;adaptation ; planification participatives de l&#039;adaptation ; S&amp;E de l&#039;adaptation ; etc." />
<meta name="robots" content="index, follow, max-snippet:-1, max-image-preview:large, max-video-preview:-1" />
<link rel="canonical" href="https://www.salvaterra.fr/fr/references/renforcement-des-capacites-sur-ladaptation-au-cc-des-ministeres-et-des-instituts-de-formation/" />
<meta property="og:locale" content="fr_FR" />
<meta property="og:type" content="article" />
<meta property="og:title" content="Renforcement des capacités sur l&#039;adaptation au CC des Ministères et des instituts de formation - SalvaTerra, Bureau d’études en environnement, forêt, agriculture et développement rural" />
<meta property="og:description" content="Renforcement des capacités sur l&#039;adaptation au CC des Ministères et des instituts de formation : Identification des besoins en renforcement de capacités des Ministères et des instituts de formation et de recherche ; Développement de modules de formation adaptés à ces différents acteurs (historique du CC ; projections à l’échelle globale et nationale ; concepts et outils pour les analyses de vulnérabilité au CC ; évaluation coût/bénéfices des options d&#039;adaptation ; planification participatives de l&#039;adaptation ; S&amp;E de l&#039;adaptation ; etc." />
<meta property="og:url" content="https://www.salvaterra.fr/fr/references/renforcement-des-capacites-sur-ladaptation-au-cc-des-ministeres-et-des-instituts-de-formation/" />
<meta property="og:site_name" content="SalvaTerra, Bureau d’études en environnement, forêt, agriculture et développement rural" />
<meta property="article:modified_time" content="2024-12-09T15:12:52+00:00" />
<meta property="og:image" content="https://www.salvaterra.fr/wp-content/uploads/2021/07/screenshot.png" />
	<meta property="og:image:width" content="880" />
	<meta property="og:image:height" content="660" />
	<meta property="og:image:type" content="image/png" />
<meta name="twitter:card" content="summary_large_image" />
<script type="application/ld+json" class="yoast-schema-graph">{"@context":"https://schema.org","@graph":[{"@type":"WebPage","@id":"https://www.salvaterra.fr/fr/references/renforcement-des-capacites-sur-ladaptation-au-cc-des-ministeres-et-des-instituts-de-formation/","url":"https://www.salvaterra.fr/fr/references/renforcement-des-capacites-sur-ladaptation-au-cc-des-ministeres-et-des-instituts-de-formation/","name":"Renforcement des capacités sur l'adaptation au CC des Ministères et des instituts de formation - SalvaTerra, Bureau d’études en environnement, forêt, agriculture et développement rural","isPartOf":{"@id":"https://www.salvaterra.fr/fr/#website"},"datePublished":"2022-01-27T11:26:27+00:00","dateModified":"2024-12-09T15:12:52+00:00","description":"Renforcement des capacités sur l'adaptation au CC des Ministères et des instituts de formation : Identification des besoins en renforcement de capacités des Ministères et des instituts de formation et de recherche ; Développement de modules de formation adaptés à ces différents acteurs (historique du CC ; projections à l’échelle globale et nationale ; concepts et outils pour les analyses de vulnérabilité au CC ; évaluation coût/bénéfices des options d'adaptation ; planification participatives de l'adaptation ; S&E de l'adaptation ; etc.","breadcrumb":{"@id":"https://www.salvaterra.fr/fr/references/renforcement-des-capacites-sur-ladaptation-au-cc-des-ministeres-et-des-instituts-de-formation/#breadcrumb"},"inLanguage":"fr-FR","potentialAction":[{"@type":"ReadAction","target":["https://www.salvaterra.fr/fr/references/renforcement-des-capacites-sur-ladaptation-au-cc-des-ministeres-et-des-instituts-de-formation/"]}]},{"@type":"BreadcrumbList","@id":"https://www.salvaterra.fr/fr/references/renforcement-des-capacites-sur-ladaptation-au-cc-des-ministeres-et-des-instituts-de-formation/#breadcrumb","itemListElement":[{"@type":"ListItem","position":1,"name":"Accueil","item":"https://www.salvaterra.fr/fr/"},{"@type":"ListItem","position":2,"name":"Références","item":"https://www.salvaterra.fr/fr/references/"},{"@type":"ListItem","position":3,"name":"Renforcement des capacités sur l&rsquo;adaptation au CC des Ministères et des instituts de formation"}]},{"@type":"WebSite","@id":"https://www.salvaterra.fr/fr/#website","url":"https://www.salvaterra.fr/fr/","name":"SalvaTerra, Bureau d’études en environnement, forêt, agriculture et développement rural","description":"","potentialAction":[{"@type":"SearchAction","target":{"@type":"EntryPoint","urlTemplate":"https://www.salvaterra.fr/fr/?s={search_term_string}"},"query-input":"required name=search_term_string"}],"inLanguage":"fr-FR"}]}</script>
<!-- / Yoast SEO plugin. -->

Renforcement des capacités sur l'adaptation au CC des Ministères et des instituts de formation - SalvaTerra, Bureau d’études en environnement, forêt, agriculture et développement rural

Renforcement des capacités sur l'adaptation au CC des Ministères et des instituts de formation : Identification des besoins en renforcement de capacités des Ministères et des instituts de formation et de recherche ; Développement de modules de formation adaptés à ces différents acteurs (historique du CC ; projections à l’échelle globale et nationale ; concepts et outils pour les analyses de vulnérabilité au CC ; évaluation coût/bénéfices des options d'adaptation ; planification participatives de l'adaptation ; S&E de l'adaptation ; etc.

SalvaTerra, Bureau d’études en environnement, forêt, agriculture et développement rural

Références
