{"id":5281,"date":"2021-12-17T17:16:41","date_gmt":"2021-12-17T16:16:41","guid":{"rendered":"https:\/\/www.salvaterra.fr\/?post_type=references&#038;p=5281"},"modified":"2024-12-09T16:18:31","modified_gmt":"2024-12-09T15:18:31","slug":"retex-sur-la-contribution-de-france-bois-foret-a-latteinte-des-odd-2030","status":"publish","type":"references","link":"https:\/\/www.salvaterra.fr\/fr\/references\/retex-sur-la-contribution-de-france-bois-foret-a-latteinte-des-odd-2030\/","title":{"rendered":"RETEX sur la contribution de France Bois For\u00eat \u00e0 l&rsquo;atteinte des ODD 2030"},"template":"","acf":[],"yoast_head":"<!-- This site is optimized with the Yoast SEO plugin v22.4 - https:\/\/yoast.com\/wordpress\/plugins\/seo\/ -->\n<title>RETEX sur la contribution de France Bois For\u00eat \u00e0 l&#039;atteinte des ODD 2030 - SalvaTerra, Bureau d\u2019\u00e9tudes en environnement, for\u00eat, agriculture et d\u00e9veloppement rural<\/title>\n<meta name=\"description\" content=\"Retour d&#039;exp\u00e9rience sur la contribution de France Bois For\u00eat (FBF) \u00e0 l&#039;atteinte des Objectifs et Enjeux de d\u00e9veloppement durable (ODD \/ EDD) : \u00c9valuation quantitative de l\u2019alignement des 321 programmes de la p\u00e9riode 2019-2022 avec les ODD et EDD ; \u00c9valuation qualitative d\u00e9taill\u00e9e de l\u2019alignement de trois programmes phares avec les ODD et EDD ; Recommandations pour la poursuite de la prise en compte des ODD et EDD par FBF ; R\u00e9daction d\u2019un rapport d\u2019\u00e9tude technique et d\u2019une synth\u00e8se grand public.\" \/>\n<meta name=\"robots\" content=\"index, follow, max-snippet:-1, max-image-preview:large, max-video-preview:-1\" \/>\n<link rel=\"canonical\" href=\"https:\/\/www.salvaterra.fr\/fr\/references\/retex-sur-la-contribution-de-france-bois-foret-a-latteinte-des-odd-2030\/\" \/>\n<meta property=\"og:locale\" content=\"fr_FR\" \/>\n<meta property=\"og:type\" content=\"article\" \/>\n<meta property=\"og:title\" content=\"RETEX sur la contribution de France Bois For\u00eat \u00e0 l&#039;atteinte des ODD 2030 - SalvaTerra, Bureau d\u2019\u00e9tudes en environnement, for\u00eat, agriculture et d\u00e9veloppement rural\" \/>\n<meta property=\"og:description\" content=\"Retour d&#039;exp\u00e9rience sur la contribution de France Bois For\u00eat (FBF) \u00e0 l&#039;atteinte des Objectifs et Enjeux de d\u00e9veloppement durable (ODD \/ EDD) : \u00c9valuation quantitative de l\u2019alignement des 321 programmes de la p\u00e9riode 2019-2022 avec les ODD et EDD ; \u00c9valuation qualitative d\u00e9taill\u00e9e de l\u2019alignement de trois programmes phares avec les ODD et EDD ; Recommandations pour la poursuite de la prise en compte des ODD et EDD par FBF ; R\u00e9daction d\u2019un rapport d\u2019\u00e9tude technique et d\u2019une synth\u00e8se grand public.\" \/>\n<meta property=\"og:url\" content=\"https:\/\/www.salvaterra.fr\/fr\/references\/retex-sur-la-contribution-de-france-bois-foret-a-latteinte-des-odd-2030\/\" \/>\n<meta property=\"og:site_name\" content=\"SalvaTerra, Bureau d\u2019\u00e9tudes en environnement, for\u00eat, agriculture et d\u00e9veloppement rural\" \/>\n<meta property=\"article:modified_time\" content=\"2024-12-09T15:18:31+00:00\" \/>\n<meta property=\"og:image\" content=\"https:\/\/www.salvaterra.fr\/wp-content\/uploads\/2021\/07\/screenshot.png\" \/>\n\t<meta property=\"og:image:width\" content=\"880\" \/>\n\t<meta property=\"og:image:height\" content=\"660\" \/>\n\t<meta property=\"og:image:type\" content=\"image\/png\" \/>\n<meta name=\"twitter:card\" content=\"summary_large_image\" \/>\n<script type=\"application\/ld+json\" class=\"yoast-schema-graph\">{\"@context\":\"https:\/\/schema.org\",\"@graph\":[{\"@type\":\"WebPage\",\"@id\":\"https:\/\/www.salvaterra.fr\/fr\/references\/retex-sur-la-contribution-de-france-bois-foret-a-latteinte-des-odd-2030\/\",\"url\":\"https:\/\/www.salvaterra.fr\/fr\/references\/retex-sur-la-contribution-de-france-bois-foret-a-latteinte-des-odd-2030\/\",\"name\":\"RETEX sur la contribution de France Bois For\u00eat \u00e0 l'atteinte des ODD 2030 - SalvaTerra, Bureau d\u2019\u00e9tudes en environnement, for\u00eat, agriculture et d\u00e9veloppement rural\",\"isPartOf\":{\"@id\":\"https:\/\/www.salvaterra.fr\/fr\/#website\"},\"datePublished\":\"2021-12-17T16:16:41+00:00\",\"dateModified\":\"2024-12-09T15:18:31+00:00\",\"description\":\"Retour d'exp\u00e9rience sur la contribution de France Bois For\u00eat (FBF) \u00e0 l'atteinte des Objectifs et Enjeux de d\u00e9veloppement durable (ODD \/ EDD) : \u00c9valuation quantitative de l\u2019alignement des 321 programmes de la p\u00e9riode 2019-2022 avec les ODD et EDD ; \u00c9valuation qualitative d\u00e9taill\u00e9e de l\u2019alignement de trois programmes phares avec les ODD et EDD ; Recommandations pour la poursuite de la prise en compte des ODD et EDD par FBF ; R\u00e9daction d\u2019un rapport d\u2019\u00e9tude technique et d\u2019une synth\u00e8se grand public.\",\"breadcrumb\":{\"@id\":\"https:\/\/www.salvaterra.fr\/fr\/references\/retex-sur-la-contribution-de-france-bois-foret-a-latteinte-des-odd-2030\/#breadcrumb\"},\"inLanguage\":\"fr-FR\",\"potentialAction\":[{\"@type\":\"ReadAction\",\"target\":[\"https:\/\/www.salvaterra.fr\/fr\/references\/retex-sur-la-contribution-de-france-bois-foret-a-latteinte-des-odd-2030\/\"]}]},{\"@type\":\"BreadcrumbList\",\"@id\":\"https:\/\/www.salvaterra.fr\/fr\/references\/retex-sur-la-contribution-de-france-bois-foret-a-latteinte-des-odd-2030\/#breadcrumb\",\"itemListElement\":[{\"@type\":\"ListItem\",\"position\":1,\"name\":\"Accueil\",\"item\":\"https:\/\/www.salvaterra.fr\/fr\/\"},{\"@type\":\"ListItem\",\"position\":2,\"name\":\"R\u00e9f\u00e9rences\",\"item\":\"https:\/\/www.salvaterra.fr\/fr\/references\/\"},{\"@type\":\"ListItem\",\"position\":3,\"name\":\"RETEX sur la contribution de France Bois For\u00eat \u00e0 l&rsquo;atteinte des ODD 2030\"}]},{\"@type\":\"WebSite\",\"@id\":\"https:\/\/www.salvaterra.fr\/fr\/#website\",\"url\":\"https:\/\/www.salvaterra.fr\/fr\/\",\"name\":\"SalvaTerra, Bureau d\u2019\u00e9tudes en environnement, for\u00eat, agriculture et d\u00e9veloppement rural\",\"description\":\"\",\"potentialAction\":[{\"@type\":\"SearchAction\",\"target\":{\"@type\":\"EntryPoint\",\"urlTemplate\":\"https:\/\/www.salvaterra.fr\/fr\/?s={search_term_string}\"},\"query-input\":\"required name=search_term_string\"}],\"inLanguage\":\"fr-FR\"}]}<\/script>\n<!-- \/ Yoast SEO plugin. -->","yoast_head_json":{"title":"RETEX sur la contribution de France Bois For\u00eat \u00e0 l'atteinte des ODD 2030 - SalvaTerra, Bureau d\u2019\u00e9tudes en environnement, for\u00eat, agriculture et d\u00e9veloppement rural","description":"Retour d'exp\u00e9rience sur la contribution de France Bois For\u00eat (FBF) \u00e0 l'atteinte des Objectifs et Enjeux de d\u00e9veloppement durable (ODD \/ EDD) : \u00c9valuation quantitative de l\u2019alignement des 321 programmes de la p\u00e9riode 2019-2022 avec les ODD et EDD ; \u00c9valuation qualitative d\u00e9taill\u00e9e de l\u2019alignement de trois programmes phares avec les ODD et EDD ; Recommandations pour la poursuite de la prise en compte des ODD et EDD par FBF ; R\u00e9daction d\u2019un rapport d\u2019\u00e9tude technique et d\u2019une synth\u00e8se grand public.","robots":{"index":"index","follow":"follow","max-snippet":"max-snippet:-1","max-image-preview":"max-image-preview:large","max-video-preview":"max-video-preview:-1"},"canonical":"https:\/\/www.salvaterra.fr\/fr\/references\/retex-sur-la-contribution-de-france-bois-foret-a-latteinte-des-odd-2030\/","og_locale":"fr_FR","og_type":"article","og_title":"RETEX sur la contribution de France Bois For\u00eat \u00e0 l'atteinte des ODD 2030 - SalvaTerra, Bureau d\u2019\u00e9tudes en environnement, for\u00eat, agriculture et d\u00e9veloppement rural","og_description":"Retour d'exp\u00e9rience sur la contribution de France Bois For\u00eat (FBF) \u00e0 l'atteinte des Objectifs et Enjeux de d\u00e9veloppement durable (ODD \/ EDD) : \u00c9valuation quantitative de l\u2019alignement des 321 programmes de la p\u00e9riode 2019-2022 avec les ODD et EDD ; \u00c9valuation qualitative d\u00e9taill\u00e9e de l\u2019alignement de trois programmes phares avec les ODD et EDD ; Recommandations pour la poursuite de la prise en compte des ODD et EDD par FBF ; R\u00e9daction d\u2019un rapport d\u2019\u00e9tude technique et d\u2019une synth\u00e8se grand public.","og_url":"https:\/\/www.salvaterra.fr\/fr\/references\/retex-sur-la-contribution-de-france-bois-foret-a-latteinte-des-odd-2030\/","og_site_name":"SalvaTerra, Bureau d\u2019\u00e9tudes en environnement, for\u00eat, agriculture et d\u00e9veloppement rural","article_modified_time":"2024-12-09T15:18:31+00:00","og_image":[{"width":880,"height":660,"url":"https:\/\/www.salvaterra.fr\/wp-content\/uploads\/2021\/07\/screenshot.png","type":"image\/png"}],"twitter_card":"summary_large_image","schema":{"@context":"https:\/\/schema.org","@graph":[{"@type":"WebPage","@id":"https:\/\/www.salvaterra.fr\/fr\/references\/retex-sur-la-contribution-de-france-bois-foret-a-latteinte-des-odd-2030\/","url":"https:\/\/www.salvaterra.fr\/fr\/references\/retex-sur-la-contribution-de-france-bois-foret-a-latteinte-des-odd-2030\/","name":"RETEX sur la contribution de France Bois For\u00eat \u00e0 l'atteinte des ODD 2030 - SalvaTerra, Bureau d\u2019\u00e9tudes en environnement, for\u00eat, agriculture et d\u00e9veloppement rural","isPartOf":{"@id":"https:\/\/www.salvaterra.fr\/fr\/#website"},"datePublished":"2021-12-17T16:16:41+00:00","dateModified":"2024-12-09T15:18:31+00:00","description":"Retour d'exp\u00e9rience sur la contribution de France Bois For\u00eat (FBF) \u00e0 l'atteinte des Objectifs et Enjeux de d\u00e9veloppement durable (ODD \/ EDD) : \u00c9valuation quantitative de l\u2019alignement des 321 programmes de la p\u00e9riode 2019-2022 avec les ODD et EDD ; \u00c9valuation qualitative d\u00e9taill\u00e9e de l\u2019alignement de trois programmes phares avec les ODD et EDD ; Recommandations pour la poursuite de la prise en compte des ODD et EDD par FBF ; R\u00e9daction d\u2019un rapport d\u2019\u00e9tude technique et d\u2019une synth\u00e8se grand public.","breadcrumb":{"@id":"https:\/\/www.salvaterra.fr\/fr\/references\/retex-sur-la-contribution-de-france-bois-foret-a-latteinte-des-odd-2030\/#breadcrumb"},"inLanguage":"fr-FR","potentialAction":[{"@type":"ReadAction","target":["https:\/\/www.salvaterra.fr\/fr\/references\/retex-sur-la-contribution-de-france-bois-foret-a-latteinte-des-odd-2030\/"]}]},{"@type":"BreadcrumbList","@id":"https:\/\/www.salvaterra.fr\/fr\/references\/retex-sur-la-contribution-de-france-bois-foret-a-latteinte-des-odd-2030\/#breadcrumb","itemListElement":[{"@type":"ListItem","position":1,"name":"Accueil","item":"https:\/\/www.salvaterra.fr\/fr\/"},{"@type":"ListItem","position":2,"name":"R\u00e9f\u00e9rences","item":"https:\/\/www.salvaterra.fr\/fr\/references\/"},{"@type":"ListItem","position":3,"name":"RETEX sur la contribution de France Bois For\u00eat \u00e0 l&rsquo;atteinte des ODD 2030"}]},{"@type":"WebSite","@id":"https:\/\/www.salvaterra.fr\/fr\/#website","url":"https:\/\/www.salvaterra.fr\/fr\/","name":"SalvaTerra, Bureau d\u2019\u00e9tudes en environnement, for\u00eat, agriculture et d\u00e9veloppement rural","description":"","potentialAction":[{"@type":"SearchAction","target":{"@type":"EntryPoint","urlTemplate":"https:\/\/www.salvaterra.fr\/fr\/?s={search_term_string}"},"query-input":"required name=search_term_string"}],"inLanguage":"fr-FR"}]}},"pays":[89],"_links":{"self":[{"href":"https:\/\/www.salvaterra.fr\/fr\/wp-json\/wp\/v2\/references\/5281"}],"collection":[{"href":"https:\/\/www.salvaterra.fr\/fr\/wp-json\/wp\/v2\/references"}],"about":[{"href":"https:\/\/www.salvaterra.fr\/fr\/wp-json\/wp\/v2\/types\/references"}],"wp:attachment":[{"href":"https:\/\/www.salvaterra.fr\/fr\/wp-json\/wp\/v2\/media?parent=5281"}],"curies":[{"name":"wp","href":"https:\/\/api.w.org\/{rel}","templated":true}]}}

RETEX sur la contribution de France Bois Forêt à l&rsquo;atteinte des ODD 2030

<!-- This site is optimized with the Yoast SEO plugin v22.4 - https://yoast.com/wordpress/plugins/seo/ -->
<title>RETEX sur la contribution de France Bois Forêt à l&#039;atteinte des ODD 2030 - SalvaTerra, Bureau d’études en environnement, forêt, agriculture et développement rural</title>
<meta name="description" content="Retour d&#039;expérience sur la contribution de France Bois Forêt (FBF) à l&#039;atteinte des Objectifs et Enjeux de développement durable (ODD / EDD) : Évaluation quantitative de l’alignement des 321 programmes de la période 2019-2022 avec les ODD et EDD ; Évaluation qualitative détaillée de l’alignement de trois programmes phares avec les ODD et EDD ; Recommandations pour la poursuite de la prise en compte des ODD et EDD par FBF ; Rédaction d’un rapport d’étude technique et d’une synthèse grand public." />
<meta name="robots" content="index, follow, max-snippet:-1, max-image-preview:large, max-video-preview:-1" />
<link rel="canonical" href="https://www.salvaterra.fr/fr/references/retex-sur-la-contribution-de-france-bois-foret-a-latteinte-des-odd-2030/" />
<meta property="og:locale" content="fr_FR" />
<meta property="og:type" content="article" />
<meta property="og:title" content="RETEX sur la contribution de France Bois Forêt à l&#039;atteinte des ODD 2030 - SalvaTerra, Bureau d’études en environnement, forêt, agriculture et développement rural" />
<meta property="og:description" content="Retour d&#039;expérience sur la contribution de France Bois Forêt (FBF) à l&#039;atteinte des Objectifs et Enjeux de développement durable (ODD / EDD) : Évaluation quantitative de l’alignement des 321 programmes de la période 2019-2022 avec les ODD et EDD ; Évaluation qualitative détaillée de l’alignement de trois programmes phares avec les ODD et EDD ; Recommandations pour la poursuite de la prise en compte des ODD et EDD par FBF ; Rédaction d’un rapport d’étude technique et d’une synthèse grand public." />
<meta property="og:url" content="https://www.salvaterra.fr/fr/references/retex-sur-la-contribution-de-france-bois-foret-a-latteinte-des-odd-2030/" />
<meta property="og:site_name" content="SalvaTerra, Bureau d’études en environnement, forêt, agriculture et développement rural" />
<meta property="article:modified_time" content="2024-12-09T15:18:31+00:00" />
<meta property="og:image" content="https://www.salvaterra.fr/wp-content/uploads/2021/07/screenshot.png" />
	<meta property="og:image:width" content="880" />
	<meta property="og:image:height" content="660" />
	<meta property="og:image:type" content="image/png" />
<meta name="twitter:card" content="summary_large_image" />
<script type="application/ld+json" class="yoast-schema-graph">{"@context":"https://schema.org","@graph":[{"@type":"WebPage","@id":"https://www.salvaterra.fr/fr/references/retex-sur-la-contribution-de-france-bois-foret-a-latteinte-des-odd-2030/","url":"https://www.salvaterra.fr/fr/references/retex-sur-la-contribution-de-france-bois-foret-a-latteinte-des-odd-2030/","name":"RETEX sur la contribution de France Bois Forêt à l'atteinte des ODD 2030 - SalvaTerra, Bureau d’études en environnement, forêt, agriculture et développement rural","isPartOf":{"@id":"https://www.salvaterra.fr/fr/#website"},"datePublished":"2021-12-17T16:16:41+00:00","dateModified":"2024-12-09T15:18:31+00:00","description":"Retour d'expérience sur la contribution de France Bois Forêt (FBF) à l'atteinte des Objectifs et Enjeux de développement durable (ODD / EDD) : Évaluation quantitative de l’alignement des 321 programmes de la période 2019-2022 avec les ODD et EDD ; Évaluation qualitative détaillée de l’alignement de trois programmes phares avec les ODD et EDD ; Recommandations pour la poursuite de la prise en compte des ODD et EDD par FBF ; Rédaction d’un rapport d’étude technique et d’une synthèse grand public.","breadcrumb":{"@id":"https://www.salvaterra.fr/fr/references/retex-sur-la-contribution-de-france-bois-foret-a-latteinte-des-odd-2030/#breadcrumb"},"inLanguage":"fr-FR","potentialAction":[{"@type":"ReadAction","target":["https://www.salvaterra.fr/fr/references/retex-sur-la-contribution-de-france-bois-foret-a-latteinte-des-odd-2030/"]}]},{"@type":"BreadcrumbList","@id":"https://www.salvaterra.fr/fr/references/retex-sur-la-contribution-de-france-bois-foret-a-latteinte-des-odd-2030/#breadcrumb","itemListElement":[{"@type":"ListItem","position":1,"name":"Accueil","item":"https://www.salvaterra.fr/fr/"},{"@type":"ListItem","position":2,"name":"Références","item":"https://www.salvaterra.fr/fr/references/"},{"@type":"ListItem","position":3,"name":"RETEX sur la contribution de France Bois Forêt à l&rsquo;atteinte des ODD 2030"}]},{"@type":"WebSite","@id":"https://www.salvaterra.fr/fr/#website","url":"https://www.salvaterra.fr/fr/","name":"SalvaTerra, Bureau d’études en environnement, forêt, agriculture et développement rural","description":"","potentialAction":[{"@type":"SearchAction","target":{"@type":"EntryPoint","urlTemplate":"https://www.salvaterra.fr/fr/?s={search_term_string}"},"query-input":"required name=search_term_string"}],"inLanguage":"fr-FR"}]}</script>
<!-- / Yoast SEO plugin. -->

RETEX sur la contribution de France Bois Forêt à l'atteinte des ODD 2030 - SalvaTerra, Bureau d’études en environnement, forêt, agriculture et développement rural

Retour d'expérience sur la contribution de France Bois Forêt (FBF) à l'atteinte des Objectifs et Enjeux de développement durable (ODD / EDD) : Évaluation quantitative de l’alignement des 321 programmes de la période 2019-2022 avec les ODD et EDD ; Évaluation qualitative détaillée de l’alignement de trois programmes phares avec les ODD et EDD ; Recommandations pour la poursuite de la prise en compte des ODD et EDD par FBF ; Rédaction d’un rapport d’étude technique et d’une synthèse grand public.

SalvaTerra, Bureau d’études en environnement, forêt, agriculture et développement rural

Références
