{"id":3188,"date":"2022-04-11T18:06:55","date_gmt":"2022-04-11T16:06:55","guid":{"rendered":"https:\/\/www.salvaterra.fr\/?post_type=references&#038;p=3188"},"modified":"2025-03-31T11:33:17","modified_gmt":"2025-03-31T09:33:17","slug":"evaluation-mi-parcours-du-projet-dappui-a-la-grande-muraille-verte-au-sahara-et-au-sahel","status":"publish","type":"references","link":"https:\/\/www.salvaterra.fr\/fr\/references\/evaluation-mi-parcours-du-projet-dappui-a-la-grande-muraille-verte-au-sahara-et-au-sahel\/","title":{"rendered":"\u00c9valuation mi-parcours du projet d&rsquo;appui \u00e0 la Grande muraille verte au Sahara et au Sahel"},"template":"","acf":[],"yoast_head":"<!-- This site is optimized with the Yoast SEO plugin v22.4 - https:\/\/yoast.com\/wordpress\/plugins\/seo\/ -->\n<title>\u00c9valuation mi-parcours du projet d&#039;appui \u00e0 la Grande muraille verte au Sahara et au Sahel - SalvaTerra, Bureau d\u2019\u00e9tudes en environnement, for\u00eat, agriculture et d\u00e9veloppement rural<\/title>\n<meta name=\"description\" content=\"\u00c9valuation mi-parcours du Programme de renforcement des capacit\u00e9s 2\u00e8me phase (PRC2) pour l\u2019Initiative de la Grande Muraille Verte pour le Sahara et le Sahel (IGMVSS) : \u00c9valuation de la conception du projet, de son dispositif de pilotage et de mise en \u0153uvre ; \u00c9valuation de ses activit\u00e9s et r\u00e9sultats (Coordination, Capitalisation\/diffusion, Formation, Exp\u00e9rimentation) ; Recommandations pour la fin de la 2\u00e8me phase et dans l\u2019optique d\u2019une possible 3\u00e8me phase.\" \/>\n<meta name=\"robots\" content=\"index, follow, max-snippet:-1, max-image-preview:large, max-video-preview:-1\" \/>\n<link rel=\"canonical\" href=\"https:\/\/www.salvaterra.fr\/fr\/references\/evaluation-mi-parcours-du-projet-dappui-a-la-grande-muraille-verte-au-sahara-et-au-sahel\/\" \/>\n<meta property=\"og:locale\" content=\"fr_FR\" \/>\n<meta property=\"og:type\" content=\"article\" \/>\n<meta property=\"og:title\" content=\"\u00c9valuation mi-parcours du projet d&#039;appui \u00e0 la Grande muraille verte au Sahara et au Sahel - SalvaTerra, Bureau d\u2019\u00e9tudes en environnement, for\u00eat, agriculture et d\u00e9veloppement rural\" \/>\n<meta property=\"og:description\" content=\"\u00c9valuation mi-parcours du Programme de renforcement des capacit\u00e9s 2\u00e8me phase (PRC2) pour l\u2019Initiative de la Grande Muraille Verte pour le Sahara et le Sahel (IGMVSS) : \u00c9valuation de la conception du projet, de son dispositif de pilotage et de mise en \u0153uvre ; \u00c9valuation de ses activit\u00e9s et r\u00e9sultats (Coordination, Capitalisation\/diffusion, Formation, Exp\u00e9rimentation) ; Recommandations pour la fin de la 2\u00e8me phase et dans l\u2019optique d\u2019une possible 3\u00e8me phase.\" \/>\n<meta property=\"og:url\" content=\"https:\/\/www.salvaterra.fr\/fr\/references\/evaluation-mi-parcours-du-projet-dappui-a-la-grande-muraille-verte-au-sahara-et-au-sahel\/\" \/>\n<meta property=\"og:site_name\" content=\"SalvaTerra, Bureau d\u2019\u00e9tudes en environnement, for\u00eat, agriculture et d\u00e9veloppement rural\" \/>\n<meta property=\"article:modified_time\" content=\"2025-03-31T09:33:17+00:00\" \/>\n<meta property=\"og:image\" content=\"https:\/\/www.salvaterra.fr\/wp-content\/uploads\/2021\/07\/screenshot.png\" \/>\n\t<meta property=\"og:image:width\" content=\"880\" \/>\n\t<meta property=\"og:image:height\" content=\"660\" \/>\n\t<meta property=\"og:image:type\" content=\"image\/png\" \/>\n<meta name=\"twitter:card\" content=\"summary_large_image\" \/>\n<script type=\"application\/ld+json\" class=\"yoast-schema-graph\">{\"@context\":\"https:\/\/schema.org\",\"@graph\":[{\"@type\":\"WebPage\",\"@id\":\"https:\/\/www.salvaterra.fr\/fr\/references\/evaluation-mi-parcours-du-projet-dappui-a-la-grande-muraille-verte-au-sahara-et-au-sahel\/\",\"url\":\"https:\/\/www.salvaterra.fr\/fr\/references\/evaluation-mi-parcours-du-projet-dappui-a-la-grande-muraille-verte-au-sahara-et-au-sahel\/\",\"name\":\"\u00c9valuation mi-parcours du projet d'appui \u00e0 la Grande muraille verte au Sahara et au Sahel - SalvaTerra, Bureau d\u2019\u00e9tudes en environnement, for\u00eat, agriculture et d\u00e9veloppement rural\",\"isPartOf\":{\"@id\":\"https:\/\/www.salvaterra.fr\/fr\/#website\"},\"datePublished\":\"2022-04-11T16:06:55+00:00\",\"dateModified\":\"2025-03-31T09:33:17+00:00\",\"description\":\"\u00c9valuation mi-parcours du Programme de renforcement des capacit\u00e9s 2\u00e8me phase (PRC2) pour l\u2019Initiative de la Grande Muraille Verte pour le Sahara et le Sahel (IGMVSS) : \u00c9valuation de la conception du projet, de son dispositif de pilotage et de mise en \u0153uvre ; \u00c9valuation de ses activit\u00e9s et r\u00e9sultats (Coordination, Capitalisation\/diffusion, Formation, Exp\u00e9rimentation) ; Recommandations pour la fin de la 2\u00e8me phase et dans l\u2019optique d\u2019une possible 3\u00e8me phase.\",\"breadcrumb\":{\"@id\":\"https:\/\/www.salvaterra.fr\/fr\/references\/evaluation-mi-parcours-du-projet-dappui-a-la-grande-muraille-verte-au-sahara-et-au-sahel\/#breadcrumb\"},\"inLanguage\":\"fr-FR\",\"potentialAction\":[{\"@type\":\"ReadAction\",\"target\":[\"https:\/\/www.salvaterra.fr\/fr\/references\/evaluation-mi-parcours-du-projet-dappui-a-la-grande-muraille-verte-au-sahara-et-au-sahel\/\"]}]},{\"@type\":\"BreadcrumbList\",\"@id\":\"https:\/\/www.salvaterra.fr\/fr\/references\/evaluation-mi-parcours-du-projet-dappui-a-la-grande-muraille-verte-au-sahara-et-au-sahel\/#breadcrumb\",\"itemListElement\":[{\"@type\":\"ListItem\",\"position\":1,\"name\":\"Accueil\",\"item\":\"https:\/\/www.salvaterra.fr\/fr\/\"},{\"@type\":\"ListItem\",\"position\":2,\"name\":\"R\u00e9f\u00e9rences\",\"item\":\"https:\/\/www.salvaterra.fr\/fr\/references\/\"},{\"@type\":\"ListItem\",\"position\":3,\"name\":\"\u00c9valuation mi-parcours du projet d&rsquo;appui \u00e0 la Grande muraille verte au Sahara et au Sahel\"}]},{\"@type\":\"WebSite\",\"@id\":\"https:\/\/www.salvaterra.fr\/fr\/#website\",\"url\":\"https:\/\/www.salvaterra.fr\/fr\/\",\"name\":\"SalvaTerra, Bureau d\u2019\u00e9tudes en environnement, for\u00eat, agriculture et d\u00e9veloppement rural\",\"description\":\"\",\"potentialAction\":[{\"@type\":\"SearchAction\",\"target\":{\"@type\":\"EntryPoint\",\"urlTemplate\":\"https:\/\/www.salvaterra.fr\/fr\/?s={search_term_string}\"},\"query-input\":\"required name=search_term_string\"}],\"inLanguage\":\"fr-FR\"}]}<\/script>\n<!-- \/ Yoast SEO plugin. -->","yoast_head_json":{"title":"\u00c9valuation mi-parcours du projet d'appui \u00e0 la Grande muraille verte au Sahara et au Sahel - SalvaTerra, Bureau d\u2019\u00e9tudes en environnement, for\u00eat, agriculture et d\u00e9veloppement rural","description":"\u00c9valuation mi-parcours du Programme de renforcement des capacit\u00e9s 2\u00e8me phase (PRC2) pour l\u2019Initiative de la Grande Muraille Verte pour le Sahara et le Sahel (IGMVSS) : \u00c9valuation de la conception du projet, de son dispositif de pilotage et de mise en \u0153uvre ; \u00c9valuation de ses activit\u00e9s et r\u00e9sultats (Coordination, Capitalisation\/diffusion, Formation, Exp\u00e9rimentation) ; Recommandations pour la fin de la 2\u00e8me phase et dans l\u2019optique d\u2019une possible 3\u00e8me phase.","robots":{"index":"index","follow":"follow","max-snippet":"max-snippet:-1","max-image-preview":"max-image-preview:large","max-video-preview":"max-video-preview:-1"},"canonical":"https:\/\/www.salvaterra.fr\/fr\/references\/evaluation-mi-parcours-du-projet-dappui-a-la-grande-muraille-verte-au-sahara-et-au-sahel\/","og_locale":"fr_FR","og_type":"article","og_title":"\u00c9valuation mi-parcours du projet d'appui \u00e0 la Grande muraille verte au Sahara et au Sahel - SalvaTerra, Bureau d\u2019\u00e9tudes en environnement, for\u00eat, agriculture et d\u00e9veloppement rural","og_description":"\u00c9valuation mi-parcours du Programme de renforcement des capacit\u00e9s 2\u00e8me phase (PRC2) pour l\u2019Initiative de la Grande Muraille Verte pour le Sahara et le Sahel (IGMVSS) : \u00c9valuation de la conception du projet, de son dispositif de pilotage et de mise en \u0153uvre ; \u00c9valuation de ses activit\u00e9s et r\u00e9sultats (Coordination, Capitalisation\/diffusion, Formation, Exp\u00e9rimentation) ; Recommandations pour la fin de la 2\u00e8me phase et dans l\u2019optique d\u2019une possible 3\u00e8me phase.","og_url":"https:\/\/www.salvaterra.fr\/fr\/references\/evaluation-mi-parcours-du-projet-dappui-a-la-grande-muraille-verte-au-sahara-et-au-sahel\/","og_site_name":"SalvaTerra, Bureau d\u2019\u00e9tudes en environnement, for\u00eat, agriculture et d\u00e9veloppement rural","article_modified_time":"2025-03-31T09:33:17+00:00","og_image":[{"width":880,"height":660,"url":"https:\/\/www.salvaterra.fr\/wp-content\/uploads\/2021\/07\/screenshot.png","type":"image\/png"}],"twitter_card":"summary_large_image","schema":{"@context":"https:\/\/schema.org","@graph":[{"@type":"WebPage","@id":"https:\/\/www.salvaterra.fr\/fr\/references\/evaluation-mi-parcours-du-projet-dappui-a-la-grande-muraille-verte-au-sahara-et-au-sahel\/","url":"https:\/\/www.salvaterra.fr\/fr\/references\/evaluation-mi-parcours-du-projet-dappui-a-la-grande-muraille-verte-au-sahara-et-au-sahel\/","name":"\u00c9valuation mi-parcours du projet d'appui \u00e0 la Grande muraille verte au Sahara et au Sahel - SalvaTerra, Bureau d\u2019\u00e9tudes en environnement, for\u00eat, agriculture et d\u00e9veloppement rural","isPartOf":{"@id":"https:\/\/www.salvaterra.fr\/fr\/#website"},"datePublished":"2022-04-11T16:06:55+00:00","dateModified":"2025-03-31T09:33:17+00:00","description":"\u00c9valuation mi-parcours du Programme de renforcement des capacit\u00e9s 2\u00e8me phase (PRC2) pour l\u2019Initiative de la Grande Muraille Verte pour le Sahara et le Sahel (IGMVSS) : \u00c9valuation de la conception du projet, de son dispositif de pilotage et de mise en \u0153uvre ; \u00c9valuation de ses activit\u00e9s et r\u00e9sultats (Coordination, Capitalisation\/diffusion, Formation, Exp\u00e9rimentation) ; Recommandations pour la fin de la 2\u00e8me phase et dans l\u2019optique d\u2019une possible 3\u00e8me phase.","breadcrumb":{"@id":"https:\/\/www.salvaterra.fr\/fr\/references\/evaluation-mi-parcours-du-projet-dappui-a-la-grande-muraille-verte-au-sahara-et-au-sahel\/#breadcrumb"},"inLanguage":"fr-FR","potentialAction":[{"@type":"ReadAction","target":["https:\/\/www.salvaterra.fr\/fr\/references\/evaluation-mi-parcours-du-projet-dappui-a-la-grande-muraille-verte-au-sahara-et-au-sahel\/"]}]},{"@type":"BreadcrumbList","@id":"https:\/\/www.salvaterra.fr\/fr\/references\/evaluation-mi-parcours-du-projet-dappui-a-la-grande-muraille-verte-au-sahara-et-au-sahel\/#breadcrumb","itemListElement":[{"@type":"ListItem","position":1,"name":"Accueil","item":"https:\/\/www.salvaterra.fr\/fr\/"},{"@type":"ListItem","position":2,"name":"R\u00e9f\u00e9rences","item":"https:\/\/www.salvaterra.fr\/fr\/references\/"},{"@type":"ListItem","position":3,"name":"\u00c9valuation mi-parcours du projet d&rsquo;appui \u00e0 la Grande muraille verte au Sahara et au Sahel"}]},{"@type":"WebSite","@id":"https:\/\/www.salvaterra.fr\/fr\/#website","url":"https:\/\/www.salvaterra.fr\/fr\/","name":"SalvaTerra, Bureau d\u2019\u00e9tudes en environnement, for\u00eat, agriculture et d\u00e9veloppement rural","description":"","potentialAction":[{"@type":"SearchAction","target":{"@type":"EntryPoint","urlTemplate":"https:\/\/www.salvaterra.fr\/fr\/?s={search_term_string}"},"query-input":"required name=search_term_string"}],"inLanguage":"fr-FR"}]}},"pays":[48],"_links":{"self":[{"href":"https:\/\/www.salvaterra.fr\/fr\/wp-json\/wp\/v2\/references\/3188"}],"collection":[{"href":"https:\/\/www.salvaterra.fr\/fr\/wp-json\/wp\/v2\/references"}],"about":[{"href":"https:\/\/www.salvaterra.fr\/fr\/wp-json\/wp\/v2\/types\/references"}],"wp:attachment":[{"href":"https:\/\/www.salvaterra.fr\/fr\/wp-json\/wp\/v2\/media?parent=3188"}],"curies":[{"name":"wp","href":"https:\/\/api.w.org\/{rel}","templated":true}]}}

Évaluation mi-parcours du projet d&rsquo;appui à la Grande muraille verte au Sahara et au Sahel

<!-- This site is optimized with the Yoast SEO plugin v22.4 - https://yoast.com/wordpress/plugins/seo/ -->
<title>Évaluation mi-parcours du projet d&#039;appui à la Grande muraille verte au Sahara et au Sahel - SalvaTerra, Bureau d’études en environnement, forêt, agriculture et développement rural</title>
<meta name="description" content="Évaluation mi-parcours du Programme de renforcement des capacités 2ème phase (PRC2) pour l’Initiative de la Grande Muraille Verte pour le Sahara et le Sahel (IGMVSS) : Évaluation de la conception du projet, de son dispositif de pilotage et de mise en œuvre ; Évaluation de ses activités et résultats (Coordination, Capitalisation/diffusion, Formation, Expérimentation) ; Recommandations pour la fin de la 2ème phase et dans l’optique d’une possible 3ème phase." />
<meta name="robots" content="index, follow, max-snippet:-1, max-image-preview:large, max-video-preview:-1" />
<link rel="canonical" href="https://www.salvaterra.fr/fr/references/evaluation-mi-parcours-du-projet-dappui-a-la-grande-muraille-verte-au-sahara-et-au-sahel/" />
<meta property="og:locale" content="fr_FR" />
<meta property="og:type" content="article" />
<meta property="og:title" content="Évaluation mi-parcours du projet d&#039;appui à la Grande muraille verte au Sahara et au Sahel - SalvaTerra, Bureau d’études en environnement, forêt, agriculture et développement rural" />
<meta property="og:description" content="Évaluation mi-parcours du Programme de renforcement des capacités 2ème phase (PRC2) pour l’Initiative de la Grande Muraille Verte pour le Sahara et le Sahel (IGMVSS) : Évaluation de la conception du projet, de son dispositif de pilotage et de mise en œuvre ; Évaluation de ses activités et résultats (Coordination, Capitalisation/diffusion, Formation, Expérimentation) ; Recommandations pour la fin de la 2ème phase et dans l’optique d’une possible 3ème phase." />
<meta property="og:url" content="https://www.salvaterra.fr/fr/references/evaluation-mi-parcours-du-projet-dappui-a-la-grande-muraille-verte-au-sahara-et-au-sahel/" />
<meta property="og:site_name" content="SalvaTerra, Bureau d’études en environnement, forêt, agriculture et développement rural" />
<meta property="article:modified_time" content="2025-03-31T09:33:17+00:00" />
<meta property="og:image" content="https://www.salvaterra.fr/wp-content/uploads/2021/07/screenshot.png" />
	<meta property="og:image:width" content="880" />
	<meta property="og:image:height" content="660" />
	<meta property="og:image:type" content="image/png" />
<meta name="twitter:card" content="summary_large_image" />
<script type="application/ld+json" class="yoast-schema-graph">{"@context":"https://schema.org","@graph":[{"@type":"WebPage","@id":"https://www.salvaterra.fr/fr/references/evaluation-mi-parcours-du-projet-dappui-a-la-grande-muraille-verte-au-sahara-et-au-sahel/","url":"https://www.salvaterra.fr/fr/references/evaluation-mi-parcours-du-projet-dappui-a-la-grande-muraille-verte-au-sahara-et-au-sahel/","name":"Évaluation mi-parcours du projet d'appui à la Grande muraille verte au Sahara et au Sahel - SalvaTerra, Bureau d’études en environnement, forêt, agriculture et développement rural","isPartOf":{"@id":"https://www.salvaterra.fr/fr/#website"},"datePublished":"2022-04-11T16:06:55+00:00","dateModified":"2025-03-31T09:33:17+00:00","description":"Évaluation mi-parcours du Programme de renforcement des capacités 2ème phase (PRC2) pour l’Initiative de la Grande Muraille Verte pour le Sahara et le Sahel (IGMVSS) : Évaluation de la conception du projet, de son dispositif de pilotage et de mise en œuvre ; Évaluation de ses activités et résultats (Coordination, Capitalisation/diffusion, Formation, Expérimentation) ; Recommandations pour la fin de la 2ème phase et dans l’optique d’une possible 3ème phase.","breadcrumb":{"@id":"https://www.salvaterra.fr/fr/references/evaluation-mi-parcours-du-projet-dappui-a-la-grande-muraille-verte-au-sahara-et-au-sahel/#breadcrumb"},"inLanguage":"fr-FR","potentialAction":[{"@type":"ReadAction","target":["https://www.salvaterra.fr/fr/references/evaluation-mi-parcours-du-projet-dappui-a-la-grande-muraille-verte-au-sahara-et-au-sahel/"]}]},{"@type":"BreadcrumbList","@id":"https://www.salvaterra.fr/fr/references/evaluation-mi-parcours-du-projet-dappui-a-la-grande-muraille-verte-au-sahara-et-au-sahel/#breadcrumb","itemListElement":[{"@type":"ListItem","position":1,"name":"Accueil","item":"https://www.salvaterra.fr/fr/"},{"@type":"ListItem","position":2,"name":"Références","item":"https://www.salvaterra.fr/fr/references/"},{"@type":"ListItem","position":3,"name":"Évaluation mi-parcours du projet d&rsquo;appui à la Grande muraille verte au Sahara et au Sahel"}]},{"@type":"WebSite","@id":"https://www.salvaterra.fr/fr/#website","url":"https://www.salvaterra.fr/fr/","name":"SalvaTerra, Bureau d’études en environnement, forêt, agriculture et développement rural","description":"","potentialAction":[{"@type":"SearchAction","target":{"@type":"EntryPoint","urlTemplate":"https://www.salvaterra.fr/fr/?s={search_term_string}"},"query-input":"required name=search_term_string"}],"inLanguage":"fr-FR"}]}</script>
<!-- / Yoast SEO plugin. -->

Évaluation mi-parcours du projet d'appui à la Grande muraille verte au Sahara et au Sahel - SalvaTerra, Bureau d’études en environnement, forêt, agriculture et développement rural

Évaluation mi-parcours du Programme de renforcement des capacités 2ème phase (PRC2) pour l’Initiative de la Grande Muraille Verte pour le Sahara et le Sahel (IGMVSS) : Évaluation de la conception du projet, de son dispositif de pilotage et de mise en œuvre ; Évaluation de ses activités et résultats (Coordination, Capitalisation/diffusion, Formation, Expérimentation) ; Recommandations pour la fin de la 2ème phase et dans l’optique d’une possible 3ème phase.

SalvaTerra, Bureau d’études en environnement, forêt, agriculture et développement rural

Références
