{"id":3145,"date":"2018-03-01T10:00:00","date_gmt":"2018-03-01T09:00:00","guid":{"rendered":"https:\/\/www.salvaterra.fr\/?post_type=references&#038;p=3145"},"modified":"2024-12-09T19:00:48","modified_gmt":"2024-12-09T18:00:48","slug":"formation-dagents-forestiers-maliens-en-statistique-et-economie-forestieres","status":"publish","type":"references","link":"https:\/\/www.salvaterra.fr\/fr\/references\/formation-dagents-forestiers-maliens-en-statistique-et-economie-forestieres\/","title":{"rendered":"Formation d&rsquo;agents forestiers maliens en statistique et \u00e9conomie foresti\u00e8res"},"template":"","acf":[],"yoast_head":"<!-- This site is optimized with the Yoast SEO plugin v22.4 - https:\/\/yoast.com\/wordpress\/plugins\/seo\/ -->\n<title>Formation d&#039;agents forestiers maliens en statistique et \u00e9conomie foresti\u00e8res - SalvaTerra, Bureau d\u2019\u00e9tudes en environnement, for\u00eat, agriculture et d\u00e9veloppement rural<\/title>\n<meta name=\"description\" content=\"Conception et animation d&#039;une formation d&#039;une semaine pour 25 agents forestiers malien sur les statistiques et l&#039;\u00e9conomie foresti\u00e8res : Pr\u00e9sentations (statistiques descriptives et inf\u00e9rentielles, th\u00e9or\u00e8me central limite, \u00e9chantillonnage, enqu\u00eates, inventaires, t\u00e9l\u00e9d\u00e9tection, valeur \u00e9conomique des biens et services environnementaux, plans d&#039;affaire, etc.) ; Exercices pratiques pour l&#039;analyse, le traitement et l&#039;interpr\u00e9tation de donn\u00e9es statistiques ; Quizz et auto-\u00e9valuation des connaissances.\" \/>\n<meta name=\"robots\" content=\"index, follow, max-snippet:-1, max-image-preview:large, max-video-preview:-1\" \/>\n<link rel=\"canonical\" href=\"https:\/\/www.salvaterra.fr\/fr\/references\/formation-dagents-forestiers-maliens-en-statistique-et-economie-forestieres\/\" \/>\n<meta property=\"og:locale\" content=\"fr_FR\" \/>\n<meta property=\"og:type\" content=\"article\" \/>\n<meta property=\"og:title\" content=\"Formation d&#039;agents forestiers maliens en statistique et \u00e9conomie foresti\u00e8res - SalvaTerra, Bureau d\u2019\u00e9tudes en environnement, for\u00eat, agriculture et d\u00e9veloppement rural\" \/>\n<meta property=\"og:description\" content=\"Conception et animation d&#039;une formation d&#039;une semaine pour 25 agents forestiers malien sur les statistiques et l&#039;\u00e9conomie foresti\u00e8res : Pr\u00e9sentations (statistiques descriptives et inf\u00e9rentielles, th\u00e9or\u00e8me central limite, \u00e9chantillonnage, enqu\u00eates, inventaires, t\u00e9l\u00e9d\u00e9tection, valeur \u00e9conomique des biens et services environnementaux, plans d&#039;affaire, etc.) ; Exercices pratiques pour l&#039;analyse, le traitement et l&#039;interpr\u00e9tation de donn\u00e9es statistiques ; Quizz et auto-\u00e9valuation des connaissances.\" \/>\n<meta property=\"og:url\" content=\"https:\/\/www.salvaterra.fr\/fr\/references\/formation-dagents-forestiers-maliens-en-statistique-et-economie-forestieres\/\" \/>\n<meta property=\"og:site_name\" content=\"SalvaTerra, Bureau d\u2019\u00e9tudes en environnement, for\u00eat, agriculture et d\u00e9veloppement rural\" \/>\n<meta property=\"article:modified_time\" content=\"2024-12-09T18:00:48+00:00\" \/>\n<meta property=\"og:image\" content=\"https:\/\/www.salvaterra.fr\/wp-content\/uploads\/2021\/07\/screenshot.png\" \/>\n\t<meta property=\"og:image:width\" content=\"880\" \/>\n\t<meta property=\"og:image:height\" content=\"660\" \/>\n\t<meta property=\"og:image:type\" content=\"image\/png\" \/>\n<meta name=\"twitter:card\" content=\"summary_large_image\" \/>\n<script type=\"application\/ld+json\" class=\"yoast-schema-graph\">{\"@context\":\"https:\/\/schema.org\",\"@graph\":[{\"@type\":\"WebPage\",\"@id\":\"https:\/\/www.salvaterra.fr\/fr\/references\/formation-dagents-forestiers-maliens-en-statistique-et-economie-forestieres\/\",\"url\":\"https:\/\/www.salvaterra.fr\/fr\/references\/formation-dagents-forestiers-maliens-en-statistique-et-economie-forestieres\/\",\"name\":\"Formation d'agents forestiers maliens en statistique et \u00e9conomie foresti\u00e8res - SalvaTerra, Bureau d\u2019\u00e9tudes en environnement, for\u00eat, agriculture et d\u00e9veloppement rural\",\"isPartOf\":{\"@id\":\"https:\/\/www.salvaterra.fr\/fr\/#website\"},\"datePublished\":\"2018-03-01T09:00:00+00:00\",\"dateModified\":\"2024-12-09T18:00:48+00:00\",\"description\":\"Conception et animation d'une formation d'une semaine pour 25 agents forestiers malien sur les statistiques et l'\u00e9conomie foresti\u00e8res : Pr\u00e9sentations (statistiques descriptives et inf\u00e9rentielles, th\u00e9or\u00e8me central limite, \u00e9chantillonnage, enqu\u00eates, inventaires, t\u00e9l\u00e9d\u00e9tection, valeur \u00e9conomique des biens et services environnementaux, plans d'affaire, etc.) ; Exercices pratiques pour l'analyse, le traitement et l'interpr\u00e9tation de donn\u00e9es statistiques ; Quizz et auto-\u00e9valuation des connaissances.\",\"breadcrumb\":{\"@id\":\"https:\/\/www.salvaterra.fr\/fr\/references\/formation-dagents-forestiers-maliens-en-statistique-et-economie-forestieres\/#breadcrumb\"},\"inLanguage\":\"fr-FR\",\"potentialAction\":[{\"@type\":\"ReadAction\",\"target\":[\"https:\/\/www.salvaterra.fr\/fr\/references\/formation-dagents-forestiers-maliens-en-statistique-et-economie-forestieres\/\"]}]},{\"@type\":\"BreadcrumbList\",\"@id\":\"https:\/\/www.salvaterra.fr\/fr\/references\/formation-dagents-forestiers-maliens-en-statistique-et-economie-forestieres\/#breadcrumb\",\"itemListElement\":[{\"@type\":\"ListItem\",\"position\":1,\"name\":\"Accueil\",\"item\":\"https:\/\/www.salvaterra.fr\/fr\/\"},{\"@type\":\"ListItem\",\"position\":2,\"name\":\"R\u00e9f\u00e9rences\",\"item\":\"https:\/\/www.salvaterra.fr\/fr\/references\/\"},{\"@type\":\"ListItem\",\"position\":3,\"name\":\"Formation d&rsquo;agents forestiers maliens en statistique et \u00e9conomie foresti\u00e8res\"}]},{\"@type\":\"WebSite\",\"@id\":\"https:\/\/www.salvaterra.fr\/fr\/#website\",\"url\":\"https:\/\/www.salvaterra.fr\/fr\/\",\"name\":\"SalvaTerra, Bureau d\u2019\u00e9tudes en environnement, for\u00eat, agriculture et d\u00e9veloppement rural\",\"description\":\"\",\"potentialAction\":[{\"@type\":\"SearchAction\",\"target\":{\"@type\":\"EntryPoint\",\"urlTemplate\":\"https:\/\/www.salvaterra.fr\/fr\/?s={search_term_string}\"},\"query-input\":\"required name=search_term_string\"}],\"inLanguage\":\"fr-FR\"}]}<\/script>\n<!-- \/ Yoast SEO plugin. -->","yoast_head_json":{"title":"Formation d'agents forestiers maliens en statistique et \u00e9conomie foresti\u00e8res - SalvaTerra, Bureau d\u2019\u00e9tudes en environnement, for\u00eat, agriculture et d\u00e9veloppement rural","description":"Conception et animation d'une formation d'une semaine pour 25 agents forestiers malien sur les statistiques et l'\u00e9conomie foresti\u00e8res : Pr\u00e9sentations (statistiques descriptives et inf\u00e9rentielles, th\u00e9or\u00e8me central limite, \u00e9chantillonnage, enqu\u00eates, inventaires, t\u00e9l\u00e9d\u00e9tection, valeur \u00e9conomique des biens et services environnementaux, plans d'affaire, etc.) ; Exercices pratiques pour l'analyse, le traitement et l'interpr\u00e9tation de donn\u00e9es statistiques ; Quizz et auto-\u00e9valuation des connaissances.","robots":{"index":"index","follow":"follow","max-snippet":"max-snippet:-1","max-image-preview":"max-image-preview:large","max-video-preview":"max-video-preview:-1"},"canonical":"https:\/\/www.salvaterra.fr\/fr\/references\/formation-dagents-forestiers-maliens-en-statistique-et-economie-forestieres\/","og_locale":"fr_FR","og_type":"article","og_title":"Formation d'agents forestiers maliens en statistique et \u00e9conomie foresti\u00e8res - SalvaTerra, Bureau d\u2019\u00e9tudes en environnement, for\u00eat, agriculture et d\u00e9veloppement rural","og_description":"Conception et animation d'une formation d'une semaine pour 25 agents forestiers malien sur les statistiques et l'\u00e9conomie foresti\u00e8res : Pr\u00e9sentations (statistiques descriptives et inf\u00e9rentielles, th\u00e9or\u00e8me central limite, \u00e9chantillonnage, enqu\u00eates, inventaires, t\u00e9l\u00e9d\u00e9tection, valeur \u00e9conomique des biens et services environnementaux, plans d'affaire, etc.) ; Exercices pratiques pour l'analyse, le traitement et l'interpr\u00e9tation de donn\u00e9es statistiques ; Quizz et auto-\u00e9valuation des connaissances.","og_url":"https:\/\/www.salvaterra.fr\/fr\/references\/formation-dagents-forestiers-maliens-en-statistique-et-economie-forestieres\/","og_site_name":"SalvaTerra, Bureau d\u2019\u00e9tudes en environnement, for\u00eat, agriculture et d\u00e9veloppement rural","article_modified_time":"2024-12-09T18:00:48+00:00","og_image":[{"width":880,"height":660,"url":"https:\/\/www.salvaterra.fr\/wp-content\/uploads\/2021\/07\/screenshot.png","type":"image\/png"}],"twitter_card":"summary_large_image","schema":{"@context":"https:\/\/schema.org","@graph":[{"@type":"WebPage","@id":"https:\/\/www.salvaterra.fr\/fr\/references\/formation-dagents-forestiers-maliens-en-statistique-et-economie-forestieres\/","url":"https:\/\/www.salvaterra.fr\/fr\/references\/formation-dagents-forestiers-maliens-en-statistique-et-economie-forestieres\/","name":"Formation d'agents forestiers maliens en statistique et \u00e9conomie foresti\u00e8res - SalvaTerra, Bureau d\u2019\u00e9tudes en environnement, for\u00eat, agriculture et d\u00e9veloppement rural","isPartOf":{"@id":"https:\/\/www.salvaterra.fr\/fr\/#website"},"datePublished":"2018-03-01T09:00:00+00:00","dateModified":"2024-12-09T18:00:48+00:00","description":"Conception et animation d'une formation d'une semaine pour 25 agents forestiers malien sur les statistiques et l'\u00e9conomie foresti\u00e8res : Pr\u00e9sentations (statistiques descriptives et inf\u00e9rentielles, th\u00e9or\u00e8me central limite, \u00e9chantillonnage, enqu\u00eates, inventaires, t\u00e9l\u00e9d\u00e9tection, valeur \u00e9conomique des biens et services environnementaux, plans d'affaire, etc.) ; Exercices pratiques pour l'analyse, le traitement et l'interpr\u00e9tation de donn\u00e9es statistiques ; Quizz et auto-\u00e9valuation des connaissances.","breadcrumb":{"@id":"https:\/\/www.salvaterra.fr\/fr\/references\/formation-dagents-forestiers-maliens-en-statistique-et-economie-forestieres\/#breadcrumb"},"inLanguage":"fr-FR","potentialAction":[{"@type":"ReadAction","target":["https:\/\/www.salvaterra.fr\/fr\/references\/formation-dagents-forestiers-maliens-en-statistique-et-economie-forestieres\/"]}]},{"@type":"BreadcrumbList","@id":"https:\/\/www.salvaterra.fr\/fr\/references\/formation-dagents-forestiers-maliens-en-statistique-et-economie-forestieres\/#breadcrumb","itemListElement":[{"@type":"ListItem","position":1,"name":"Accueil","item":"https:\/\/www.salvaterra.fr\/fr\/"},{"@type":"ListItem","position":2,"name":"R\u00e9f\u00e9rences","item":"https:\/\/www.salvaterra.fr\/fr\/references\/"},{"@type":"ListItem","position":3,"name":"Formation d&rsquo;agents forestiers maliens en statistique et \u00e9conomie foresti\u00e8res"}]},{"@type":"WebSite","@id":"https:\/\/www.salvaterra.fr\/fr\/#website","url":"https:\/\/www.salvaterra.fr\/fr\/","name":"SalvaTerra, Bureau d\u2019\u00e9tudes en environnement, for\u00eat, agriculture et d\u00e9veloppement rural","description":"","potentialAction":[{"@type":"SearchAction","target":{"@type":"EntryPoint","urlTemplate":"https:\/\/www.salvaterra.fr\/fr\/?s={search_term_string}"},"query-input":"required name=search_term_string"}],"inLanguage":"fr-FR"}]}},"pays":[149],"_links":{"self":[{"href":"https:\/\/www.salvaterra.fr\/fr\/wp-json\/wp\/v2\/references\/3145"}],"collection":[{"href":"https:\/\/www.salvaterra.fr\/fr\/wp-json\/wp\/v2\/references"}],"about":[{"href":"https:\/\/www.salvaterra.fr\/fr\/wp-json\/wp\/v2\/types\/references"}],"wp:attachment":[{"href":"https:\/\/www.salvaterra.fr\/fr\/wp-json\/wp\/v2\/media?parent=3145"}],"curies":[{"name":"wp","href":"https:\/\/api.w.org\/{rel}","templated":true}]}}

Formation d&rsquo;agents forestiers maliens en statistique et économie forestières

<!-- This site is optimized with the Yoast SEO plugin v22.4 - https://yoast.com/wordpress/plugins/seo/ -->
<title>Formation d&#039;agents forestiers maliens en statistique et économie forestières - SalvaTerra, Bureau d’études en environnement, forêt, agriculture et développement rural</title>
<meta name="description" content="Conception et animation d&#039;une formation d&#039;une semaine pour 25 agents forestiers malien sur les statistiques et l&#039;économie forestières : Présentations (statistiques descriptives et inférentielles, théorème central limite, échantillonnage, enquêtes, inventaires, télédétection, valeur économique des biens et services environnementaux, plans d&#039;affaire, etc.) ; Exercices pratiques pour l&#039;analyse, le traitement et l&#039;interprétation de données statistiques ; Quizz et auto-évaluation des connaissances." />
<meta name="robots" content="index, follow, max-snippet:-1, max-image-preview:large, max-video-preview:-1" />
<link rel="canonical" href="https://www.salvaterra.fr/fr/references/formation-dagents-forestiers-maliens-en-statistique-et-economie-forestieres/" />
<meta property="og:locale" content="fr_FR" />
<meta property="og:type" content="article" />
<meta property="og:title" content="Formation d&#039;agents forestiers maliens en statistique et économie forestières - SalvaTerra, Bureau d’études en environnement, forêt, agriculture et développement rural" />
<meta property="og:description" content="Conception et animation d&#039;une formation d&#039;une semaine pour 25 agents forestiers malien sur les statistiques et l&#039;économie forestières : Présentations (statistiques descriptives et inférentielles, théorème central limite, échantillonnage, enquêtes, inventaires, télédétection, valeur économique des biens et services environnementaux, plans d&#039;affaire, etc.) ; Exercices pratiques pour l&#039;analyse, le traitement et l&#039;interprétation de données statistiques ; Quizz et auto-évaluation des connaissances." />
<meta property="og:url" content="https://www.salvaterra.fr/fr/references/formation-dagents-forestiers-maliens-en-statistique-et-economie-forestieres/" />
<meta property="og:site_name" content="SalvaTerra, Bureau d’études en environnement, forêt, agriculture et développement rural" />
<meta property="article:modified_time" content="2024-12-09T18:00:48+00:00" />
<meta property="og:image" content="https://www.salvaterra.fr/wp-content/uploads/2021/07/screenshot.png" />
	<meta property="og:image:width" content="880" />
	<meta property="og:image:height" content="660" />
	<meta property="og:image:type" content="image/png" />
<meta name="twitter:card" content="summary_large_image" />
<script type="application/ld+json" class="yoast-schema-graph">{"@context":"https://schema.org","@graph":[{"@type":"WebPage","@id":"https://www.salvaterra.fr/fr/references/formation-dagents-forestiers-maliens-en-statistique-et-economie-forestieres/","url":"https://www.salvaterra.fr/fr/references/formation-dagents-forestiers-maliens-en-statistique-et-economie-forestieres/","name":"Formation d'agents forestiers maliens en statistique et économie forestières - SalvaTerra, Bureau d’études en environnement, forêt, agriculture et développement rural","isPartOf":{"@id":"https://www.salvaterra.fr/fr/#website"},"datePublished":"2018-03-01T09:00:00+00:00","dateModified":"2024-12-09T18:00:48+00:00","description":"Conception et animation d'une formation d'une semaine pour 25 agents forestiers malien sur les statistiques et l'économie forestières : Présentations (statistiques descriptives et inférentielles, théorème central limite, échantillonnage, enquêtes, inventaires, télédétection, valeur économique des biens et services environnementaux, plans d'affaire, etc.) ; Exercices pratiques pour l'analyse, le traitement et l'interprétation de données statistiques ; Quizz et auto-évaluation des connaissances.","breadcrumb":{"@id":"https://www.salvaterra.fr/fr/references/formation-dagents-forestiers-maliens-en-statistique-et-economie-forestieres/#breadcrumb"},"inLanguage":"fr-FR","potentialAction":[{"@type":"ReadAction","target":["https://www.salvaterra.fr/fr/references/formation-dagents-forestiers-maliens-en-statistique-et-economie-forestieres/"]}]},{"@type":"BreadcrumbList","@id":"https://www.salvaterra.fr/fr/references/formation-dagents-forestiers-maliens-en-statistique-et-economie-forestieres/#breadcrumb","itemListElement":[{"@type":"ListItem","position":1,"name":"Accueil","item":"https://www.salvaterra.fr/fr/"},{"@type":"ListItem","position":2,"name":"Références","item":"https://www.salvaterra.fr/fr/references/"},{"@type":"ListItem","position":3,"name":"Formation d&rsquo;agents forestiers maliens en statistique et économie forestières"}]},{"@type":"WebSite","@id":"https://www.salvaterra.fr/fr/#website","url":"https://www.salvaterra.fr/fr/","name":"SalvaTerra, Bureau d’études en environnement, forêt, agriculture et développement rural","description":"","potentialAction":[{"@type":"SearchAction","target":{"@type":"EntryPoint","urlTemplate":"https://www.salvaterra.fr/fr/?s={search_term_string}"},"query-input":"required name=search_term_string"}],"inLanguage":"fr-FR"}]}</script>
<!-- / Yoast SEO plugin. -->

Formation d'agents forestiers maliens en statistique et économie forestières - SalvaTerra, Bureau d’études en environnement, forêt, agriculture et développement rural

Conception et animation d'une formation d'une semaine pour 25 agents forestiers malien sur les statistiques et l'économie forestières : Présentations (statistiques descriptives et inférentielles, théorème central limite, échantillonnage, enquêtes, inventaires, télédétection, valeur économique des biens et services environnementaux, plans d'affaire, etc.) ; Exercices pratiques pour l'analyse, le traitement et l'interprétation de données statistiques ; Quizz et auto-évaluation des connaissances.

SalvaTerra, Bureau d’études en environnement, forêt, agriculture et développement rural

Références
