{"id":3133,"date":"2018-04-01T10:00:00","date_gmt":"2018-04-01T08:00:00","guid":{"rendered":"https:\/\/www.salvaterra.fr\/?post_type=references&#038;p=3133"},"modified":"2023-09-12T15:21:43","modified_gmt":"2023-09-12T13:21:43","slug":"appui-a-la-mise-en-oeuvre-de-la-contribution-determinee-au-niveau-national-du-niger","status":"publish","type":"references","link":"https:\/\/www.salvaterra.fr\/fr\/references\/appui-a-la-mise-en-oeuvre-de-la-contribution-determinee-au-niveau-national-du-niger\/","title":{"rendered":"Appui \u00e0 la mise en \u0153uvre de la Contribution d\u00e9termin\u00e9e au niveau national du Niger"},"template":"","acf":[],"yoast_head":"<!-- This site is optimized with the Yoast SEO plugin v22.4 - https:\/\/yoast.com\/wordpress\/plugins\/seo\/ -->\n<title>Appui \u00e0 la mise en \u0153uvre de la Contribution d\u00e9termin\u00e9e au niveau national du Niger - SalvaTerra, Bureau d\u2019\u00e9tudes en environnement, for\u00eat, agriculture et d\u00e9veloppement rural<\/title>\n<meta name=\"description\" content=\"Appui \u00e0 la mise en \u0153uvre de la Contribution d\u00e9termin\u00e9e au niveau national (CDN) du Niger, dans le cadre de l&#039;accord de Paris sur le climat : Vulgarisation de la CDN (collectivit\u00e9s locales et parlementaires) ; Suivi de la CDN (notamment les actions de restauration des terres d\u00e9grad\u00e9es) ; Int\u00e9gration des enjeux climat dans les plans de d\u00e9veloppement communaux ; \u00c9laboration d&#039;une strat\u00e9gie d&#039;adaptation de l&#039;agriculture ; Capitalisation sur les pratiques de gestion durable des terres.\" \/>\n<meta name=\"robots\" content=\"index, follow, max-snippet:-1, max-image-preview:large, max-video-preview:-1\" \/>\n<link rel=\"canonical\" href=\"https:\/\/www.salvaterra.fr\/fr\/references\/appui-a-la-mise-en-oeuvre-de-la-contribution-determinee-au-niveau-national-du-niger\/\" \/>\n<meta property=\"og:locale\" content=\"fr_FR\" \/>\n<meta property=\"og:type\" content=\"article\" \/>\n<meta property=\"og:title\" content=\"Appui \u00e0 la mise en \u0153uvre de la Contribution d\u00e9termin\u00e9e au niveau national du Niger - SalvaTerra, Bureau d\u2019\u00e9tudes en environnement, for\u00eat, agriculture et d\u00e9veloppement rural\" \/>\n<meta property=\"og:description\" content=\"Appui \u00e0 la mise en \u0153uvre de la Contribution d\u00e9termin\u00e9e au niveau national (CDN) du Niger, dans le cadre de l&#039;accord de Paris sur le climat : Vulgarisation de la CDN (collectivit\u00e9s locales et parlementaires) ; Suivi de la CDN (notamment les actions de restauration des terres d\u00e9grad\u00e9es) ; Int\u00e9gration des enjeux climat dans les plans de d\u00e9veloppement communaux ; \u00c9laboration d&#039;une strat\u00e9gie d&#039;adaptation de l&#039;agriculture ; Capitalisation sur les pratiques de gestion durable des terres.\" \/>\n<meta property=\"og:url\" content=\"https:\/\/www.salvaterra.fr\/fr\/references\/appui-a-la-mise-en-oeuvre-de-la-contribution-determinee-au-niveau-national-du-niger\/\" \/>\n<meta property=\"og:site_name\" content=\"SalvaTerra, Bureau d\u2019\u00e9tudes en environnement, for\u00eat, agriculture et d\u00e9veloppement rural\" \/>\n<meta property=\"article:modified_time\" content=\"2023-09-12T13:21:43+00:00\" \/>\n<meta property=\"og:image\" content=\"https:\/\/www.salvaterra.fr\/wp-content\/uploads\/2021\/07\/screenshot.png\" \/>\n\t<meta property=\"og:image:width\" content=\"880\" \/>\n\t<meta property=\"og:image:height\" content=\"660\" \/>\n\t<meta property=\"og:image:type\" content=\"image\/png\" \/>\n<meta name=\"twitter:card\" content=\"summary_large_image\" \/>\n<script type=\"application\/ld+json\" class=\"yoast-schema-graph\">{\"@context\":\"https:\/\/schema.org\",\"@graph\":[{\"@type\":\"WebPage\",\"@id\":\"https:\/\/www.salvaterra.fr\/fr\/references\/appui-a-la-mise-en-oeuvre-de-la-contribution-determinee-au-niveau-national-du-niger\/\",\"url\":\"https:\/\/www.salvaterra.fr\/fr\/references\/appui-a-la-mise-en-oeuvre-de-la-contribution-determinee-au-niveau-national-du-niger\/\",\"name\":\"Appui \u00e0 la mise en \u0153uvre de la Contribution d\u00e9termin\u00e9e au niveau national du Niger - SalvaTerra, Bureau d\u2019\u00e9tudes en environnement, for\u00eat, agriculture et d\u00e9veloppement rural\",\"isPartOf\":{\"@id\":\"https:\/\/www.salvaterra.fr\/fr\/#website\"},\"datePublished\":\"2018-04-01T08:00:00+00:00\",\"dateModified\":\"2023-09-12T13:21:43+00:00\",\"description\":\"Appui \u00e0 la mise en \u0153uvre de la Contribution d\u00e9termin\u00e9e au niveau national (CDN) du Niger, dans le cadre de l'accord de Paris sur le climat : Vulgarisation de la CDN (collectivit\u00e9s locales et parlementaires) ; Suivi de la CDN (notamment les actions de restauration des terres d\u00e9grad\u00e9es) ; Int\u00e9gration des enjeux climat dans les plans de d\u00e9veloppement communaux ; \u00c9laboration d'une strat\u00e9gie d'adaptation de l'agriculture ; Capitalisation sur les pratiques de gestion durable des terres.\",\"breadcrumb\":{\"@id\":\"https:\/\/www.salvaterra.fr\/fr\/references\/appui-a-la-mise-en-oeuvre-de-la-contribution-determinee-au-niveau-national-du-niger\/#breadcrumb\"},\"inLanguage\":\"fr-FR\",\"potentialAction\":[{\"@type\":\"ReadAction\",\"target\":[\"https:\/\/www.salvaterra.fr\/fr\/references\/appui-a-la-mise-en-oeuvre-de-la-contribution-determinee-au-niveau-national-du-niger\/\"]}]},{\"@type\":\"BreadcrumbList\",\"@id\":\"https:\/\/www.salvaterra.fr\/fr\/references\/appui-a-la-mise-en-oeuvre-de-la-contribution-determinee-au-niveau-national-du-niger\/#breadcrumb\",\"itemListElement\":[{\"@type\":\"ListItem\",\"position\":1,\"name\":\"Accueil\",\"item\":\"https:\/\/www.salvaterra.fr\/fr\/\"},{\"@type\":\"ListItem\",\"position\":2,\"name\":\"R\u00e9f\u00e9rences\",\"item\":\"https:\/\/www.salvaterra.fr\/fr\/references\/\"},{\"@type\":\"ListItem\",\"position\":3,\"name\":\"Appui \u00e0 la mise en \u0153uvre de la Contribution d\u00e9termin\u00e9e au niveau national du Niger\"}]},{\"@type\":\"WebSite\",\"@id\":\"https:\/\/www.salvaterra.fr\/fr\/#website\",\"url\":\"https:\/\/www.salvaterra.fr\/fr\/\",\"name\":\"SalvaTerra, Bureau d\u2019\u00e9tudes en environnement, for\u00eat, agriculture et d\u00e9veloppement rural\",\"description\":\"\",\"potentialAction\":[{\"@type\":\"SearchAction\",\"target\":{\"@type\":\"EntryPoint\",\"urlTemplate\":\"https:\/\/www.salvaterra.fr\/fr\/?s={search_term_string}\"},\"query-input\":\"required name=search_term_string\"}],\"inLanguage\":\"fr-FR\"}]}<\/script>\n<!-- \/ Yoast SEO plugin. -->","yoast_head_json":{"title":"Appui \u00e0 la mise en \u0153uvre de la Contribution d\u00e9termin\u00e9e au niveau national du Niger - SalvaTerra, Bureau d\u2019\u00e9tudes en environnement, for\u00eat, agriculture et d\u00e9veloppement rural","description":"Appui \u00e0 la mise en \u0153uvre de la Contribution d\u00e9termin\u00e9e au niveau national (CDN) du Niger, dans le cadre de l'accord de Paris sur le climat : Vulgarisation de la CDN (collectivit\u00e9s locales et parlementaires) ; Suivi de la CDN (notamment les actions de restauration des terres d\u00e9grad\u00e9es) ; Int\u00e9gration des enjeux climat dans les plans de d\u00e9veloppement communaux ; \u00c9laboration d'une strat\u00e9gie d'adaptation de l'agriculture ; Capitalisation sur les pratiques de gestion durable des terres.","robots":{"index":"index","follow":"follow","max-snippet":"max-snippet:-1","max-image-preview":"max-image-preview:large","max-video-preview":"max-video-preview:-1"},"canonical":"https:\/\/www.salvaterra.fr\/fr\/references\/appui-a-la-mise-en-oeuvre-de-la-contribution-determinee-au-niveau-national-du-niger\/","og_locale":"fr_FR","og_type":"article","og_title":"Appui \u00e0 la mise en \u0153uvre de la Contribution d\u00e9termin\u00e9e au niveau national du Niger - SalvaTerra, Bureau d\u2019\u00e9tudes en environnement, for\u00eat, agriculture et d\u00e9veloppement rural","og_description":"Appui \u00e0 la mise en \u0153uvre de la Contribution d\u00e9termin\u00e9e au niveau national (CDN) du Niger, dans le cadre de l'accord de Paris sur le climat : Vulgarisation de la CDN (collectivit\u00e9s locales et parlementaires) ; Suivi de la CDN (notamment les actions de restauration des terres d\u00e9grad\u00e9es) ; Int\u00e9gration des enjeux climat dans les plans de d\u00e9veloppement communaux ; \u00c9laboration d'une strat\u00e9gie d'adaptation de l'agriculture ; Capitalisation sur les pratiques de gestion durable des terres.","og_url":"https:\/\/www.salvaterra.fr\/fr\/references\/appui-a-la-mise-en-oeuvre-de-la-contribution-determinee-au-niveau-national-du-niger\/","og_site_name":"SalvaTerra, Bureau d\u2019\u00e9tudes en environnement, for\u00eat, agriculture et d\u00e9veloppement rural","article_modified_time":"2023-09-12T13:21:43+00:00","og_image":[{"width":880,"height":660,"url":"https:\/\/www.salvaterra.fr\/wp-content\/uploads\/2021\/07\/screenshot.png","type":"image\/png"}],"twitter_card":"summary_large_image","schema":{"@context":"https:\/\/schema.org","@graph":[{"@type":"WebPage","@id":"https:\/\/www.salvaterra.fr\/fr\/references\/appui-a-la-mise-en-oeuvre-de-la-contribution-determinee-au-niveau-national-du-niger\/","url":"https:\/\/www.salvaterra.fr\/fr\/references\/appui-a-la-mise-en-oeuvre-de-la-contribution-determinee-au-niveau-national-du-niger\/","name":"Appui \u00e0 la mise en \u0153uvre de la Contribution d\u00e9termin\u00e9e au niveau national du Niger - SalvaTerra, Bureau d\u2019\u00e9tudes en environnement, for\u00eat, agriculture et d\u00e9veloppement rural","isPartOf":{"@id":"https:\/\/www.salvaterra.fr\/fr\/#website"},"datePublished":"2018-04-01T08:00:00+00:00","dateModified":"2023-09-12T13:21:43+00:00","description":"Appui \u00e0 la mise en \u0153uvre de la Contribution d\u00e9termin\u00e9e au niveau national (CDN) du Niger, dans le cadre de l'accord de Paris sur le climat : Vulgarisation de la CDN (collectivit\u00e9s locales et parlementaires) ; Suivi de la CDN (notamment les actions de restauration des terres d\u00e9grad\u00e9es) ; Int\u00e9gration des enjeux climat dans les plans de d\u00e9veloppement communaux ; \u00c9laboration d'une strat\u00e9gie d'adaptation de l'agriculture ; Capitalisation sur les pratiques de gestion durable des terres.","breadcrumb":{"@id":"https:\/\/www.salvaterra.fr\/fr\/references\/appui-a-la-mise-en-oeuvre-de-la-contribution-determinee-au-niveau-national-du-niger\/#breadcrumb"},"inLanguage":"fr-FR","potentialAction":[{"@type":"ReadAction","target":["https:\/\/www.salvaterra.fr\/fr\/references\/appui-a-la-mise-en-oeuvre-de-la-contribution-determinee-au-niveau-national-du-niger\/"]}]},{"@type":"BreadcrumbList","@id":"https:\/\/www.salvaterra.fr\/fr\/references\/appui-a-la-mise-en-oeuvre-de-la-contribution-determinee-au-niveau-national-du-niger\/#breadcrumb","itemListElement":[{"@type":"ListItem","position":1,"name":"Accueil","item":"https:\/\/www.salvaterra.fr\/fr\/"},{"@type":"ListItem","position":2,"name":"R\u00e9f\u00e9rences","item":"https:\/\/www.salvaterra.fr\/fr\/references\/"},{"@type":"ListItem","position":3,"name":"Appui \u00e0 la mise en \u0153uvre de la Contribution d\u00e9termin\u00e9e au niveau national du Niger"}]},{"@type":"WebSite","@id":"https:\/\/www.salvaterra.fr\/fr\/#website","url":"https:\/\/www.salvaterra.fr\/fr\/","name":"SalvaTerra, Bureau d\u2019\u00e9tudes en environnement, for\u00eat, agriculture et d\u00e9veloppement rural","description":"","potentialAction":[{"@type":"SearchAction","target":{"@type":"EntryPoint","urlTemplate":"https:\/\/www.salvaterra.fr\/fr\/?s={search_term_string}"},"query-input":"required name=search_term_string"}],"inLanguage":"fr-FR"}]}},"pays":[173],"_links":{"self":[{"href":"https:\/\/www.salvaterra.fr\/fr\/wp-json\/wp\/v2\/references\/3133"}],"collection":[{"href":"https:\/\/www.salvaterra.fr\/fr\/wp-json\/wp\/v2\/references"}],"about":[{"href":"https:\/\/www.salvaterra.fr\/fr\/wp-json\/wp\/v2\/types\/references"}],"wp:attachment":[{"href":"https:\/\/www.salvaterra.fr\/fr\/wp-json\/wp\/v2\/media?parent=3133"}],"curies":[{"name":"wp","href":"https:\/\/api.w.org\/{rel}","templated":true}]}}

Appui à la mise en œuvre de la Contribution déterminée au niveau national du Niger

<!-- This site is optimized with the Yoast SEO plugin v22.4 - https://yoast.com/wordpress/plugins/seo/ -->
<title>Appui à la mise en œuvre de la Contribution déterminée au niveau national du Niger - SalvaTerra, Bureau d’études en environnement, forêt, agriculture et développement rural</title>
<meta name="description" content="Appui à la mise en œuvre de la Contribution déterminée au niveau national (CDN) du Niger, dans le cadre de l&#039;accord de Paris sur le climat : Vulgarisation de la CDN (collectivités locales et parlementaires) ; Suivi de la CDN (notamment les actions de restauration des terres dégradées) ; Intégration des enjeux climat dans les plans de développement communaux ; Élaboration d&#039;une stratégie d&#039;adaptation de l&#039;agriculture ; Capitalisation sur les pratiques de gestion durable des terres." />
<meta name="robots" content="index, follow, max-snippet:-1, max-image-preview:large, max-video-preview:-1" />
<link rel="canonical" href="https://www.salvaterra.fr/fr/references/appui-a-la-mise-en-oeuvre-de-la-contribution-determinee-au-niveau-national-du-niger/" />
<meta property="og:locale" content="fr_FR" />
<meta property="og:type" content="article" />
<meta property="og:title" content="Appui à la mise en œuvre de la Contribution déterminée au niveau national du Niger - SalvaTerra, Bureau d’études en environnement, forêt, agriculture et développement rural" />
<meta property="og:description" content="Appui à la mise en œuvre de la Contribution déterminée au niveau national (CDN) du Niger, dans le cadre de l&#039;accord de Paris sur le climat : Vulgarisation de la CDN (collectivités locales et parlementaires) ; Suivi de la CDN (notamment les actions de restauration des terres dégradées) ; Intégration des enjeux climat dans les plans de développement communaux ; Élaboration d&#039;une stratégie d&#039;adaptation de l&#039;agriculture ; Capitalisation sur les pratiques de gestion durable des terres." />
<meta property="og:url" content="https://www.salvaterra.fr/fr/references/appui-a-la-mise-en-oeuvre-de-la-contribution-determinee-au-niveau-national-du-niger/" />
<meta property="og:site_name" content="SalvaTerra, Bureau d’études en environnement, forêt, agriculture et développement rural" />
<meta property="article:modified_time" content="2023-09-12T13:21:43+00:00" />
<meta property="og:image" content="https://www.salvaterra.fr/wp-content/uploads/2021/07/screenshot.png" />
	<meta property="og:image:width" content="880" />
	<meta property="og:image:height" content="660" />
	<meta property="og:image:type" content="image/png" />
<meta name="twitter:card" content="summary_large_image" />
<script type="application/ld+json" class="yoast-schema-graph">{"@context":"https://schema.org","@graph":[{"@type":"WebPage","@id":"https://www.salvaterra.fr/fr/references/appui-a-la-mise-en-oeuvre-de-la-contribution-determinee-au-niveau-national-du-niger/","url":"https://www.salvaterra.fr/fr/references/appui-a-la-mise-en-oeuvre-de-la-contribution-determinee-au-niveau-national-du-niger/","name":"Appui à la mise en œuvre de la Contribution déterminée au niveau national du Niger - SalvaTerra, Bureau d’études en environnement, forêt, agriculture et développement rural","isPartOf":{"@id":"https://www.salvaterra.fr/fr/#website"},"datePublished":"2018-04-01T08:00:00+00:00","dateModified":"2023-09-12T13:21:43+00:00","description":"Appui à la mise en œuvre de la Contribution déterminée au niveau national (CDN) du Niger, dans le cadre de l'accord de Paris sur le climat : Vulgarisation de la CDN (collectivités locales et parlementaires) ; Suivi de la CDN (notamment les actions de restauration des terres dégradées) ; Intégration des enjeux climat dans les plans de développement communaux ; Élaboration d'une stratégie d'adaptation de l'agriculture ; Capitalisation sur les pratiques de gestion durable des terres.","breadcrumb":{"@id":"https://www.salvaterra.fr/fr/references/appui-a-la-mise-en-oeuvre-de-la-contribution-determinee-au-niveau-national-du-niger/#breadcrumb"},"inLanguage":"fr-FR","potentialAction":[{"@type":"ReadAction","target":["https://www.salvaterra.fr/fr/references/appui-a-la-mise-en-oeuvre-de-la-contribution-determinee-au-niveau-national-du-niger/"]}]},{"@type":"BreadcrumbList","@id":"https://www.salvaterra.fr/fr/references/appui-a-la-mise-en-oeuvre-de-la-contribution-determinee-au-niveau-national-du-niger/#breadcrumb","itemListElement":[{"@type":"ListItem","position":1,"name":"Accueil","item":"https://www.salvaterra.fr/fr/"},{"@type":"ListItem","position":2,"name":"Références","item":"https://www.salvaterra.fr/fr/references/"},{"@type":"ListItem","position":3,"name":"Appui à la mise en œuvre de la Contribution déterminée au niveau national du Niger"}]},{"@type":"WebSite","@id":"https://www.salvaterra.fr/fr/#website","url":"https://www.salvaterra.fr/fr/","name":"SalvaTerra, Bureau d’études en environnement, forêt, agriculture et développement rural","description":"","potentialAction":[{"@type":"SearchAction","target":{"@type":"EntryPoint","urlTemplate":"https://www.salvaterra.fr/fr/?s={search_term_string}"},"query-input":"required name=search_term_string"}],"inLanguage":"fr-FR"}]}</script>
<!-- / Yoast SEO plugin. -->

Appui à la mise en œuvre de la Contribution déterminée au niveau national du Niger - SalvaTerra, Bureau d’études en environnement, forêt, agriculture et développement rural

Appui à la mise en œuvre de la Contribution déterminée au niveau national (CDN) du Niger, dans le cadre de l'accord de Paris sur le climat : Vulgarisation de la CDN (collectivités locales et parlementaires) ; Suivi de la CDN (notamment les actions de restauration des terres dégradées) ; Intégration des enjeux climat dans les plans de développement communaux ; Élaboration d'une stratégie d'adaptation de l'agriculture ; Capitalisation sur les pratiques de gestion durable des terres.

SalvaTerra, Bureau d’études en environnement, forêt, agriculture et développement rural

Références
