{"id":3118,"date":"2017-04-01T10:00:00","date_gmt":"2017-04-01T08:00:00","guid":{"rendered":"https:\/\/www.salvaterra.fr\/?post_type=references&#038;p=3118"},"modified":"2025-03-23T20:04:46","modified_gmt":"2025-03-23T19:04:46","slug":"formation-a-lagriculture-intelligente-face-au-climat-denseignants-et-eleves-ingenieurs-agronomes","status":"publish","type":"references","link":"https:\/\/www.salvaterra.fr\/fr\/references\/formation-a-lagriculture-intelligente-face-au-climat-denseignants-et-eleves-ingenieurs-agronomes\/","title":{"rendered":"Formation \u00e0 l&rsquo;agriculture intelligente face au climat d&rsquo;enseignants et \u00e9l\u00e8ves ing\u00e9nieurs agronomes"},"template":"","acf":[],"yoast_head":"<!-- This site is optimized with the Yoast SEO plugin v22.4 - https:\/\/yoast.com\/wordpress\/plugins\/seo\/ -->\n<title>Formation \u00e0 l&#039;agriculture intelligente face au climat d&#039;enseignants et \u00e9l\u00e8ves ing\u00e9nieurs agronomes - SalvaTerra, Bureau d\u2019\u00e9tudes en environnement, for\u00eat, agriculture et d\u00e9veloppement rural<\/title>\n<meta name=\"description\" content=\"Formation \u00e0 l&#039;agriculture intelligente face au climat d&#039;enseignants et \u00e9l\u00e8ves ing\u00e9nieurs agronomes de l&#039;Institut sup\u00e9rieur agronomique et v\u00e9t\u00e9rinaire de Faranah (ISAV-F) : Concept, pratiques et technologies de l&#039;AIC ; M\u00e9thodes d&#039;\u00e9valuation des piliers de l&#039;AIC productivit\u00e9\/revenus\/s\u00e9curit\u00e9 alimentaire, adaptation et att\u00e9nuation ; M\u00e9thodologie de r\u00e9alisation d&#039;un plan d&#039;AIC ; Outils et m\u00e9thodes du CGIAR-CCAFS et autres : CSA Proritization Framework, Mitigation Optimization Tool, CSA Rapid Appraisal, etc.\" \/>\n<meta name=\"robots\" content=\"index, follow, max-snippet:-1, max-image-preview:large, max-video-preview:-1\" \/>\n<link rel=\"canonical\" href=\"https:\/\/www.salvaterra.fr\/fr\/references\/formation-a-lagriculture-intelligente-face-au-climat-denseignants-et-eleves-ingenieurs-agronomes\/\" \/>\n<meta property=\"og:locale\" content=\"fr_FR\" \/>\n<meta property=\"og:type\" content=\"article\" \/>\n<meta property=\"og:title\" content=\"Formation \u00e0 l&#039;agriculture intelligente face au climat d&#039;enseignants et \u00e9l\u00e8ves ing\u00e9nieurs agronomes - SalvaTerra, Bureau d\u2019\u00e9tudes en environnement, for\u00eat, agriculture et d\u00e9veloppement rural\" \/>\n<meta property=\"og:description\" content=\"Formation \u00e0 l&#039;agriculture intelligente face au climat d&#039;enseignants et \u00e9l\u00e8ves ing\u00e9nieurs agronomes de l&#039;Institut sup\u00e9rieur agronomique et v\u00e9t\u00e9rinaire de Faranah (ISAV-F) : Concept, pratiques et technologies de l&#039;AIC ; M\u00e9thodes d&#039;\u00e9valuation des piliers de l&#039;AIC productivit\u00e9\/revenus\/s\u00e9curit\u00e9 alimentaire, adaptation et att\u00e9nuation ; M\u00e9thodologie de r\u00e9alisation d&#039;un plan d&#039;AIC ; Outils et m\u00e9thodes du CGIAR-CCAFS et autres : CSA Proritization Framework, Mitigation Optimization Tool, CSA Rapid Appraisal, etc.\" \/>\n<meta property=\"og:url\" content=\"https:\/\/www.salvaterra.fr\/fr\/references\/formation-a-lagriculture-intelligente-face-au-climat-denseignants-et-eleves-ingenieurs-agronomes\/\" \/>\n<meta property=\"og:site_name\" content=\"SalvaTerra, Bureau d\u2019\u00e9tudes en environnement, for\u00eat, agriculture et d\u00e9veloppement rural\" \/>\n<meta property=\"article:modified_time\" content=\"2025-03-23T19:04:46+00:00\" \/>\n<meta property=\"og:image\" content=\"https:\/\/www.salvaterra.fr\/wp-content\/uploads\/2021\/07\/screenshot.png\" \/>\n\t<meta property=\"og:image:width\" content=\"880\" \/>\n\t<meta property=\"og:image:height\" content=\"660\" \/>\n\t<meta property=\"og:image:type\" content=\"image\/png\" \/>\n<meta name=\"twitter:card\" content=\"summary_large_image\" \/>\n<script type=\"application\/ld+json\" class=\"yoast-schema-graph\">{\"@context\":\"https:\/\/schema.org\",\"@graph\":[{\"@type\":\"WebPage\",\"@id\":\"https:\/\/www.salvaterra.fr\/fr\/references\/formation-a-lagriculture-intelligente-face-au-climat-denseignants-et-eleves-ingenieurs-agronomes\/\",\"url\":\"https:\/\/www.salvaterra.fr\/fr\/references\/formation-a-lagriculture-intelligente-face-au-climat-denseignants-et-eleves-ingenieurs-agronomes\/\",\"name\":\"Formation \u00e0 l'agriculture intelligente face au climat d'enseignants et \u00e9l\u00e8ves ing\u00e9nieurs agronomes - SalvaTerra, Bureau d\u2019\u00e9tudes en environnement, for\u00eat, agriculture et d\u00e9veloppement rural\",\"isPartOf\":{\"@id\":\"https:\/\/www.salvaterra.fr\/fr\/#website\"},\"datePublished\":\"2017-04-01T08:00:00+00:00\",\"dateModified\":\"2025-03-23T19:04:46+00:00\",\"description\":\"Formation \u00e0 l'agriculture intelligente face au climat d'enseignants et \u00e9l\u00e8ves ing\u00e9nieurs agronomes de l'Institut sup\u00e9rieur agronomique et v\u00e9t\u00e9rinaire de Faranah (ISAV-F) : Concept, pratiques et technologies de l'AIC ; M\u00e9thodes d'\u00e9valuation des piliers de l'AIC productivit\u00e9\/revenus\/s\u00e9curit\u00e9 alimentaire, adaptation et att\u00e9nuation ; M\u00e9thodologie de r\u00e9alisation d'un plan d'AIC ; Outils et m\u00e9thodes du CGIAR-CCAFS et autres : CSA Proritization Framework, Mitigation Optimization Tool, CSA Rapid Appraisal, etc.\",\"breadcrumb\":{\"@id\":\"https:\/\/www.salvaterra.fr\/fr\/references\/formation-a-lagriculture-intelligente-face-au-climat-denseignants-et-eleves-ingenieurs-agronomes\/#breadcrumb\"},\"inLanguage\":\"fr-FR\",\"potentialAction\":[{\"@type\":\"ReadAction\",\"target\":[\"https:\/\/www.salvaterra.fr\/fr\/references\/formation-a-lagriculture-intelligente-face-au-climat-denseignants-et-eleves-ingenieurs-agronomes\/\"]}]},{\"@type\":\"BreadcrumbList\",\"@id\":\"https:\/\/www.salvaterra.fr\/fr\/references\/formation-a-lagriculture-intelligente-face-au-climat-denseignants-et-eleves-ingenieurs-agronomes\/#breadcrumb\",\"itemListElement\":[{\"@type\":\"ListItem\",\"position\":1,\"name\":\"Accueil\",\"item\":\"https:\/\/www.salvaterra.fr\/fr\/\"},{\"@type\":\"ListItem\",\"position\":2,\"name\":\"R\u00e9f\u00e9rences\",\"item\":\"https:\/\/www.salvaterra.fr\/fr\/references\/\"},{\"@type\":\"ListItem\",\"position\":3,\"name\":\"Formation \u00e0 l&rsquo;agriculture intelligente face au climat d&rsquo;enseignants et \u00e9l\u00e8ves ing\u00e9nieurs agronomes\"}]},{\"@type\":\"WebSite\",\"@id\":\"https:\/\/www.salvaterra.fr\/fr\/#website\",\"url\":\"https:\/\/www.salvaterra.fr\/fr\/\",\"name\":\"SalvaTerra, Bureau d\u2019\u00e9tudes en environnement, for\u00eat, agriculture et d\u00e9veloppement rural\",\"description\":\"\",\"potentialAction\":[{\"@type\":\"SearchAction\",\"target\":{\"@type\":\"EntryPoint\",\"urlTemplate\":\"https:\/\/www.salvaterra.fr\/fr\/?s={search_term_string}\"},\"query-input\":\"required name=search_term_string\"}],\"inLanguage\":\"fr-FR\"}]}<\/script>\n<!-- \/ Yoast SEO plugin. -->","yoast_head_json":{"title":"Formation \u00e0 l'agriculture intelligente face au climat d'enseignants et \u00e9l\u00e8ves ing\u00e9nieurs agronomes - SalvaTerra, Bureau d\u2019\u00e9tudes en environnement, for\u00eat, agriculture et d\u00e9veloppement rural","description":"Formation \u00e0 l'agriculture intelligente face au climat d'enseignants et \u00e9l\u00e8ves ing\u00e9nieurs agronomes de l'Institut sup\u00e9rieur agronomique et v\u00e9t\u00e9rinaire de Faranah (ISAV-F) : Concept, pratiques et technologies de l'AIC ; M\u00e9thodes d'\u00e9valuation des piliers de l'AIC productivit\u00e9\/revenus\/s\u00e9curit\u00e9 alimentaire, adaptation et att\u00e9nuation ; M\u00e9thodologie de r\u00e9alisation d'un plan d'AIC ; Outils et m\u00e9thodes du CGIAR-CCAFS et autres : CSA Proritization Framework, Mitigation Optimization Tool, CSA Rapid Appraisal, etc.","robots":{"index":"index","follow":"follow","max-snippet":"max-snippet:-1","max-image-preview":"max-image-preview:large","max-video-preview":"max-video-preview:-1"},"canonical":"https:\/\/www.salvaterra.fr\/fr\/references\/formation-a-lagriculture-intelligente-face-au-climat-denseignants-et-eleves-ingenieurs-agronomes\/","og_locale":"fr_FR","og_type":"article","og_title":"Formation \u00e0 l'agriculture intelligente face au climat d'enseignants et \u00e9l\u00e8ves ing\u00e9nieurs agronomes - SalvaTerra, Bureau d\u2019\u00e9tudes en environnement, for\u00eat, agriculture et d\u00e9veloppement rural","og_description":"Formation \u00e0 l'agriculture intelligente face au climat d'enseignants et \u00e9l\u00e8ves ing\u00e9nieurs agronomes de l'Institut sup\u00e9rieur agronomique et v\u00e9t\u00e9rinaire de Faranah (ISAV-F) : Concept, pratiques et technologies de l'AIC ; M\u00e9thodes d'\u00e9valuation des piliers de l'AIC productivit\u00e9\/revenus\/s\u00e9curit\u00e9 alimentaire, adaptation et att\u00e9nuation ; M\u00e9thodologie de r\u00e9alisation d'un plan d'AIC ; Outils et m\u00e9thodes du CGIAR-CCAFS et autres : CSA Proritization Framework, Mitigation Optimization Tool, CSA Rapid Appraisal, etc.","og_url":"https:\/\/www.salvaterra.fr\/fr\/references\/formation-a-lagriculture-intelligente-face-au-climat-denseignants-et-eleves-ingenieurs-agronomes\/","og_site_name":"SalvaTerra, Bureau d\u2019\u00e9tudes en environnement, for\u00eat, agriculture et d\u00e9veloppement rural","article_modified_time":"2025-03-23T19:04:46+00:00","og_image":[{"width":880,"height":660,"url":"https:\/\/www.salvaterra.fr\/wp-content\/uploads\/2021\/07\/screenshot.png","type":"image\/png"}],"twitter_card":"summary_large_image","schema":{"@context":"https:\/\/schema.org","@graph":[{"@type":"WebPage","@id":"https:\/\/www.salvaterra.fr\/fr\/references\/formation-a-lagriculture-intelligente-face-au-climat-denseignants-et-eleves-ingenieurs-agronomes\/","url":"https:\/\/www.salvaterra.fr\/fr\/references\/formation-a-lagriculture-intelligente-face-au-climat-denseignants-et-eleves-ingenieurs-agronomes\/","name":"Formation \u00e0 l'agriculture intelligente face au climat d'enseignants et \u00e9l\u00e8ves ing\u00e9nieurs agronomes - SalvaTerra, Bureau d\u2019\u00e9tudes en environnement, for\u00eat, agriculture et d\u00e9veloppement rural","isPartOf":{"@id":"https:\/\/www.salvaterra.fr\/fr\/#website"},"datePublished":"2017-04-01T08:00:00+00:00","dateModified":"2025-03-23T19:04:46+00:00","description":"Formation \u00e0 l'agriculture intelligente face au climat d'enseignants et \u00e9l\u00e8ves ing\u00e9nieurs agronomes de l'Institut sup\u00e9rieur agronomique et v\u00e9t\u00e9rinaire de Faranah (ISAV-F) : Concept, pratiques et technologies de l'AIC ; M\u00e9thodes d'\u00e9valuation des piliers de l'AIC productivit\u00e9\/revenus\/s\u00e9curit\u00e9 alimentaire, adaptation et att\u00e9nuation ; M\u00e9thodologie de r\u00e9alisation d'un plan d'AIC ; Outils et m\u00e9thodes du CGIAR-CCAFS et autres : CSA Proritization Framework, Mitigation Optimization Tool, CSA Rapid Appraisal, etc.","breadcrumb":{"@id":"https:\/\/www.salvaterra.fr\/fr\/references\/formation-a-lagriculture-intelligente-face-au-climat-denseignants-et-eleves-ingenieurs-agronomes\/#breadcrumb"},"inLanguage":"fr-FR","potentialAction":[{"@type":"ReadAction","target":["https:\/\/www.salvaterra.fr\/fr\/references\/formation-a-lagriculture-intelligente-face-au-climat-denseignants-et-eleves-ingenieurs-agronomes\/"]}]},{"@type":"BreadcrumbList","@id":"https:\/\/www.salvaterra.fr\/fr\/references\/formation-a-lagriculture-intelligente-face-au-climat-denseignants-et-eleves-ingenieurs-agronomes\/#breadcrumb","itemListElement":[{"@type":"ListItem","position":1,"name":"Accueil","item":"https:\/\/www.salvaterra.fr\/fr\/"},{"@type":"ListItem","position":2,"name":"R\u00e9f\u00e9rences","item":"https:\/\/www.salvaterra.fr\/fr\/references\/"},{"@type":"ListItem","position":3,"name":"Formation \u00e0 l&rsquo;agriculture intelligente face au climat d&rsquo;enseignants et \u00e9l\u00e8ves ing\u00e9nieurs agronomes"}]},{"@type":"WebSite","@id":"https:\/\/www.salvaterra.fr\/fr\/#website","url":"https:\/\/www.salvaterra.fr\/fr\/","name":"SalvaTerra, Bureau d\u2019\u00e9tudes en environnement, for\u00eat, agriculture et d\u00e9veloppement rural","description":"","potentialAction":[{"@type":"SearchAction","target":{"@type":"EntryPoint","urlTemplate":"https:\/\/www.salvaterra.fr\/fr\/?s={search_term_string}"},"query-input":"required name=search_term_string"}],"inLanguage":"fr-FR"}]}},"pays":[106],"_links":{"self":[{"href":"https:\/\/www.salvaterra.fr\/fr\/wp-json\/wp\/v2\/references\/3118"}],"collection":[{"href":"https:\/\/www.salvaterra.fr\/fr\/wp-json\/wp\/v2\/references"}],"about":[{"href":"https:\/\/www.salvaterra.fr\/fr\/wp-json\/wp\/v2\/types\/references"}],"wp:attachment":[{"href":"https:\/\/www.salvaterra.fr\/fr\/wp-json\/wp\/v2\/media?parent=3118"}],"curies":[{"name":"wp","href":"https:\/\/api.w.org\/{rel}","templated":true}]}}

Formation à l&rsquo;agriculture intelligente face au climat d&rsquo;enseignants et élèves ingénieurs agronomes

<!-- This site is optimized with the Yoast SEO plugin v22.4 - https://yoast.com/wordpress/plugins/seo/ -->
<title>Formation à l&#039;agriculture intelligente face au climat d&#039;enseignants et élèves ingénieurs agronomes - SalvaTerra, Bureau d’études en environnement, forêt, agriculture et développement rural</title>
<meta name="description" content="Formation à l&#039;agriculture intelligente face au climat d&#039;enseignants et élèves ingénieurs agronomes de l&#039;Institut supérieur agronomique et vétérinaire de Faranah (ISAV-F) : Concept, pratiques et technologies de l&#039;AIC ; Méthodes d&#039;évaluation des piliers de l&#039;AIC productivité/revenus/sécurité alimentaire, adaptation et atténuation ; Méthodologie de réalisation d&#039;un plan d&#039;AIC ; Outils et méthodes du CGIAR-CCAFS et autres : CSA Proritization Framework, Mitigation Optimization Tool, CSA Rapid Appraisal, etc." />
<meta name="robots" content="index, follow, max-snippet:-1, max-image-preview:large, max-video-preview:-1" />
<link rel="canonical" href="https://www.salvaterra.fr/fr/references/formation-a-lagriculture-intelligente-face-au-climat-denseignants-et-eleves-ingenieurs-agronomes/" />
<meta property="og:locale" content="fr_FR" />
<meta property="og:type" content="article" />
<meta property="og:title" content="Formation à l&#039;agriculture intelligente face au climat d&#039;enseignants et élèves ingénieurs agronomes - SalvaTerra, Bureau d’études en environnement, forêt, agriculture et développement rural" />
<meta property="og:description" content="Formation à l&#039;agriculture intelligente face au climat d&#039;enseignants et élèves ingénieurs agronomes de l&#039;Institut supérieur agronomique et vétérinaire de Faranah (ISAV-F) : Concept, pratiques et technologies de l&#039;AIC ; Méthodes d&#039;évaluation des piliers de l&#039;AIC productivité/revenus/sécurité alimentaire, adaptation et atténuation ; Méthodologie de réalisation d&#039;un plan d&#039;AIC ; Outils et méthodes du CGIAR-CCAFS et autres : CSA Proritization Framework, Mitigation Optimization Tool, CSA Rapid Appraisal, etc." />
<meta property="og:url" content="https://www.salvaterra.fr/fr/references/formation-a-lagriculture-intelligente-face-au-climat-denseignants-et-eleves-ingenieurs-agronomes/" />
<meta property="og:site_name" content="SalvaTerra, Bureau d’études en environnement, forêt, agriculture et développement rural" />
<meta property="article:modified_time" content="2025-03-23T19:04:46+00:00" />
<meta property="og:image" content="https://www.salvaterra.fr/wp-content/uploads/2021/07/screenshot.png" />
	<meta property="og:image:width" content="880" />
	<meta property="og:image:height" content="660" />
	<meta property="og:image:type" content="image/png" />
<meta name="twitter:card" content="summary_large_image" />
<script type="application/ld+json" class="yoast-schema-graph">{"@context":"https://schema.org","@graph":[{"@type":"WebPage","@id":"https://www.salvaterra.fr/fr/references/formation-a-lagriculture-intelligente-face-au-climat-denseignants-et-eleves-ingenieurs-agronomes/","url":"https://www.salvaterra.fr/fr/references/formation-a-lagriculture-intelligente-face-au-climat-denseignants-et-eleves-ingenieurs-agronomes/","name":"Formation à l'agriculture intelligente face au climat d'enseignants et élèves ingénieurs agronomes - SalvaTerra, Bureau d’études en environnement, forêt, agriculture et développement rural","isPartOf":{"@id":"https://www.salvaterra.fr/fr/#website"},"datePublished":"2017-04-01T08:00:00+00:00","dateModified":"2025-03-23T19:04:46+00:00","description":"Formation à l'agriculture intelligente face au climat d'enseignants et élèves ingénieurs agronomes de l'Institut supérieur agronomique et vétérinaire de Faranah (ISAV-F) : Concept, pratiques et technologies de l'AIC ; Méthodes d'évaluation des piliers de l'AIC productivité/revenus/sécurité alimentaire, adaptation et atténuation ; Méthodologie de réalisation d'un plan d'AIC ; Outils et méthodes du CGIAR-CCAFS et autres : CSA Proritization Framework, Mitigation Optimization Tool, CSA Rapid Appraisal, etc.","breadcrumb":{"@id":"https://www.salvaterra.fr/fr/references/formation-a-lagriculture-intelligente-face-au-climat-denseignants-et-eleves-ingenieurs-agronomes/#breadcrumb"},"inLanguage":"fr-FR","potentialAction":[{"@type":"ReadAction","target":["https://www.salvaterra.fr/fr/references/formation-a-lagriculture-intelligente-face-au-climat-denseignants-et-eleves-ingenieurs-agronomes/"]}]},{"@type":"BreadcrumbList","@id":"https://www.salvaterra.fr/fr/references/formation-a-lagriculture-intelligente-face-au-climat-denseignants-et-eleves-ingenieurs-agronomes/#breadcrumb","itemListElement":[{"@type":"ListItem","position":1,"name":"Accueil","item":"https://www.salvaterra.fr/fr/"},{"@type":"ListItem","position":2,"name":"Références","item":"https://www.salvaterra.fr/fr/references/"},{"@type":"ListItem","position":3,"name":"Formation à l&rsquo;agriculture intelligente face au climat d&rsquo;enseignants et élèves ingénieurs agronomes"}]},{"@type":"WebSite","@id":"https://www.salvaterra.fr/fr/#website","url":"https://www.salvaterra.fr/fr/","name":"SalvaTerra, Bureau d’études en environnement, forêt, agriculture et développement rural","description":"","potentialAction":[{"@type":"SearchAction","target":{"@type":"EntryPoint","urlTemplate":"https://www.salvaterra.fr/fr/?s={search_term_string}"},"query-input":"required name=search_term_string"}],"inLanguage":"fr-FR"}]}</script>
<!-- / Yoast SEO plugin. -->

Formation à l'agriculture intelligente face au climat d'enseignants et élèves ingénieurs agronomes - SalvaTerra, Bureau d’études en environnement, forêt, agriculture et développement rural

Formation à l'agriculture intelligente face au climat d'enseignants et élèves ingénieurs agronomes de l'Institut supérieur agronomique et vétérinaire de Faranah (ISAV-F) : Concept, pratiques et technologies de l'AIC ; Méthodes d'évaluation des piliers de l'AIC productivité/revenus/sécurité alimentaire, adaptation et atténuation ; Méthodologie de réalisation d'un plan d'AIC ; Outils et méthodes du CGIAR-CCAFS et autres : CSA Proritization Framework, Mitigation Optimization Tool, CSA Rapid Appraisal, etc.

SalvaTerra, Bureau d’études en environnement, forêt, agriculture et développement rural

Références
