{"id":3114,"date":"2017-03-01T10:00:00","date_gmt":"2017-03-01T09:00:00","guid":{"rendered":"https:\/\/www.salvaterra.fr\/?post_type=references&#038;p=3114"},"modified":"2023-09-04T18:08:43","modified_gmt":"2023-09-04T16:08:43","slug":"etude-des-moteurs-de-la-deforestation-et-de-la-degradation-forestiere-a-madagascar","status":"publish","type":"references","link":"https:\/\/www.salvaterra.fr\/fr\/references\/etude-des-moteurs-de-la-deforestation-et-de-la-degradation-forestiere-a-madagascar\/","title":{"rendered":"\u00c9tude des moteurs de la d\u00e9forestation et de la d\u00e9gradation foresti\u00e8re \u00e0 Madagascar"},"template":"","acf":[],"yoast_head":"<!-- This site is optimized with the Yoast SEO plugin v22.4 - https:\/\/yoast.com\/wordpress\/plugins\/seo\/ -->\n<title>\u00c9tude des moteurs de la d\u00e9forestation et de la d\u00e9gradation foresti\u00e8re \u00e0 Madagascar - SalvaTerra, Bureau d\u2019\u00e9tudes en environnement, for\u00eat, agriculture et d\u00e9veloppement rural<\/title>\n<meta name=\"description\" content=\"\u00c9tude des moteurs de d\u00e9forestation et d\u00e9gradation foresti\u00e8re \u00e0 Madagascar (for\u00eats s\u00e8ches de l&#039;Ouest et for\u00eats humides de l&#039;Est) : Revue bibliographique exhaustive ; Enqu\u00eates de terrain fouill\u00e9es sur 10 points chauds de d\u00e9forestation ; Analyses spatiales (tests de corr\u00e9lation univari\u00e9e et multivari\u00e9e) en collaboration avec l&#039;Universit\u00e9 catholique de Louvain ; \u00c9laboration de cartes de risques de d\u00e9forestation ; \u00c9valuation des options strat\u00e9giques REDD+ (pertinence, faisabilit\u00e9 et efficacit\u00e9)\" \/>\n<meta name=\"robots\" content=\"index, follow, max-snippet:-1, max-image-preview:large, max-video-preview:-1\" \/>\n<link rel=\"canonical\" href=\"https:\/\/www.salvaterra.fr\/fr\/references\/etude-des-moteurs-de-la-deforestation-et-de-la-degradation-forestiere-a-madagascar\/\" \/>\n<meta property=\"og:locale\" content=\"fr_FR\" \/>\n<meta property=\"og:type\" content=\"article\" \/>\n<meta property=\"og:title\" content=\"\u00c9tude des moteurs de la d\u00e9forestation et de la d\u00e9gradation foresti\u00e8re \u00e0 Madagascar - SalvaTerra, Bureau d\u2019\u00e9tudes en environnement, for\u00eat, agriculture et d\u00e9veloppement rural\" \/>\n<meta property=\"og:description\" content=\"\u00c9tude des moteurs de d\u00e9forestation et d\u00e9gradation foresti\u00e8re \u00e0 Madagascar (for\u00eats s\u00e8ches de l&#039;Ouest et for\u00eats humides de l&#039;Est) : Revue bibliographique exhaustive ; Enqu\u00eates de terrain fouill\u00e9es sur 10 points chauds de d\u00e9forestation ; Analyses spatiales (tests de corr\u00e9lation univari\u00e9e et multivari\u00e9e) en collaboration avec l&#039;Universit\u00e9 catholique de Louvain ; \u00c9laboration de cartes de risques de d\u00e9forestation ; \u00c9valuation des options strat\u00e9giques REDD+ (pertinence, faisabilit\u00e9 et efficacit\u00e9)\" \/>\n<meta property=\"og:url\" content=\"https:\/\/www.salvaterra.fr\/fr\/references\/etude-des-moteurs-de-la-deforestation-et-de-la-degradation-forestiere-a-madagascar\/\" \/>\n<meta property=\"og:site_name\" content=\"SalvaTerra, Bureau d\u2019\u00e9tudes en environnement, for\u00eat, agriculture et d\u00e9veloppement rural\" \/>\n<meta property=\"article:modified_time\" content=\"2023-09-04T16:08:43+00:00\" \/>\n<meta property=\"og:image\" content=\"https:\/\/www.salvaterra.fr\/wp-content\/uploads\/2021\/07\/screenshot.png\" \/>\n\t<meta property=\"og:image:width\" content=\"880\" \/>\n\t<meta property=\"og:image:height\" content=\"660\" \/>\n\t<meta property=\"og:image:type\" content=\"image\/png\" \/>\n<meta name=\"twitter:card\" content=\"summary_large_image\" \/>\n<script type=\"application\/ld+json\" class=\"yoast-schema-graph\">{\"@context\":\"https:\/\/schema.org\",\"@graph\":[{\"@type\":\"WebPage\",\"@id\":\"https:\/\/www.salvaterra.fr\/fr\/references\/etude-des-moteurs-de-la-deforestation-et-de-la-degradation-forestiere-a-madagascar\/\",\"url\":\"https:\/\/www.salvaterra.fr\/fr\/references\/etude-des-moteurs-de-la-deforestation-et-de-la-degradation-forestiere-a-madagascar\/\",\"name\":\"\u00c9tude des moteurs de la d\u00e9forestation et de la d\u00e9gradation foresti\u00e8re \u00e0 Madagascar - SalvaTerra, Bureau d\u2019\u00e9tudes en environnement, for\u00eat, agriculture et d\u00e9veloppement rural\",\"isPartOf\":{\"@id\":\"https:\/\/www.salvaterra.fr\/fr\/#website\"},\"datePublished\":\"2017-03-01T09:00:00+00:00\",\"dateModified\":\"2023-09-04T16:08:43+00:00\",\"description\":\"\u00c9tude des moteurs de d\u00e9forestation et d\u00e9gradation foresti\u00e8re \u00e0 Madagascar (for\u00eats s\u00e8ches de l'Ouest et for\u00eats humides de l'Est) : Revue bibliographique exhaustive ; Enqu\u00eates de terrain fouill\u00e9es sur 10 points chauds de d\u00e9forestation ; Analyses spatiales (tests de corr\u00e9lation univari\u00e9e et multivari\u00e9e) en collaboration avec l'Universit\u00e9 catholique de Louvain ; \u00c9laboration de cartes de risques de d\u00e9forestation ; \u00c9valuation des options strat\u00e9giques REDD+ (pertinence, faisabilit\u00e9 et efficacit\u00e9)\",\"breadcrumb\":{\"@id\":\"https:\/\/www.salvaterra.fr\/fr\/references\/etude-des-moteurs-de-la-deforestation-et-de-la-degradation-forestiere-a-madagascar\/#breadcrumb\"},\"inLanguage\":\"fr-FR\",\"potentialAction\":[{\"@type\":\"ReadAction\",\"target\":[\"https:\/\/www.salvaterra.fr\/fr\/references\/etude-des-moteurs-de-la-deforestation-et-de-la-degradation-forestiere-a-madagascar\/\"]}]},{\"@type\":\"BreadcrumbList\",\"@id\":\"https:\/\/www.salvaterra.fr\/fr\/references\/etude-des-moteurs-de-la-deforestation-et-de-la-degradation-forestiere-a-madagascar\/#breadcrumb\",\"itemListElement\":[{\"@type\":\"ListItem\",\"position\":1,\"name\":\"Accueil\",\"item\":\"https:\/\/www.salvaterra.fr\/fr\/\"},{\"@type\":\"ListItem\",\"position\":2,\"name\":\"R\u00e9f\u00e9rences\",\"item\":\"https:\/\/www.salvaterra.fr\/fr\/references\/\"},{\"@type\":\"ListItem\",\"position\":3,\"name\":\"\u00c9tude des moteurs de la d\u00e9forestation et de la d\u00e9gradation foresti\u00e8re \u00e0 Madagascar\"}]},{\"@type\":\"WebSite\",\"@id\":\"https:\/\/www.salvaterra.fr\/fr\/#website\",\"url\":\"https:\/\/www.salvaterra.fr\/fr\/\",\"name\":\"SalvaTerra, Bureau d\u2019\u00e9tudes en environnement, for\u00eat, agriculture et d\u00e9veloppement rural\",\"description\":\"\",\"potentialAction\":[{\"@type\":\"SearchAction\",\"target\":{\"@type\":\"EntryPoint\",\"urlTemplate\":\"https:\/\/www.salvaterra.fr\/fr\/?s={search_term_string}\"},\"query-input\":\"required name=search_term_string\"}],\"inLanguage\":\"fr-FR\"}]}<\/script>\n<!-- \/ Yoast SEO plugin. -->","yoast_head_json":{"title":"\u00c9tude des moteurs de la d\u00e9forestation et de la d\u00e9gradation foresti\u00e8re \u00e0 Madagascar - SalvaTerra, Bureau d\u2019\u00e9tudes en environnement, for\u00eat, agriculture et d\u00e9veloppement rural","description":"\u00c9tude des moteurs de d\u00e9forestation et d\u00e9gradation foresti\u00e8re \u00e0 Madagascar (for\u00eats s\u00e8ches de l'Ouest et for\u00eats humides de l'Est) : Revue bibliographique exhaustive ; Enqu\u00eates de terrain fouill\u00e9es sur 10 points chauds de d\u00e9forestation ; Analyses spatiales (tests de corr\u00e9lation univari\u00e9e et multivari\u00e9e) en collaboration avec l'Universit\u00e9 catholique de Louvain ; \u00c9laboration de cartes de risques de d\u00e9forestation ; \u00c9valuation des options strat\u00e9giques REDD+ (pertinence, faisabilit\u00e9 et efficacit\u00e9)","robots":{"index":"index","follow":"follow","max-snippet":"max-snippet:-1","max-image-preview":"max-image-preview:large","max-video-preview":"max-video-preview:-1"},"canonical":"https:\/\/www.salvaterra.fr\/fr\/references\/etude-des-moteurs-de-la-deforestation-et-de-la-degradation-forestiere-a-madagascar\/","og_locale":"fr_FR","og_type":"article","og_title":"\u00c9tude des moteurs de la d\u00e9forestation et de la d\u00e9gradation foresti\u00e8re \u00e0 Madagascar - SalvaTerra, Bureau d\u2019\u00e9tudes en environnement, for\u00eat, agriculture et d\u00e9veloppement rural","og_description":"\u00c9tude des moteurs de d\u00e9forestation et d\u00e9gradation foresti\u00e8re \u00e0 Madagascar (for\u00eats s\u00e8ches de l'Ouest et for\u00eats humides de l'Est) : Revue bibliographique exhaustive ; Enqu\u00eates de terrain fouill\u00e9es sur 10 points chauds de d\u00e9forestation ; Analyses spatiales (tests de corr\u00e9lation univari\u00e9e et multivari\u00e9e) en collaboration avec l'Universit\u00e9 catholique de Louvain ; \u00c9laboration de cartes de risques de d\u00e9forestation ; \u00c9valuation des options strat\u00e9giques REDD+ (pertinence, faisabilit\u00e9 et efficacit\u00e9)","og_url":"https:\/\/www.salvaterra.fr\/fr\/references\/etude-des-moteurs-de-la-deforestation-et-de-la-degradation-forestiere-a-madagascar\/","og_site_name":"SalvaTerra, Bureau d\u2019\u00e9tudes en environnement, for\u00eat, agriculture et d\u00e9veloppement rural","article_modified_time":"2023-09-04T16:08:43+00:00","og_image":[{"width":880,"height":660,"url":"https:\/\/www.salvaterra.fr\/wp-content\/uploads\/2021\/07\/screenshot.png","type":"image\/png"}],"twitter_card":"summary_large_image","schema":{"@context":"https:\/\/schema.org","@graph":[{"@type":"WebPage","@id":"https:\/\/www.salvaterra.fr\/fr\/references\/etude-des-moteurs-de-la-deforestation-et-de-la-degradation-forestiere-a-madagascar\/","url":"https:\/\/www.salvaterra.fr\/fr\/references\/etude-des-moteurs-de-la-deforestation-et-de-la-degradation-forestiere-a-madagascar\/","name":"\u00c9tude des moteurs de la d\u00e9forestation et de la d\u00e9gradation foresti\u00e8re \u00e0 Madagascar - SalvaTerra, Bureau d\u2019\u00e9tudes en environnement, for\u00eat, agriculture et d\u00e9veloppement rural","isPartOf":{"@id":"https:\/\/www.salvaterra.fr\/fr\/#website"},"datePublished":"2017-03-01T09:00:00+00:00","dateModified":"2023-09-04T16:08:43+00:00","description":"\u00c9tude des moteurs de d\u00e9forestation et d\u00e9gradation foresti\u00e8re \u00e0 Madagascar (for\u00eats s\u00e8ches de l'Ouest et for\u00eats humides de l'Est) : Revue bibliographique exhaustive ; Enqu\u00eates de terrain fouill\u00e9es sur 10 points chauds de d\u00e9forestation ; Analyses spatiales (tests de corr\u00e9lation univari\u00e9e et multivari\u00e9e) en collaboration avec l'Universit\u00e9 catholique de Louvain ; \u00c9laboration de cartes de risques de d\u00e9forestation ; \u00c9valuation des options strat\u00e9giques REDD+ (pertinence, faisabilit\u00e9 et efficacit\u00e9)","breadcrumb":{"@id":"https:\/\/www.salvaterra.fr\/fr\/references\/etude-des-moteurs-de-la-deforestation-et-de-la-degradation-forestiere-a-madagascar\/#breadcrumb"},"inLanguage":"fr-FR","potentialAction":[{"@type":"ReadAction","target":["https:\/\/www.salvaterra.fr\/fr\/references\/etude-des-moteurs-de-la-deforestation-et-de-la-degradation-forestiere-a-madagascar\/"]}]},{"@type":"BreadcrumbList","@id":"https:\/\/www.salvaterra.fr\/fr\/references\/etude-des-moteurs-de-la-deforestation-et-de-la-degradation-forestiere-a-madagascar\/#breadcrumb","itemListElement":[{"@type":"ListItem","position":1,"name":"Accueil","item":"https:\/\/www.salvaterra.fr\/fr\/"},{"@type":"ListItem","position":2,"name":"R\u00e9f\u00e9rences","item":"https:\/\/www.salvaterra.fr\/fr\/references\/"},{"@type":"ListItem","position":3,"name":"\u00c9tude des moteurs de la d\u00e9forestation et de la d\u00e9gradation foresti\u00e8re \u00e0 Madagascar"}]},{"@type":"WebSite","@id":"https:\/\/www.salvaterra.fr\/fr\/#website","url":"https:\/\/www.salvaterra.fr\/fr\/","name":"SalvaTerra, Bureau d\u2019\u00e9tudes en environnement, for\u00eat, agriculture et d\u00e9veloppement rural","description":"","potentialAction":[{"@type":"SearchAction","target":{"@type":"EntryPoint","urlTemplate":"https:\/\/www.salvaterra.fr\/fr\/?s={search_term_string}"},"query-input":"required name=search_term_string"}],"inLanguage":"fr-FR"}]}},"pays":[145],"_links":{"self":[{"href":"https:\/\/www.salvaterra.fr\/fr\/wp-json\/wp\/v2\/references\/3114"}],"collection":[{"href":"https:\/\/www.salvaterra.fr\/fr\/wp-json\/wp\/v2\/references"}],"about":[{"href":"https:\/\/www.salvaterra.fr\/fr\/wp-json\/wp\/v2\/types\/references"}],"wp:attachment":[{"href":"https:\/\/www.salvaterra.fr\/fr\/wp-json\/wp\/v2\/media?parent=3114"}],"curies":[{"name":"wp","href":"https:\/\/api.w.org\/{rel}","templated":true}]}}

Étude des moteurs de la déforestation et de la dégradation forestière à Madagascar

<!-- This site is optimized with the Yoast SEO plugin v22.4 - https://yoast.com/wordpress/plugins/seo/ -->
<title>Étude des moteurs de la déforestation et de la dégradation forestière à Madagascar - SalvaTerra, Bureau d’études en environnement, forêt, agriculture et développement rural</title>
<meta name="description" content="Étude des moteurs de déforestation et dégradation forestière à Madagascar (forêts sèches de l&#039;Ouest et forêts humides de l&#039;Est) : Revue bibliographique exhaustive ; Enquêtes de terrain fouillées sur 10 points chauds de déforestation ; Analyses spatiales (tests de corrélation univariée et multivariée) en collaboration avec l&#039;Université catholique de Louvain ; Élaboration de cartes de risques de déforestation ; Évaluation des options stratégiques REDD+ (pertinence, faisabilité et efficacité)" />
<meta name="robots" content="index, follow, max-snippet:-1, max-image-preview:large, max-video-preview:-1" />
<link rel="canonical" href="https://www.salvaterra.fr/fr/references/etude-des-moteurs-de-la-deforestation-et-de-la-degradation-forestiere-a-madagascar/" />
<meta property="og:locale" content="fr_FR" />
<meta property="og:type" content="article" />
<meta property="og:title" content="Étude des moteurs de la déforestation et de la dégradation forestière à Madagascar - SalvaTerra, Bureau d’études en environnement, forêt, agriculture et développement rural" />
<meta property="og:description" content="Étude des moteurs de déforestation et dégradation forestière à Madagascar (forêts sèches de l&#039;Ouest et forêts humides de l&#039;Est) : Revue bibliographique exhaustive ; Enquêtes de terrain fouillées sur 10 points chauds de déforestation ; Analyses spatiales (tests de corrélation univariée et multivariée) en collaboration avec l&#039;Université catholique de Louvain ; Élaboration de cartes de risques de déforestation ; Évaluation des options stratégiques REDD+ (pertinence, faisabilité et efficacité)" />
<meta property="og:url" content="https://www.salvaterra.fr/fr/references/etude-des-moteurs-de-la-deforestation-et-de-la-degradation-forestiere-a-madagascar/" />
<meta property="og:site_name" content="SalvaTerra, Bureau d’études en environnement, forêt, agriculture et développement rural" />
<meta property="article:modified_time" content="2023-09-04T16:08:43+00:00" />
<meta property="og:image" content="https://www.salvaterra.fr/wp-content/uploads/2021/07/screenshot.png" />
	<meta property="og:image:width" content="880" />
	<meta property="og:image:height" content="660" />
	<meta property="og:image:type" content="image/png" />
<meta name="twitter:card" content="summary_large_image" />
<script type="application/ld+json" class="yoast-schema-graph">{"@context":"https://schema.org","@graph":[{"@type":"WebPage","@id":"https://www.salvaterra.fr/fr/references/etude-des-moteurs-de-la-deforestation-et-de-la-degradation-forestiere-a-madagascar/","url":"https://www.salvaterra.fr/fr/references/etude-des-moteurs-de-la-deforestation-et-de-la-degradation-forestiere-a-madagascar/","name":"Étude des moteurs de la déforestation et de la dégradation forestière à Madagascar - SalvaTerra, Bureau d’études en environnement, forêt, agriculture et développement rural","isPartOf":{"@id":"https://www.salvaterra.fr/fr/#website"},"datePublished":"2017-03-01T09:00:00+00:00","dateModified":"2023-09-04T16:08:43+00:00","description":"Étude des moteurs de déforestation et dégradation forestière à Madagascar (forêts sèches de l'Ouest et forêts humides de l'Est) : Revue bibliographique exhaustive ; Enquêtes de terrain fouillées sur 10 points chauds de déforestation ; Analyses spatiales (tests de corrélation univariée et multivariée) en collaboration avec l'Université catholique de Louvain ; Élaboration de cartes de risques de déforestation ; Évaluation des options stratégiques REDD+ (pertinence, faisabilité et efficacité)","breadcrumb":{"@id":"https://www.salvaterra.fr/fr/references/etude-des-moteurs-de-la-deforestation-et-de-la-degradation-forestiere-a-madagascar/#breadcrumb"},"inLanguage":"fr-FR","potentialAction":[{"@type":"ReadAction","target":["https://www.salvaterra.fr/fr/references/etude-des-moteurs-de-la-deforestation-et-de-la-degradation-forestiere-a-madagascar/"]}]},{"@type":"BreadcrumbList","@id":"https://www.salvaterra.fr/fr/references/etude-des-moteurs-de-la-deforestation-et-de-la-degradation-forestiere-a-madagascar/#breadcrumb","itemListElement":[{"@type":"ListItem","position":1,"name":"Accueil","item":"https://www.salvaterra.fr/fr/"},{"@type":"ListItem","position":2,"name":"Références","item":"https://www.salvaterra.fr/fr/references/"},{"@type":"ListItem","position":3,"name":"Étude des moteurs de la déforestation et de la dégradation forestière à Madagascar"}]},{"@type":"WebSite","@id":"https://www.salvaterra.fr/fr/#website","url":"https://www.salvaterra.fr/fr/","name":"SalvaTerra, Bureau d’études en environnement, forêt, agriculture et développement rural","description":"","potentialAction":[{"@type":"SearchAction","target":{"@type":"EntryPoint","urlTemplate":"https://www.salvaterra.fr/fr/?s={search_term_string}"},"query-input":"required name=search_term_string"}],"inLanguage":"fr-FR"}]}</script>
<!-- / Yoast SEO plugin. -->

Étude des moteurs de la déforestation et de la dégradation forestière à Madagascar - SalvaTerra, Bureau d’études en environnement, forêt, agriculture et développement rural

Étude des moteurs de déforestation et dégradation forestière à Madagascar (forêts sèches de l'Ouest et forêts humides de l'Est) : Revue bibliographique exhaustive ; Enquêtes de terrain fouillées sur 10 points chauds de déforestation ; Analyses spatiales (tests de corrélation univariée et multivariée) en collaboration avec l'Université catholique de Louvain ; Élaboration de cartes de risques de déforestation ; Évaluation des options stratégiques REDD+ (pertinence, faisabilité et efficacité)

SalvaTerra, Bureau d’études en environnement, forêt, agriculture et développement rural

Références
