{"id":3081,"date":"2013-05-01T10:00:00","date_gmt":"2013-05-01T08:00:00","guid":{"rendered":"https:\/\/www.salvaterra.fr\/?post_type=references&#038;p=3081"},"modified":"2023-06-06T14:23:44","modified_gmt":"2023-06-06T12:23:44","slug":"etude-sur-le-partage-des-benefices-redd","status":"publish","type":"references","link":"https:\/\/www.salvaterra.fr\/fr\/references\/etude-sur-le-partage-des-benefices-redd\/","title":{"rendered":"\u00c9tude sur le partage des b\u00e9n\u00e9fices carbone de sept projets REDD+"},"template":"","acf":[],"yoast_head":"<!-- This site is optimized with the Yoast SEO plugin v22.4 - https:\/\/yoast.com\/wordpress\/plugins\/seo\/ -->\n<title>\u00c9tude sur le partage des b\u00e9n\u00e9fices carbone de sept projets REDD+ - SalvaTerra, Bureau d\u2019\u00e9tudes en environnement, for\u00eat, agriculture et d\u00e9veloppement rural<\/title>\n<meta name=\"description\" content=\"\u00c9tude des droits carbone et des m\u00e9canismes de partage des b\u00e9n\u00e9fices carbone dans huit projets REDD+ au Kenya : Analyse approfondie des projets ; Recommandations en mati\u00e8re d&#039;identification du droit du carbone (statut juridique, assise sur le droit foncier et le droit d&#039;usage, etc.) ; Recommandations en mati\u00e8re de partage des b\u00e9n\u00e9fices REDD+ (biens et services \u00e0 consid\u00e9rer, part revenant aux communaut\u00e9s locales, respect du CLIP, etc.)\" \/>\n<meta name=\"robots\" content=\"index, follow, max-snippet:-1, max-image-preview:large, max-video-preview:-1\" \/>\n<link rel=\"canonical\" href=\"https:\/\/www.salvaterra.fr\/fr\/references\/etude-sur-le-partage-des-benefices-redd\/\" \/>\n<meta property=\"og:locale\" content=\"fr_FR\" \/>\n<meta property=\"og:type\" content=\"article\" \/>\n<meta property=\"og:title\" content=\"\u00c9tude sur le partage des b\u00e9n\u00e9fices carbone de sept projets REDD+ - SalvaTerra, Bureau d\u2019\u00e9tudes en environnement, for\u00eat, agriculture et d\u00e9veloppement rural\" \/>\n<meta property=\"og:description\" content=\"\u00c9tude des droits carbone et des m\u00e9canismes de partage des b\u00e9n\u00e9fices carbone dans huit projets REDD+ au Kenya : Analyse approfondie des projets ; Recommandations en mati\u00e8re d&#039;identification du droit du carbone (statut juridique, assise sur le droit foncier et le droit d&#039;usage, etc.) ; Recommandations en mati\u00e8re de partage des b\u00e9n\u00e9fices REDD+ (biens et services \u00e0 consid\u00e9rer, part revenant aux communaut\u00e9s locales, respect du CLIP, etc.)\" \/>\n<meta property=\"og:url\" content=\"https:\/\/www.salvaterra.fr\/fr\/references\/etude-sur-le-partage-des-benefices-redd\/\" \/>\n<meta property=\"og:site_name\" content=\"SalvaTerra, Bureau d\u2019\u00e9tudes en environnement, for\u00eat, agriculture et d\u00e9veloppement rural\" \/>\n<meta property=\"article:modified_time\" content=\"2023-06-06T12:23:44+00:00\" \/>\n<meta property=\"og:image\" content=\"https:\/\/www.salvaterra.fr\/wp-content\/uploads\/2021\/07\/screenshot.png\" \/>\n\t<meta property=\"og:image:width\" content=\"880\" \/>\n\t<meta property=\"og:image:height\" content=\"660\" \/>\n\t<meta property=\"og:image:type\" content=\"image\/png\" \/>\n<meta name=\"twitter:card\" content=\"summary_large_image\" \/>\n<script type=\"application\/ld+json\" class=\"yoast-schema-graph\">{\"@context\":\"https:\/\/schema.org\",\"@graph\":[{\"@type\":\"WebPage\",\"@id\":\"https:\/\/www.salvaterra.fr\/fr\/references\/etude-sur-le-partage-des-benefices-redd\/\",\"url\":\"https:\/\/www.salvaterra.fr\/fr\/references\/etude-sur-le-partage-des-benefices-redd\/\",\"name\":\"\u00c9tude sur le partage des b\u00e9n\u00e9fices carbone de sept projets REDD+ - SalvaTerra, Bureau d\u2019\u00e9tudes en environnement, for\u00eat, agriculture et d\u00e9veloppement rural\",\"isPartOf\":{\"@id\":\"https:\/\/www.salvaterra.fr\/fr\/#website\"},\"datePublished\":\"2013-05-01T08:00:00+00:00\",\"dateModified\":\"2023-06-06T12:23:44+00:00\",\"description\":\"\u00c9tude des droits carbone et des m\u00e9canismes de partage des b\u00e9n\u00e9fices carbone dans huit projets REDD+ au Kenya : Analyse approfondie des projets ; Recommandations en mati\u00e8re d'identification du droit du carbone (statut juridique, assise sur le droit foncier et le droit d'usage, etc.) ; Recommandations en mati\u00e8re de partage des b\u00e9n\u00e9fices REDD+ (biens et services \u00e0 consid\u00e9rer, part revenant aux communaut\u00e9s locales, respect du CLIP, etc.)\",\"breadcrumb\":{\"@id\":\"https:\/\/www.salvaterra.fr\/fr\/references\/etude-sur-le-partage-des-benefices-redd\/#breadcrumb\"},\"inLanguage\":\"fr-FR\",\"potentialAction\":[{\"@type\":\"ReadAction\",\"target\":[\"https:\/\/www.salvaterra.fr\/fr\/references\/etude-sur-le-partage-des-benefices-redd\/\"]}]},{\"@type\":\"BreadcrumbList\",\"@id\":\"https:\/\/www.salvaterra.fr\/fr\/references\/etude-sur-le-partage-des-benefices-redd\/#breadcrumb\",\"itemListElement\":[{\"@type\":\"ListItem\",\"position\":1,\"name\":\"Accueil\",\"item\":\"https:\/\/www.salvaterra.fr\/fr\/\"},{\"@type\":\"ListItem\",\"position\":2,\"name\":\"R\u00e9f\u00e9rences\",\"item\":\"https:\/\/www.salvaterra.fr\/fr\/references\/\"},{\"@type\":\"ListItem\",\"position\":3,\"name\":\"\u00c9tude sur le partage des b\u00e9n\u00e9fices carbone de sept projets REDD+\"}]},{\"@type\":\"WebSite\",\"@id\":\"https:\/\/www.salvaterra.fr\/fr\/#website\",\"url\":\"https:\/\/www.salvaterra.fr\/fr\/\",\"name\":\"SalvaTerra, Bureau d\u2019\u00e9tudes en environnement, for\u00eat, agriculture et d\u00e9veloppement rural\",\"description\":\"\",\"potentialAction\":[{\"@type\":\"SearchAction\",\"target\":{\"@type\":\"EntryPoint\",\"urlTemplate\":\"https:\/\/www.salvaterra.fr\/fr\/?s={search_term_string}\"},\"query-input\":\"required name=search_term_string\"}],\"inLanguage\":\"fr-FR\"}]}<\/script>\n<!-- \/ Yoast SEO plugin. -->","yoast_head_json":{"title":"\u00c9tude sur le partage des b\u00e9n\u00e9fices carbone de sept projets REDD+ - SalvaTerra, Bureau d\u2019\u00e9tudes en environnement, for\u00eat, agriculture et d\u00e9veloppement rural","description":"\u00c9tude des droits carbone et des m\u00e9canismes de partage des b\u00e9n\u00e9fices carbone dans huit projets REDD+ au Kenya : Analyse approfondie des projets ; Recommandations en mati\u00e8re d'identification du droit du carbone (statut juridique, assise sur le droit foncier et le droit d'usage, etc.) ; Recommandations en mati\u00e8re de partage des b\u00e9n\u00e9fices REDD+ (biens et services \u00e0 consid\u00e9rer, part revenant aux communaut\u00e9s locales, respect du CLIP, etc.)","robots":{"index":"index","follow":"follow","max-snippet":"max-snippet:-1","max-image-preview":"max-image-preview:large","max-video-preview":"max-video-preview:-1"},"canonical":"https:\/\/www.salvaterra.fr\/fr\/references\/etude-sur-le-partage-des-benefices-redd\/","og_locale":"fr_FR","og_type":"article","og_title":"\u00c9tude sur le partage des b\u00e9n\u00e9fices carbone de sept projets REDD+ - SalvaTerra, Bureau d\u2019\u00e9tudes en environnement, for\u00eat, agriculture et d\u00e9veloppement rural","og_description":"\u00c9tude des droits carbone et des m\u00e9canismes de partage des b\u00e9n\u00e9fices carbone dans huit projets REDD+ au Kenya : Analyse approfondie des projets ; Recommandations en mati\u00e8re d'identification du droit du carbone (statut juridique, assise sur le droit foncier et le droit d'usage, etc.) ; Recommandations en mati\u00e8re de partage des b\u00e9n\u00e9fices REDD+ (biens et services \u00e0 consid\u00e9rer, part revenant aux communaut\u00e9s locales, respect du CLIP, etc.)","og_url":"https:\/\/www.salvaterra.fr\/fr\/references\/etude-sur-le-partage-des-benefices-redd\/","og_site_name":"SalvaTerra, Bureau d\u2019\u00e9tudes en environnement, for\u00eat, agriculture et d\u00e9veloppement rural","article_modified_time":"2023-06-06T12:23:44+00:00","og_image":[{"width":880,"height":660,"url":"https:\/\/www.salvaterra.fr\/wp-content\/uploads\/2021\/07\/screenshot.png","type":"image\/png"}],"twitter_card":"summary_large_image","schema":{"@context":"https:\/\/schema.org","@graph":[{"@type":"WebPage","@id":"https:\/\/www.salvaterra.fr\/fr\/references\/etude-sur-le-partage-des-benefices-redd\/","url":"https:\/\/www.salvaterra.fr\/fr\/references\/etude-sur-le-partage-des-benefices-redd\/","name":"\u00c9tude sur le partage des b\u00e9n\u00e9fices carbone de sept projets REDD+ - SalvaTerra, Bureau d\u2019\u00e9tudes en environnement, for\u00eat, agriculture et d\u00e9veloppement rural","isPartOf":{"@id":"https:\/\/www.salvaterra.fr\/fr\/#website"},"datePublished":"2013-05-01T08:00:00+00:00","dateModified":"2023-06-06T12:23:44+00:00","description":"\u00c9tude des droits carbone et des m\u00e9canismes de partage des b\u00e9n\u00e9fices carbone dans huit projets REDD+ au Kenya : Analyse approfondie des projets ; Recommandations en mati\u00e8re d'identification du droit du carbone (statut juridique, assise sur le droit foncier et le droit d'usage, etc.) ; Recommandations en mati\u00e8re de partage des b\u00e9n\u00e9fices REDD+ (biens et services \u00e0 consid\u00e9rer, part revenant aux communaut\u00e9s locales, respect du CLIP, etc.)","breadcrumb":{"@id":"https:\/\/www.salvaterra.fr\/fr\/references\/etude-sur-le-partage-des-benefices-redd\/#breadcrumb"},"inLanguage":"fr-FR","potentialAction":[{"@type":"ReadAction","target":["https:\/\/www.salvaterra.fr\/fr\/references\/etude-sur-le-partage-des-benefices-redd\/"]}]},{"@type":"BreadcrumbList","@id":"https:\/\/www.salvaterra.fr\/fr\/references\/etude-sur-le-partage-des-benefices-redd\/#breadcrumb","itemListElement":[{"@type":"ListItem","position":1,"name":"Accueil","item":"https:\/\/www.salvaterra.fr\/fr\/"},{"@type":"ListItem","position":2,"name":"R\u00e9f\u00e9rences","item":"https:\/\/www.salvaterra.fr\/fr\/references\/"},{"@type":"ListItem","position":3,"name":"\u00c9tude sur le partage des b\u00e9n\u00e9fices carbone de sept projets REDD+"}]},{"@type":"WebSite","@id":"https:\/\/www.salvaterra.fr\/fr\/#website","url":"https:\/\/www.salvaterra.fr\/fr\/","name":"SalvaTerra, Bureau d\u2019\u00e9tudes en environnement, for\u00eat, agriculture et d\u00e9veloppement rural","description":"","potentialAction":[{"@type":"SearchAction","target":{"@type":"EntryPoint","urlTemplate":"https:\/\/www.salvaterra.fr\/fr\/?s={search_term_string}"},"query-input":"required name=search_term_string"}],"inLanguage":"fr-FR"}]}},"pays":[129],"_links":{"self":[{"href":"https:\/\/www.salvaterra.fr\/fr\/wp-json\/wp\/v2\/references\/3081"}],"collection":[{"href":"https:\/\/www.salvaterra.fr\/fr\/wp-json\/wp\/v2\/references"}],"about":[{"href":"https:\/\/www.salvaterra.fr\/fr\/wp-json\/wp\/v2\/types\/references"}],"wp:attachment":[{"href":"https:\/\/www.salvaterra.fr\/fr\/wp-json\/wp\/v2\/media?parent=3081"}],"curies":[{"name":"wp","href":"https:\/\/api.w.org\/{rel}","templated":true}]}}

Étude sur le partage des bénéfices carbone de sept projets REDD+

<!-- This site is optimized with the Yoast SEO plugin v22.4 - https://yoast.com/wordpress/plugins/seo/ -->
<title>Étude sur le partage des bénéfices carbone de sept projets REDD+ - SalvaTerra, Bureau d’études en environnement, forêt, agriculture et développement rural</title>
<meta name="description" content="Étude des droits carbone et des mécanismes de partage des bénéfices carbone dans huit projets REDD+ au Kenya : Analyse approfondie des projets ; Recommandations en matière d&#039;identification du droit du carbone (statut juridique, assise sur le droit foncier et le droit d&#039;usage, etc.) ; Recommandations en matière de partage des bénéfices REDD+ (biens et services à considérer, part revenant aux communautés locales, respect du CLIP, etc.)" />
<meta name="robots" content="index, follow, max-snippet:-1, max-image-preview:large, max-video-preview:-1" />
<link rel="canonical" href="https://www.salvaterra.fr/fr/references/etude-sur-le-partage-des-benefices-redd/" />
<meta property="og:locale" content="fr_FR" />
<meta property="og:type" content="article" />
<meta property="og:title" content="Étude sur le partage des bénéfices carbone de sept projets REDD+ - SalvaTerra, Bureau d’études en environnement, forêt, agriculture et développement rural" />
<meta property="og:description" content="Étude des droits carbone et des mécanismes de partage des bénéfices carbone dans huit projets REDD+ au Kenya : Analyse approfondie des projets ; Recommandations en matière d&#039;identification du droit du carbone (statut juridique, assise sur le droit foncier et le droit d&#039;usage, etc.) ; Recommandations en matière de partage des bénéfices REDD+ (biens et services à considérer, part revenant aux communautés locales, respect du CLIP, etc.)" />
<meta property="og:url" content="https://www.salvaterra.fr/fr/references/etude-sur-le-partage-des-benefices-redd/" />
<meta property="og:site_name" content="SalvaTerra, Bureau d’études en environnement, forêt, agriculture et développement rural" />
<meta property="article:modified_time" content="2023-06-06T12:23:44+00:00" />
<meta property="og:image" content="https://www.salvaterra.fr/wp-content/uploads/2021/07/screenshot.png" />
	<meta property="og:image:width" content="880" />
	<meta property="og:image:height" content="660" />
	<meta property="og:image:type" content="image/png" />
<meta name="twitter:card" content="summary_large_image" />
<script type="application/ld+json" class="yoast-schema-graph">{"@context":"https://schema.org","@graph":[{"@type":"WebPage","@id":"https://www.salvaterra.fr/fr/references/etude-sur-le-partage-des-benefices-redd/","url":"https://www.salvaterra.fr/fr/references/etude-sur-le-partage-des-benefices-redd/","name":"Étude sur le partage des bénéfices carbone de sept projets REDD+ - SalvaTerra, Bureau d’études en environnement, forêt, agriculture et développement rural","isPartOf":{"@id":"https://www.salvaterra.fr/fr/#website"},"datePublished":"2013-05-01T08:00:00+00:00","dateModified":"2023-06-06T12:23:44+00:00","description":"Étude des droits carbone et des mécanismes de partage des bénéfices carbone dans huit projets REDD+ au Kenya : Analyse approfondie des projets ; Recommandations en matière d'identification du droit du carbone (statut juridique, assise sur le droit foncier et le droit d'usage, etc.) ; Recommandations en matière de partage des bénéfices REDD+ (biens et services à considérer, part revenant aux communautés locales, respect du CLIP, etc.)","breadcrumb":{"@id":"https://www.salvaterra.fr/fr/references/etude-sur-le-partage-des-benefices-redd/#breadcrumb"},"inLanguage":"fr-FR","potentialAction":[{"@type":"ReadAction","target":["https://www.salvaterra.fr/fr/references/etude-sur-le-partage-des-benefices-redd/"]}]},{"@type":"BreadcrumbList","@id":"https://www.salvaterra.fr/fr/references/etude-sur-le-partage-des-benefices-redd/#breadcrumb","itemListElement":[{"@type":"ListItem","position":1,"name":"Accueil","item":"https://www.salvaterra.fr/fr/"},{"@type":"ListItem","position":2,"name":"Références","item":"https://www.salvaterra.fr/fr/references/"},{"@type":"ListItem","position":3,"name":"Étude sur le partage des bénéfices carbone de sept projets REDD+"}]},{"@type":"WebSite","@id":"https://www.salvaterra.fr/fr/#website","url":"https://www.salvaterra.fr/fr/","name":"SalvaTerra, Bureau d’études en environnement, forêt, agriculture et développement rural","description":"","potentialAction":[{"@type":"SearchAction","target":{"@type":"EntryPoint","urlTemplate":"https://www.salvaterra.fr/fr/?s={search_term_string}"},"query-input":"required name=search_term_string"}],"inLanguage":"fr-FR"}]}</script>
<!-- / Yoast SEO plugin. -->

Étude sur le partage des bénéfices carbone de sept projets REDD+ - SalvaTerra, Bureau d’études en environnement, forêt, agriculture et développement rural

Étude des droits carbone et des mécanismes de partage des bénéfices carbone dans huit projets REDD+ au Kenya : Analyse approfondie des projets ; Recommandations en matière d'identification du droit du carbone (statut juridique, assise sur le droit foncier et le droit d'usage, etc.) ; Recommandations en matière de partage des bénéfices REDD+ (biens et services à considérer, part revenant aux communautés locales, respect du CLIP, etc.)

SalvaTerra, Bureau d’études en environnement, forêt, agriculture et développement rural

Références
