{"id":3051,"date":"2012-02-01T10:00:00","date_gmt":"2012-02-01T09:00:00","guid":{"rendered":"https:\/\/www.salvaterra.fr\/?post_type=references&#038;p=3051"},"modified":"2023-03-14T10:52:23","modified_gmt":"2023-03-14T09:52:23","slug":"gestion-forestiere-et-climat","status":"publish","type":"references","link":"https:\/\/www.salvaterra.fr\/fr\/references\/gestion-forestiere-et-climat\/","title":{"rendered":"\u00c9tude de pr\u00e9-faisabilit\u00e9 de projets REDD+\/IFM dans le cadre du projet FORAFAMA"},"template":"","acf":[],"yoast_head":"<!-- This site is optimized with the Yoast SEO plugin v22.4 - https:\/\/yoast.com\/wordpress\/plugins\/seo\/ -->\n<title>\u00c9tude de pr\u00e9-faisabilit\u00e9 de projets REDD+\/IFM dans le cadre du projet FORAFAMA - SalvaTerra, Bureau d\u2019\u00e9tudes en environnement, for\u00eat, agriculture et d\u00e9veloppement rural<\/title>\n<meta name=\"description\" content=\"Etude de pr\u00e9faisabilit\u00e9 d&#039;un projet de gestion foresti\u00e8re am\u00e9lior\u00e9 (IFM) et analyses de m\u00e9thodologies REDD+\/IFM dans le cadre du projet d&#039;appui \u00e0 la gestion durable des for\u00eats du Bassin du Congo et du bassin amazonien br\u00e9silien (FORAFAMA).\" \/>\n<meta name=\"robots\" content=\"index, follow, max-snippet:-1, max-image-preview:large, max-video-preview:-1\" \/>\n<link rel=\"canonical\" href=\"https:\/\/www.salvaterra.fr\/fr\/references\/gestion-forestiere-et-climat\/\" \/>\n<meta property=\"og:locale\" content=\"fr_FR\" \/>\n<meta property=\"og:type\" content=\"article\" \/>\n<meta property=\"og:title\" content=\"\u00c9tude de pr\u00e9-faisabilit\u00e9 de projets REDD+\/IFM dans le cadre du projet FORAFAMA - SalvaTerra, Bureau d\u2019\u00e9tudes en environnement, for\u00eat, agriculture et d\u00e9veloppement rural\" \/>\n<meta property=\"og:description\" content=\"Etude de pr\u00e9faisabilit\u00e9 d&#039;un projet de gestion foresti\u00e8re am\u00e9lior\u00e9 (IFM) et analyses de m\u00e9thodologies REDD+\/IFM dans le cadre du projet d&#039;appui \u00e0 la gestion durable des for\u00eats du Bassin du Congo et du bassin amazonien br\u00e9silien (FORAFAMA).\" \/>\n<meta property=\"og:url\" content=\"https:\/\/www.salvaterra.fr\/fr\/references\/gestion-forestiere-et-climat\/\" \/>\n<meta property=\"og:site_name\" content=\"SalvaTerra, Bureau d\u2019\u00e9tudes en environnement, for\u00eat, agriculture et d\u00e9veloppement rural\" \/>\n<meta property=\"article:modified_time\" content=\"2023-03-14T09:52:23+00:00\" \/>\n<meta property=\"og:image\" content=\"https:\/\/www.salvaterra.fr\/wp-content\/uploads\/2021\/07\/screenshot.png\" \/>\n\t<meta property=\"og:image:width\" content=\"880\" \/>\n\t<meta property=\"og:image:height\" content=\"660\" \/>\n\t<meta property=\"og:image:type\" content=\"image\/png\" \/>\n<meta name=\"twitter:card\" content=\"summary_large_image\" \/>\n<script type=\"application\/ld+json\" class=\"yoast-schema-graph\">{\"@context\":\"https:\/\/schema.org\",\"@graph\":[{\"@type\":\"WebPage\",\"@id\":\"https:\/\/www.salvaterra.fr\/fr\/references\/gestion-forestiere-et-climat\/\",\"url\":\"https:\/\/www.salvaterra.fr\/fr\/references\/gestion-forestiere-et-climat\/\",\"name\":\"\u00c9tude de pr\u00e9-faisabilit\u00e9 de projets REDD+\/IFM dans le cadre du projet FORAFAMA - SalvaTerra, Bureau d\u2019\u00e9tudes en environnement, for\u00eat, agriculture et d\u00e9veloppement rural\",\"isPartOf\":{\"@id\":\"https:\/\/www.salvaterra.fr\/fr\/#website\"},\"datePublished\":\"2012-02-01T09:00:00+00:00\",\"dateModified\":\"2023-03-14T09:52:23+00:00\",\"description\":\"Etude de pr\u00e9faisabilit\u00e9 d'un projet de gestion foresti\u00e8re am\u00e9lior\u00e9 (IFM) et analyses de m\u00e9thodologies REDD+\/IFM dans le cadre du projet d'appui \u00e0 la gestion durable des for\u00eats du Bassin du Congo et du bassin amazonien br\u00e9silien (FORAFAMA).\",\"breadcrumb\":{\"@id\":\"https:\/\/www.salvaterra.fr\/fr\/references\/gestion-forestiere-et-climat\/#breadcrumb\"},\"inLanguage\":\"fr-FR\",\"potentialAction\":[{\"@type\":\"ReadAction\",\"target\":[\"https:\/\/www.salvaterra.fr\/fr\/references\/gestion-forestiere-et-climat\/\"]}]},{\"@type\":\"BreadcrumbList\",\"@id\":\"https:\/\/www.salvaterra.fr\/fr\/references\/gestion-forestiere-et-climat\/#breadcrumb\",\"itemListElement\":[{\"@type\":\"ListItem\",\"position\":1,\"name\":\"Accueil\",\"item\":\"https:\/\/www.salvaterra.fr\/fr\/\"},{\"@type\":\"ListItem\",\"position\":2,\"name\":\"R\u00e9f\u00e9rences\",\"item\":\"https:\/\/www.salvaterra.fr\/fr\/references\/\"},{\"@type\":\"ListItem\",\"position\":3,\"name\":\"\u00c9tude de pr\u00e9-faisabilit\u00e9 de projets REDD+\/IFM dans le cadre du projet FORAFAMA\"}]},{\"@type\":\"WebSite\",\"@id\":\"https:\/\/www.salvaterra.fr\/fr\/#website\",\"url\":\"https:\/\/www.salvaterra.fr\/fr\/\",\"name\":\"SalvaTerra, Bureau d\u2019\u00e9tudes en environnement, for\u00eat, agriculture et d\u00e9veloppement rural\",\"description\":\"\",\"potentialAction\":[{\"@type\":\"SearchAction\",\"target\":{\"@type\":\"EntryPoint\",\"urlTemplate\":\"https:\/\/www.salvaterra.fr\/fr\/?s={search_term_string}\"},\"query-input\":\"required name=search_term_string\"}],\"inLanguage\":\"fr-FR\"}]}<\/script>\n<!-- \/ Yoast SEO plugin. -->","yoast_head_json":{"title":"\u00c9tude de pr\u00e9-faisabilit\u00e9 de projets REDD+\/IFM dans le cadre du projet FORAFAMA - SalvaTerra, Bureau d\u2019\u00e9tudes en environnement, for\u00eat, agriculture et d\u00e9veloppement rural","description":"Etude de pr\u00e9faisabilit\u00e9 d'un projet de gestion foresti\u00e8re am\u00e9lior\u00e9 (IFM) et analyses de m\u00e9thodologies REDD+\/IFM dans le cadre du projet d'appui \u00e0 la gestion durable des for\u00eats du Bassin du Congo et du bassin amazonien br\u00e9silien (FORAFAMA).","robots":{"index":"index","follow":"follow","max-snippet":"max-snippet:-1","max-image-preview":"max-image-preview:large","max-video-preview":"max-video-preview:-1"},"canonical":"https:\/\/www.salvaterra.fr\/fr\/references\/gestion-forestiere-et-climat\/","og_locale":"fr_FR","og_type":"article","og_title":"\u00c9tude de pr\u00e9-faisabilit\u00e9 de projets REDD+\/IFM dans le cadre du projet FORAFAMA - SalvaTerra, Bureau d\u2019\u00e9tudes en environnement, for\u00eat, agriculture et d\u00e9veloppement rural","og_description":"Etude de pr\u00e9faisabilit\u00e9 d'un projet de gestion foresti\u00e8re am\u00e9lior\u00e9 (IFM) et analyses de m\u00e9thodologies REDD+\/IFM dans le cadre du projet d'appui \u00e0 la gestion durable des for\u00eats du Bassin du Congo et du bassin amazonien br\u00e9silien (FORAFAMA).","og_url":"https:\/\/www.salvaterra.fr\/fr\/references\/gestion-forestiere-et-climat\/","og_site_name":"SalvaTerra, Bureau d\u2019\u00e9tudes en environnement, for\u00eat, agriculture et d\u00e9veloppement rural","article_modified_time":"2023-03-14T09:52:23+00:00","og_image":[{"width":880,"height":660,"url":"https:\/\/www.salvaterra.fr\/wp-content\/uploads\/2021\/07\/screenshot.png","type":"image\/png"}],"twitter_card":"summary_large_image","schema":{"@context":"https:\/\/schema.org","@graph":[{"@type":"WebPage","@id":"https:\/\/www.salvaterra.fr\/fr\/references\/gestion-forestiere-et-climat\/","url":"https:\/\/www.salvaterra.fr\/fr\/references\/gestion-forestiere-et-climat\/","name":"\u00c9tude de pr\u00e9-faisabilit\u00e9 de projets REDD+\/IFM dans le cadre du projet FORAFAMA - SalvaTerra, Bureau d\u2019\u00e9tudes en environnement, for\u00eat, agriculture et d\u00e9veloppement rural","isPartOf":{"@id":"https:\/\/www.salvaterra.fr\/fr\/#website"},"datePublished":"2012-02-01T09:00:00+00:00","dateModified":"2023-03-14T09:52:23+00:00","description":"Etude de pr\u00e9faisabilit\u00e9 d'un projet de gestion foresti\u00e8re am\u00e9lior\u00e9 (IFM) et analyses de m\u00e9thodologies REDD+\/IFM dans le cadre du projet d'appui \u00e0 la gestion durable des for\u00eats du Bassin du Congo et du bassin amazonien br\u00e9silien (FORAFAMA).","breadcrumb":{"@id":"https:\/\/www.salvaterra.fr\/fr\/references\/gestion-forestiere-et-climat\/#breadcrumb"},"inLanguage":"fr-FR","potentialAction":[{"@type":"ReadAction","target":["https:\/\/www.salvaterra.fr\/fr\/references\/gestion-forestiere-et-climat\/"]}]},{"@type":"BreadcrumbList","@id":"https:\/\/www.salvaterra.fr\/fr\/references\/gestion-forestiere-et-climat\/#breadcrumb","itemListElement":[{"@type":"ListItem","position":1,"name":"Accueil","item":"https:\/\/www.salvaterra.fr\/fr\/"},{"@type":"ListItem","position":2,"name":"R\u00e9f\u00e9rences","item":"https:\/\/www.salvaterra.fr\/fr\/references\/"},{"@type":"ListItem","position":3,"name":"\u00c9tude de pr\u00e9-faisabilit\u00e9 de projets REDD+\/IFM dans le cadre du projet FORAFAMA"}]},{"@type":"WebSite","@id":"https:\/\/www.salvaterra.fr\/fr\/#website","url":"https:\/\/www.salvaterra.fr\/fr\/","name":"SalvaTerra, Bureau d\u2019\u00e9tudes en environnement, for\u00eat, agriculture et d\u00e9veloppement rural","description":"","potentialAction":[{"@type":"SearchAction","target":{"@type":"EntryPoint","urlTemplate":"https:\/\/www.salvaterra.fr\/fr\/?s={search_term_string}"},"query-input":"required name=search_term_string"}],"inLanguage":"fr-FR"}]}},"pays":[44,52],"_links":{"self":[{"href":"https:\/\/www.salvaterra.fr\/fr\/wp-json\/wp\/v2\/references\/3051"}],"collection":[{"href":"https:\/\/www.salvaterra.fr\/fr\/wp-json\/wp\/v2\/references"}],"about":[{"href":"https:\/\/www.salvaterra.fr\/fr\/wp-json\/wp\/v2\/types\/references"}],"wp:attachment":[{"href":"https:\/\/www.salvaterra.fr\/fr\/wp-json\/wp\/v2\/media?parent=3051"}],"curies":[{"name":"wp","href":"https:\/\/api.w.org\/{rel}","templated":true}]}}

Étude de pré-faisabilité de projets REDD+/IFM dans le cadre du projet FORAFAMA

<!-- This site is optimized with the Yoast SEO plugin v22.4 - https://yoast.com/wordpress/plugins/seo/ -->
<title>Étude de pré-faisabilité de projets REDD+/IFM dans le cadre du projet FORAFAMA - SalvaTerra, Bureau d’études en environnement, forêt, agriculture et développement rural</title>
<meta name="description" content="Etude de préfaisabilité d&#039;un projet de gestion forestière amélioré (IFM) et analyses de méthodologies REDD+/IFM dans le cadre du projet d&#039;appui à la gestion durable des forêts du Bassin du Congo et du bassin amazonien brésilien (FORAFAMA)." />
<meta name="robots" content="index, follow, max-snippet:-1, max-image-preview:large, max-video-preview:-1" />
<link rel="canonical" href="https://www.salvaterra.fr/fr/references/gestion-forestiere-et-climat/" />
<meta property="og:locale" content="fr_FR" />
<meta property="og:type" content="article" />
<meta property="og:title" content="Étude de pré-faisabilité de projets REDD+/IFM dans le cadre du projet FORAFAMA - SalvaTerra, Bureau d’études en environnement, forêt, agriculture et développement rural" />
<meta property="og:description" content="Etude de préfaisabilité d&#039;un projet de gestion forestière amélioré (IFM) et analyses de méthodologies REDD+/IFM dans le cadre du projet d&#039;appui à la gestion durable des forêts du Bassin du Congo et du bassin amazonien brésilien (FORAFAMA)." />
<meta property="og:url" content="https://www.salvaterra.fr/fr/references/gestion-forestiere-et-climat/" />
<meta property="og:site_name" content="SalvaTerra, Bureau d’études en environnement, forêt, agriculture et développement rural" />
<meta property="article:modified_time" content="2023-03-14T09:52:23+00:00" />
<meta property="og:image" content="https://www.salvaterra.fr/wp-content/uploads/2021/07/screenshot.png" />
	<meta property="og:image:width" content="880" />
	<meta property="og:image:height" content="660" />
	<meta property="og:image:type" content="image/png" />
<meta name="twitter:card" content="summary_large_image" />
<script type="application/ld+json" class="yoast-schema-graph">{"@context":"https://schema.org","@graph":[{"@type":"WebPage","@id":"https://www.salvaterra.fr/fr/references/gestion-forestiere-et-climat/","url":"https://www.salvaterra.fr/fr/references/gestion-forestiere-et-climat/","name":"Étude de pré-faisabilité de projets REDD+/IFM dans le cadre du projet FORAFAMA - SalvaTerra, Bureau d’études en environnement, forêt, agriculture et développement rural","isPartOf":{"@id":"https://www.salvaterra.fr/fr/#website"},"datePublished":"2012-02-01T09:00:00+00:00","dateModified":"2023-03-14T09:52:23+00:00","description":"Etude de préfaisabilité d'un projet de gestion forestière amélioré (IFM) et analyses de méthodologies REDD+/IFM dans le cadre du projet d'appui à la gestion durable des forêts du Bassin du Congo et du bassin amazonien brésilien (FORAFAMA).","breadcrumb":{"@id":"https://www.salvaterra.fr/fr/references/gestion-forestiere-et-climat/#breadcrumb"},"inLanguage":"fr-FR","potentialAction":[{"@type":"ReadAction","target":["https://www.salvaterra.fr/fr/references/gestion-forestiere-et-climat/"]}]},{"@type":"BreadcrumbList","@id":"https://www.salvaterra.fr/fr/references/gestion-forestiere-et-climat/#breadcrumb","itemListElement":[{"@type":"ListItem","position":1,"name":"Accueil","item":"https://www.salvaterra.fr/fr/"},{"@type":"ListItem","position":2,"name":"Références","item":"https://www.salvaterra.fr/fr/references/"},{"@type":"ListItem","position":3,"name":"Étude de pré-faisabilité de projets REDD+/IFM dans le cadre du projet FORAFAMA"}]},{"@type":"WebSite","@id":"https://www.salvaterra.fr/fr/#website","url":"https://www.salvaterra.fr/fr/","name":"SalvaTerra, Bureau d’études en environnement, forêt, agriculture et développement rural","description":"","potentialAction":[{"@type":"SearchAction","target":{"@type":"EntryPoint","urlTemplate":"https://www.salvaterra.fr/fr/?s={search_term_string}"},"query-input":"required name=search_term_string"}],"inLanguage":"fr-FR"}]}</script>
<!-- / Yoast SEO plugin. -->

Étude de pré-faisabilité de projets REDD+/IFM dans le cadre du projet FORAFAMA - SalvaTerra, Bureau d’études en environnement, forêt, agriculture et développement rural

Etude de préfaisabilité d'un projet de gestion forestière amélioré (IFM) et analyses de méthodologies REDD+/IFM dans le cadre du projet d'appui à la gestion durable des forêts du Bassin du Congo et du bassin amazonien brésilien (FORAFAMA).

SalvaTerra, Bureau d’études en environnement, forêt, agriculture et développement rural

Références
