{"id":12838,"date":"2025-03-21T13:40:40","date_gmt":"2025-03-21T12:40:40","guid":{"rendered":"https:\/\/www.salvaterra.fr\/?post_type=references&#038;p=12838"},"modified":"2025-11-14T04:14:30","modified_gmt":"2025-11-14T03:14:30","slug":"cartographie-des-financements-pour-les-forets-du-gabon","status":"publish","type":"references","link":"https:\/\/www.salvaterra.fr\/fr\/references\/cartographie-des-financements-pour-les-forets-du-gabon\/","title":{"rendered":"Cartographie des financements pour les for\u00eats du Gabon"},"template":"","acf":[],"yoast_head":"<!-- This site is optimized with the Yoast SEO plugin v22.4 - https:\/\/yoast.com\/wordpress\/plugins\/seo\/ -->\n<title>Cartographie des financements pour les for\u00eats du Gabon - SalvaTerra, Bureau d\u2019\u00e9tudes en environnement, for\u00eat, agriculture et d\u00e9veloppement rural<\/title>\n<meta name=\"description\" content=\"Diagnostic approfondi de la finance foresti\u00e8re au Gabon dans le cadre de l\u2019initiative \u00ab\u202fFinancing for Forests\u202f\u00bb. L\u2019analyse porte sur les dispositifs existants, les opportunit\u00e9s d\u2019innovation et les conditions de mise \u00e0 l\u2019\u00e9chelle, avec pour objectif d\u2019alimenter la conception d\u2019un futur programme europ\u00e9en en appui \u00e0 la transition vers une gestion foresti\u00e8re durable, inclusive et climato-compatible.\" \/>\n<meta name=\"robots\" content=\"index, follow, max-snippet:-1, max-image-preview:large, max-video-preview:-1\" \/>\n<link rel=\"canonical\" href=\"https:\/\/www.salvaterra.fr\/fr\/references\/cartographie-des-financements-pour-les-forets-du-gabon\/\" \/>\n<meta property=\"og:locale\" content=\"fr_FR\" \/>\n<meta property=\"og:type\" content=\"article\" \/>\n<meta property=\"og:title\" content=\"Cartographie des financements pour les for\u00eats du Gabon - SalvaTerra, Bureau d\u2019\u00e9tudes en environnement, for\u00eat, agriculture et d\u00e9veloppement rural\" \/>\n<meta property=\"og:description\" content=\"Diagnostic approfondi de la finance foresti\u00e8re au Gabon dans le cadre de l\u2019initiative \u00ab\u202fFinancing for Forests\u202f\u00bb. L\u2019analyse porte sur les dispositifs existants, les opportunit\u00e9s d\u2019innovation et les conditions de mise \u00e0 l\u2019\u00e9chelle, avec pour objectif d\u2019alimenter la conception d\u2019un futur programme europ\u00e9en en appui \u00e0 la transition vers une gestion foresti\u00e8re durable, inclusive et climato-compatible.\" \/>\n<meta property=\"og:url\" content=\"https:\/\/www.salvaterra.fr\/fr\/references\/cartographie-des-financements-pour-les-forets-du-gabon\/\" \/>\n<meta property=\"og:site_name\" content=\"SalvaTerra, Bureau d\u2019\u00e9tudes en environnement, for\u00eat, agriculture et d\u00e9veloppement rural\" \/>\n<meta property=\"article:modified_time\" content=\"2025-11-14T03:14:30+00:00\" \/>\n<meta property=\"og:image\" content=\"https:\/\/www.salvaterra.fr\/wp-content\/uploads\/2021\/07\/screenshot.png\" \/>\n\t<meta property=\"og:image:width\" content=\"880\" \/>\n\t<meta property=\"og:image:height\" content=\"660\" \/>\n\t<meta property=\"og:image:type\" content=\"image\/png\" \/>\n<meta name=\"twitter:card\" content=\"summary_large_image\" \/>\n<script type=\"application\/ld+json\" class=\"yoast-schema-graph\">{\"@context\":\"https:\/\/schema.org\",\"@graph\":[{\"@type\":\"WebPage\",\"@id\":\"https:\/\/www.salvaterra.fr\/fr\/references\/cartographie-des-financements-pour-les-forets-du-gabon\/\",\"url\":\"https:\/\/www.salvaterra.fr\/fr\/references\/cartographie-des-financements-pour-les-forets-du-gabon\/\",\"name\":\"Cartographie des financements pour les for\u00eats du Gabon - SalvaTerra, Bureau d\u2019\u00e9tudes en environnement, for\u00eat, agriculture et d\u00e9veloppement rural\",\"isPartOf\":{\"@id\":\"https:\/\/www.salvaterra.fr\/fr\/#website\"},\"datePublished\":\"2025-03-21T12:40:40+00:00\",\"dateModified\":\"2025-11-14T03:14:30+00:00\",\"description\":\"Diagnostic approfondi de la finance foresti\u00e8re au Gabon dans le cadre de l\u2019initiative \u00ab\u202fFinancing for Forests\u202f\u00bb. L\u2019analyse porte sur les dispositifs existants, les opportunit\u00e9s d\u2019innovation et les conditions de mise \u00e0 l\u2019\u00e9chelle, avec pour objectif d\u2019alimenter la conception d\u2019un futur programme europ\u00e9en en appui \u00e0 la transition vers une gestion foresti\u00e8re durable, inclusive et climato-compatible.\",\"breadcrumb\":{\"@id\":\"https:\/\/www.salvaterra.fr\/fr\/references\/cartographie-des-financements-pour-les-forets-du-gabon\/#breadcrumb\"},\"inLanguage\":\"fr-FR\",\"potentialAction\":[{\"@type\":\"ReadAction\",\"target\":[\"https:\/\/www.salvaterra.fr\/fr\/references\/cartographie-des-financements-pour-les-forets-du-gabon\/\"]}]},{\"@type\":\"BreadcrumbList\",\"@id\":\"https:\/\/www.salvaterra.fr\/fr\/references\/cartographie-des-financements-pour-les-forets-du-gabon\/#breadcrumb\",\"itemListElement\":[{\"@type\":\"ListItem\",\"position\":1,\"name\":\"Accueil\",\"item\":\"https:\/\/www.salvaterra.fr\/fr\/\"},{\"@type\":\"ListItem\",\"position\":2,\"name\":\"R\u00e9f\u00e9rences\",\"item\":\"https:\/\/www.salvaterra.fr\/fr\/references\/\"},{\"@type\":\"ListItem\",\"position\":3,\"name\":\"Cartographie des financements pour les for\u00eats du Gabon\"}]},{\"@type\":\"WebSite\",\"@id\":\"https:\/\/www.salvaterra.fr\/fr\/#website\",\"url\":\"https:\/\/www.salvaterra.fr\/fr\/\",\"name\":\"SalvaTerra, Bureau d\u2019\u00e9tudes en environnement, for\u00eat, agriculture et d\u00e9veloppement rural\",\"description\":\"\",\"potentialAction\":[{\"@type\":\"SearchAction\",\"target\":{\"@type\":\"EntryPoint\",\"urlTemplate\":\"https:\/\/www.salvaterra.fr\/fr\/?s={search_term_string}\"},\"query-input\":\"required name=search_term_string\"}],\"inLanguage\":\"fr-FR\"}]}<\/script>\n<!-- \/ Yoast SEO plugin. -->","yoast_head_json":{"title":"Cartographie des financements pour les for\u00eats du Gabon - SalvaTerra, Bureau d\u2019\u00e9tudes en environnement, for\u00eat, agriculture et d\u00e9veloppement rural","description":"Diagnostic approfondi de la finance foresti\u00e8re au Gabon dans le cadre de l\u2019initiative \u00ab\u202fFinancing for Forests\u202f\u00bb. L\u2019analyse porte sur les dispositifs existants, les opportunit\u00e9s d\u2019innovation et les conditions de mise \u00e0 l\u2019\u00e9chelle, avec pour objectif d\u2019alimenter la conception d\u2019un futur programme europ\u00e9en en appui \u00e0 la transition vers une gestion foresti\u00e8re durable, inclusive et climato-compatible.","robots":{"index":"index","follow":"follow","max-snippet":"max-snippet:-1","max-image-preview":"max-image-preview:large","max-video-preview":"max-video-preview:-1"},"canonical":"https:\/\/www.salvaterra.fr\/fr\/references\/cartographie-des-financements-pour-les-forets-du-gabon\/","og_locale":"fr_FR","og_type":"article","og_title":"Cartographie des financements pour les for\u00eats du Gabon - SalvaTerra, Bureau d\u2019\u00e9tudes en environnement, for\u00eat, agriculture et d\u00e9veloppement rural","og_description":"Diagnostic approfondi de la finance foresti\u00e8re au Gabon dans le cadre de l\u2019initiative \u00ab\u202fFinancing for Forests\u202f\u00bb. L\u2019analyse porte sur les dispositifs existants, les opportunit\u00e9s d\u2019innovation et les conditions de mise \u00e0 l\u2019\u00e9chelle, avec pour objectif d\u2019alimenter la conception d\u2019un futur programme europ\u00e9en en appui \u00e0 la transition vers une gestion foresti\u00e8re durable, inclusive et climato-compatible.","og_url":"https:\/\/www.salvaterra.fr\/fr\/references\/cartographie-des-financements-pour-les-forets-du-gabon\/","og_site_name":"SalvaTerra, Bureau d\u2019\u00e9tudes en environnement, for\u00eat, agriculture et d\u00e9veloppement rural","article_modified_time":"2025-11-14T03:14:30+00:00","og_image":[{"width":880,"height":660,"url":"https:\/\/www.salvaterra.fr\/wp-content\/uploads\/2021\/07\/screenshot.png","type":"image\/png"}],"twitter_card":"summary_large_image","schema":{"@context":"https:\/\/schema.org","@graph":[{"@type":"WebPage","@id":"https:\/\/www.salvaterra.fr\/fr\/references\/cartographie-des-financements-pour-les-forets-du-gabon\/","url":"https:\/\/www.salvaterra.fr\/fr\/references\/cartographie-des-financements-pour-les-forets-du-gabon\/","name":"Cartographie des financements pour les for\u00eats du Gabon - SalvaTerra, Bureau d\u2019\u00e9tudes en environnement, for\u00eat, agriculture et d\u00e9veloppement rural","isPartOf":{"@id":"https:\/\/www.salvaterra.fr\/fr\/#website"},"datePublished":"2025-03-21T12:40:40+00:00","dateModified":"2025-11-14T03:14:30+00:00","description":"Diagnostic approfondi de la finance foresti\u00e8re au Gabon dans le cadre de l\u2019initiative \u00ab\u202fFinancing for Forests\u202f\u00bb. L\u2019analyse porte sur les dispositifs existants, les opportunit\u00e9s d\u2019innovation et les conditions de mise \u00e0 l\u2019\u00e9chelle, avec pour objectif d\u2019alimenter la conception d\u2019un futur programme europ\u00e9en en appui \u00e0 la transition vers une gestion foresti\u00e8re durable, inclusive et climato-compatible.","breadcrumb":{"@id":"https:\/\/www.salvaterra.fr\/fr\/references\/cartographie-des-financements-pour-les-forets-du-gabon\/#breadcrumb"},"inLanguage":"fr-FR","potentialAction":[{"@type":"ReadAction","target":["https:\/\/www.salvaterra.fr\/fr\/references\/cartographie-des-financements-pour-les-forets-du-gabon\/"]}]},{"@type":"BreadcrumbList","@id":"https:\/\/www.salvaterra.fr\/fr\/references\/cartographie-des-financements-pour-les-forets-du-gabon\/#breadcrumb","itemListElement":[{"@type":"ListItem","position":1,"name":"Accueil","item":"https:\/\/www.salvaterra.fr\/fr\/"},{"@type":"ListItem","position":2,"name":"R\u00e9f\u00e9rences","item":"https:\/\/www.salvaterra.fr\/fr\/references\/"},{"@type":"ListItem","position":3,"name":"Cartographie des financements pour les for\u00eats du Gabon"}]},{"@type":"WebSite","@id":"https:\/\/www.salvaterra.fr\/fr\/#website","url":"https:\/\/www.salvaterra.fr\/fr\/","name":"SalvaTerra, Bureau d\u2019\u00e9tudes en environnement, for\u00eat, agriculture et d\u00e9veloppement rural","description":"","potentialAction":[{"@type":"SearchAction","target":{"@type":"EntryPoint","urlTemplate":"https:\/\/www.salvaterra.fr\/fr\/?s={search_term_string}"},"query-input":"required name=search_term_string"}],"inLanguage":"fr-FR"}]}},"pays":[93],"_links":{"self":[{"href":"https:\/\/www.salvaterra.fr\/fr\/wp-json\/wp\/v2\/references\/12838"}],"collection":[{"href":"https:\/\/www.salvaterra.fr\/fr\/wp-json\/wp\/v2\/references"}],"about":[{"href":"https:\/\/www.salvaterra.fr\/fr\/wp-json\/wp\/v2\/types\/references"}],"wp:attachment":[{"href":"https:\/\/www.salvaterra.fr\/fr\/wp-json\/wp\/v2\/media?parent=12838"}],"curies":[{"name":"wp","href":"https:\/\/api.w.org\/{rel}","templated":true}]}}

Cartographie des financements pour les forêts du Gabon

<!-- This site is optimized with the Yoast SEO plugin v22.4 - https://yoast.com/wordpress/plugins/seo/ -->
<title>Cartographie des financements pour les forêts du Gabon - SalvaTerra, Bureau d’études en environnement, forêt, agriculture et développement rural</title>
<meta name="description" content="Diagnostic approfondi de la finance forestière au Gabon dans le cadre de l’initiative « Financing for Forests ». L’analyse porte sur les dispositifs existants, les opportunités d’innovation et les conditions de mise à l’échelle, avec pour objectif d’alimenter la conception d’un futur programme européen en appui à la transition vers une gestion forestière durable, inclusive et climato-compatible." />
<meta name="robots" content="index, follow, max-snippet:-1, max-image-preview:large, max-video-preview:-1" />
<link rel="canonical" href="https://www.salvaterra.fr/fr/references/cartographie-des-financements-pour-les-forets-du-gabon/" />
<meta property="og:locale" content="fr_FR" />
<meta property="og:type" content="article" />
<meta property="og:title" content="Cartographie des financements pour les forêts du Gabon - SalvaTerra, Bureau d’études en environnement, forêt, agriculture et développement rural" />
<meta property="og:description" content="Diagnostic approfondi de la finance forestière au Gabon dans le cadre de l’initiative « Financing for Forests ». L’analyse porte sur les dispositifs existants, les opportunités d’innovation et les conditions de mise à l’échelle, avec pour objectif d’alimenter la conception d’un futur programme européen en appui à la transition vers une gestion forestière durable, inclusive et climato-compatible." />
<meta property="og:url" content="https://www.salvaterra.fr/fr/references/cartographie-des-financements-pour-les-forets-du-gabon/" />
<meta property="og:site_name" content="SalvaTerra, Bureau d’études en environnement, forêt, agriculture et développement rural" />
<meta property="article:modified_time" content="2025-11-14T03:14:30+00:00" />
<meta property="og:image" content="https://www.salvaterra.fr/wp-content/uploads/2021/07/screenshot.png" />
	<meta property="og:image:width" content="880" />
	<meta property="og:image:height" content="660" />
	<meta property="og:image:type" content="image/png" />
<meta name="twitter:card" content="summary_large_image" />
<script type="application/ld+json" class="yoast-schema-graph">{"@context":"https://schema.org","@graph":[{"@type":"WebPage","@id":"https://www.salvaterra.fr/fr/references/cartographie-des-financements-pour-les-forets-du-gabon/","url":"https://www.salvaterra.fr/fr/references/cartographie-des-financements-pour-les-forets-du-gabon/","name":"Cartographie des financements pour les forêts du Gabon - SalvaTerra, Bureau d’études en environnement, forêt, agriculture et développement rural","isPartOf":{"@id":"https://www.salvaterra.fr/fr/#website"},"datePublished":"2025-03-21T12:40:40+00:00","dateModified":"2025-11-14T03:14:30+00:00","description":"Diagnostic approfondi de la finance forestière au Gabon dans le cadre de l’initiative « Financing for Forests ». L’analyse porte sur les dispositifs existants, les opportunités d’innovation et les conditions de mise à l’échelle, avec pour objectif d’alimenter la conception d’un futur programme européen en appui à la transition vers une gestion forestière durable, inclusive et climato-compatible.","breadcrumb":{"@id":"https://www.salvaterra.fr/fr/references/cartographie-des-financements-pour-les-forets-du-gabon/#breadcrumb"},"inLanguage":"fr-FR","potentialAction":[{"@type":"ReadAction","target":["https://www.salvaterra.fr/fr/references/cartographie-des-financements-pour-les-forets-du-gabon/"]}]},{"@type":"BreadcrumbList","@id":"https://www.salvaterra.fr/fr/references/cartographie-des-financements-pour-les-forets-du-gabon/#breadcrumb","itemListElement":[{"@type":"ListItem","position":1,"name":"Accueil","item":"https://www.salvaterra.fr/fr/"},{"@type":"ListItem","position":2,"name":"Références","item":"https://www.salvaterra.fr/fr/references/"},{"@type":"ListItem","position":3,"name":"Cartographie des financements pour les forêts du Gabon"}]},{"@type":"WebSite","@id":"https://www.salvaterra.fr/fr/#website","url":"https://www.salvaterra.fr/fr/","name":"SalvaTerra, Bureau d’études en environnement, forêt, agriculture et développement rural","description":"","potentialAction":[{"@type":"SearchAction","target":{"@type":"EntryPoint","urlTemplate":"https://www.salvaterra.fr/fr/?s={search_term_string}"},"query-input":"required name=search_term_string"}],"inLanguage":"fr-FR"}]}</script>
<!-- / Yoast SEO plugin. -->

Cartographie des financements pour les forêts du Gabon - SalvaTerra, Bureau d’études en environnement, forêt, agriculture et développement rural

Diagnostic approfondi de la finance forestière au Gabon dans le cadre de l’initiative « Financing for Forests ». L’analyse porte sur les dispositifs existants, les opportunités d’innovation et les conditions de mise à l’échelle, avec pour objectif d’alimenter la conception d’un futur programme européen en appui à la transition vers une gestion forestière durable, inclusive et climato-compatible.

SalvaTerra, Bureau d’études en environnement, forêt, agriculture et développement rural

Références
