{"id":12107,"date":"2024-12-05T14:57:11","date_gmt":"2024-12-05T13:57:11","guid":{"rendered":"https:\/\/www.salvaterra.fr\/?post_type=references&#038;p=12107"},"modified":"2025-03-20T17:13:29","modified_gmt":"2025-03-20T16:13:29","slug":"evaluation-de-linventaire-forestier-et-faunique-iffn-de-cote-divoire","status":"publish","type":"references","link":"https:\/\/www.salvaterra.fr\/fr\/references\/evaluation-de-linventaire-forestier-et-faunique-iffn-de-cote-divoire\/","title":{"rendered":"\u00c9valuation de l&rsquo;inventaire forestier et faunique (IFFN) de C\u00f4te d&rsquo;Ivoire"},"template":"","acf":[],"yoast_head":"<!-- This site is optimized with the Yoast SEO plugin v22.4 - https:\/\/yoast.com\/wordpress\/plugins\/seo\/ -->\n<title>\u00c9valuation de l&#039;inventaire forestier et faunique (IFFN) de C\u00f4te d&#039;Ivoire - SalvaTerra, Bureau d\u2019\u00e9tudes en environnement, for\u00eat, agriculture et d\u00e9veloppement rural<\/title>\n<meta name=\"description\" content=\"Evaluation finale du projet Inventaire forestier et faunique national (IFFN) de la C\u00f4te d\u2019Ivoire : Bilan et analyse critique de la performance du projet selon les crit\u00e8res CAD de l&#039;OCDE (pertinence, coh\u00e9rence, efficacit\u00e9, efficience, impact, viabilit\u00e9) sur les volets for\u00eat, faune, socio-\u00e9conomique et recommandations pour la p\u00e9rennisation du dispositif.\" \/>\n<meta name=\"robots\" content=\"index, follow, max-snippet:-1, max-image-preview:large, max-video-preview:-1\" \/>\n<link rel=\"canonical\" href=\"https:\/\/www.salvaterra.fr\/fr\/references\/evaluation-de-linventaire-forestier-et-faunique-iffn-de-cote-divoire\/\" \/>\n<meta property=\"og:locale\" content=\"fr_FR\" \/>\n<meta property=\"og:type\" content=\"article\" \/>\n<meta property=\"og:title\" content=\"\u00c9valuation de l&#039;inventaire forestier et faunique (IFFN) de C\u00f4te d&#039;Ivoire - SalvaTerra, Bureau d\u2019\u00e9tudes en environnement, for\u00eat, agriculture et d\u00e9veloppement rural\" \/>\n<meta property=\"og:description\" content=\"Evaluation finale du projet Inventaire forestier et faunique national (IFFN) de la C\u00f4te d\u2019Ivoire : Bilan et analyse critique de la performance du projet selon les crit\u00e8res CAD de l&#039;OCDE (pertinence, coh\u00e9rence, efficacit\u00e9, efficience, impact, viabilit\u00e9) sur les volets for\u00eat, faune, socio-\u00e9conomique et recommandations pour la p\u00e9rennisation du dispositif.\" \/>\n<meta property=\"og:url\" content=\"https:\/\/www.salvaterra.fr\/fr\/references\/evaluation-de-linventaire-forestier-et-faunique-iffn-de-cote-divoire\/\" \/>\n<meta property=\"og:site_name\" content=\"SalvaTerra, Bureau d\u2019\u00e9tudes en environnement, for\u00eat, agriculture et d\u00e9veloppement rural\" \/>\n<meta property=\"article:modified_time\" content=\"2025-03-20T16:13:29+00:00\" \/>\n<meta property=\"og:image\" content=\"https:\/\/www.salvaterra.fr\/wp-content\/uploads\/2021\/07\/screenshot.png\" \/>\n\t<meta property=\"og:image:width\" content=\"880\" \/>\n\t<meta property=\"og:image:height\" content=\"660\" \/>\n\t<meta property=\"og:image:type\" content=\"image\/png\" \/>\n<meta name=\"twitter:card\" content=\"summary_large_image\" \/>\n<script type=\"application\/ld+json\" class=\"yoast-schema-graph\">{\"@context\":\"https:\/\/schema.org\",\"@graph\":[{\"@type\":\"WebPage\",\"@id\":\"https:\/\/www.salvaterra.fr\/fr\/references\/evaluation-de-linventaire-forestier-et-faunique-iffn-de-cote-divoire\/\",\"url\":\"https:\/\/www.salvaterra.fr\/fr\/references\/evaluation-de-linventaire-forestier-et-faunique-iffn-de-cote-divoire\/\",\"name\":\"\u00c9valuation de l'inventaire forestier et faunique (IFFN) de C\u00f4te d'Ivoire - SalvaTerra, Bureau d\u2019\u00e9tudes en environnement, for\u00eat, agriculture et d\u00e9veloppement rural\",\"isPartOf\":{\"@id\":\"https:\/\/www.salvaterra.fr\/fr\/#website\"},\"datePublished\":\"2024-12-05T13:57:11+00:00\",\"dateModified\":\"2025-03-20T16:13:29+00:00\",\"description\":\"Evaluation finale du projet Inventaire forestier et faunique national (IFFN) de la C\u00f4te d\u2019Ivoire : Bilan et analyse critique de la performance du projet selon les crit\u00e8res CAD de l'OCDE (pertinence, coh\u00e9rence, efficacit\u00e9, efficience, impact, viabilit\u00e9) sur les volets for\u00eat, faune, socio-\u00e9conomique et recommandations pour la p\u00e9rennisation du dispositif.\",\"breadcrumb\":{\"@id\":\"https:\/\/www.salvaterra.fr\/fr\/references\/evaluation-de-linventaire-forestier-et-faunique-iffn-de-cote-divoire\/#breadcrumb\"},\"inLanguage\":\"fr-FR\",\"potentialAction\":[{\"@type\":\"ReadAction\",\"target\":[\"https:\/\/www.salvaterra.fr\/fr\/references\/evaluation-de-linventaire-forestier-et-faunique-iffn-de-cote-divoire\/\"]}]},{\"@type\":\"BreadcrumbList\",\"@id\":\"https:\/\/www.salvaterra.fr\/fr\/references\/evaluation-de-linventaire-forestier-et-faunique-iffn-de-cote-divoire\/#breadcrumb\",\"itemListElement\":[{\"@type\":\"ListItem\",\"position\":1,\"name\":\"Accueil\",\"item\":\"https:\/\/www.salvaterra.fr\/fr\/\"},{\"@type\":\"ListItem\",\"position\":2,\"name\":\"R\u00e9f\u00e9rences\",\"item\":\"https:\/\/www.salvaterra.fr\/fr\/references\/\"},{\"@type\":\"ListItem\",\"position\":3,\"name\":\"\u00c9valuation de l&rsquo;inventaire forestier et faunique (IFFN) de C\u00f4te d&rsquo;Ivoire\"}]},{\"@type\":\"WebSite\",\"@id\":\"https:\/\/www.salvaterra.fr\/fr\/#website\",\"url\":\"https:\/\/www.salvaterra.fr\/fr\/\",\"name\":\"SalvaTerra, Bureau d\u2019\u00e9tudes en environnement, for\u00eat, agriculture et d\u00e9veloppement rural\",\"description\":\"\",\"potentialAction\":[{\"@type\":\"SearchAction\",\"target\":{\"@type\":\"EntryPoint\",\"urlTemplate\":\"https:\/\/www.salvaterra.fr\/fr\/?s={search_term_string}\"},\"query-input\":\"required name=search_term_string\"}],\"inLanguage\":\"fr-FR\"}]}<\/script>\n<!-- \/ Yoast SEO plugin. -->","yoast_head_json":{"title":"\u00c9valuation de l'inventaire forestier et faunique (IFFN) de C\u00f4te d'Ivoire - SalvaTerra, Bureau d\u2019\u00e9tudes en environnement, for\u00eat, agriculture et d\u00e9veloppement rural","description":"Evaluation finale du projet Inventaire forestier et faunique national (IFFN) de la C\u00f4te d\u2019Ivoire : Bilan et analyse critique de la performance du projet selon les crit\u00e8res CAD de l'OCDE (pertinence, coh\u00e9rence, efficacit\u00e9, efficience, impact, viabilit\u00e9) sur les volets for\u00eat, faune, socio-\u00e9conomique et recommandations pour la p\u00e9rennisation du dispositif.","robots":{"index":"index","follow":"follow","max-snippet":"max-snippet:-1","max-image-preview":"max-image-preview:large","max-video-preview":"max-video-preview:-1"},"canonical":"https:\/\/www.salvaterra.fr\/fr\/references\/evaluation-de-linventaire-forestier-et-faunique-iffn-de-cote-divoire\/","og_locale":"fr_FR","og_type":"article","og_title":"\u00c9valuation de l'inventaire forestier et faunique (IFFN) de C\u00f4te d'Ivoire - SalvaTerra, Bureau d\u2019\u00e9tudes en environnement, for\u00eat, agriculture et d\u00e9veloppement rural","og_description":"Evaluation finale du projet Inventaire forestier et faunique national (IFFN) de la C\u00f4te d\u2019Ivoire : Bilan et analyse critique de la performance du projet selon les crit\u00e8res CAD de l'OCDE (pertinence, coh\u00e9rence, efficacit\u00e9, efficience, impact, viabilit\u00e9) sur les volets for\u00eat, faune, socio-\u00e9conomique et recommandations pour la p\u00e9rennisation du dispositif.","og_url":"https:\/\/www.salvaterra.fr\/fr\/references\/evaluation-de-linventaire-forestier-et-faunique-iffn-de-cote-divoire\/","og_site_name":"SalvaTerra, Bureau d\u2019\u00e9tudes en environnement, for\u00eat, agriculture et d\u00e9veloppement rural","article_modified_time":"2025-03-20T16:13:29+00:00","og_image":[{"width":880,"height":660,"url":"https:\/\/www.salvaterra.fr\/wp-content\/uploads\/2021\/07\/screenshot.png","type":"image\/png"}],"twitter_card":"summary_large_image","schema":{"@context":"https:\/\/schema.org","@graph":[{"@type":"WebPage","@id":"https:\/\/www.salvaterra.fr\/fr\/references\/evaluation-de-linventaire-forestier-et-faunique-iffn-de-cote-divoire\/","url":"https:\/\/www.salvaterra.fr\/fr\/references\/evaluation-de-linventaire-forestier-et-faunique-iffn-de-cote-divoire\/","name":"\u00c9valuation de l'inventaire forestier et faunique (IFFN) de C\u00f4te d'Ivoire - SalvaTerra, Bureau d\u2019\u00e9tudes en environnement, for\u00eat, agriculture et d\u00e9veloppement rural","isPartOf":{"@id":"https:\/\/www.salvaterra.fr\/fr\/#website"},"datePublished":"2024-12-05T13:57:11+00:00","dateModified":"2025-03-20T16:13:29+00:00","description":"Evaluation finale du projet Inventaire forestier et faunique national (IFFN) de la C\u00f4te d\u2019Ivoire : Bilan et analyse critique de la performance du projet selon les crit\u00e8res CAD de l'OCDE (pertinence, coh\u00e9rence, efficacit\u00e9, efficience, impact, viabilit\u00e9) sur les volets for\u00eat, faune, socio-\u00e9conomique et recommandations pour la p\u00e9rennisation du dispositif.","breadcrumb":{"@id":"https:\/\/www.salvaterra.fr\/fr\/references\/evaluation-de-linventaire-forestier-et-faunique-iffn-de-cote-divoire\/#breadcrumb"},"inLanguage":"fr-FR","potentialAction":[{"@type":"ReadAction","target":["https:\/\/www.salvaterra.fr\/fr\/references\/evaluation-de-linventaire-forestier-et-faunique-iffn-de-cote-divoire\/"]}]},{"@type":"BreadcrumbList","@id":"https:\/\/www.salvaterra.fr\/fr\/references\/evaluation-de-linventaire-forestier-et-faunique-iffn-de-cote-divoire\/#breadcrumb","itemListElement":[{"@type":"ListItem","position":1,"name":"Accueil","item":"https:\/\/www.salvaterra.fr\/fr\/"},{"@type":"ListItem","position":2,"name":"R\u00e9f\u00e9rences","item":"https:\/\/www.salvaterra.fr\/fr\/references\/"},{"@type":"ListItem","position":3,"name":"\u00c9valuation de l&rsquo;inventaire forestier et faunique (IFFN) de C\u00f4te d&rsquo;Ivoire"}]},{"@type":"WebSite","@id":"https:\/\/www.salvaterra.fr\/fr\/#website","url":"https:\/\/www.salvaterra.fr\/fr\/","name":"SalvaTerra, Bureau d\u2019\u00e9tudes en environnement, for\u00eat, agriculture et d\u00e9veloppement rural","description":"","potentialAction":[{"@type":"SearchAction","target":{"@type":"EntryPoint","urlTemplate":"https:\/\/www.salvaterra.fr\/fr\/?s={search_term_string}"},"query-input":"required name=search_term_string"}],"inLanguage":"fr-FR"}]}},"pays":[67],"_links":{"self":[{"href":"https:\/\/www.salvaterra.fr\/fr\/wp-json\/wp\/v2\/references\/12107"}],"collection":[{"href":"https:\/\/www.salvaterra.fr\/fr\/wp-json\/wp\/v2\/references"}],"about":[{"href":"https:\/\/www.salvaterra.fr\/fr\/wp-json\/wp\/v2\/types\/references"}],"wp:attachment":[{"href":"https:\/\/www.salvaterra.fr\/fr\/wp-json\/wp\/v2\/media?parent=12107"}],"curies":[{"name":"wp","href":"https:\/\/api.w.org\/{rel}","templated":true}]}}

Évaluation de l&rsquo;inventaire forestier et faunique (IFFN) de Côte d&rsquo;Ivoire

<!-- This site is optimized with the Yoast SEO plugin v22.4 - https://yoast.com/wordpress/plugins/seo/ -->
<title>Évaluation de l&#039;inventaire forestier et faunique (IFFN) de Côte d&#039;Ivoire - SalvaTerra, Bureau d’études en environnement, forêt, agriculture et développement rural</title>
<meta name="description" content="Evaluation finale du projet Inventaire forestier et faunique national (IFFN) de la Côte d’Ivoire : Bilan et analyse critique de la performance du projet selon les critères CAD de l&#039;OCDE (pertinence, cohérence, efficacité, efficience, impact, viabilité) sur les volets forêt, faune, socio-économique et recommandations pour la pérennisation du dispositif." />
<meta name="robots" content="index, follow, max-snippet:-1, max-image-preview:large, max-video-preview:-1" />
<link rel="canonical" href="https://www.salvaterra.fr/fr/references/evaluation-de-linventaire-forestier-et-faunique-iffn-de-cote-divoire/" />
<meta property="og:locale" content="fr_FR" />
<meta property="og:type" content="article" />
<meta property="og:title" content="Évaluation de l&#039;inventaire forestier et faunique (IFFN) de Côte d&#039;Ivoire - SalvaTerra, Bureau d’études en environnement, forêt, agriculture et développement rural" />
<meta property="og:description" content="Evaluation finale du projet Inventaire forestier et faunique national (IFFN) de la Côte d’Ivoire : Bilan et analyse critique de la performance du projet selon les critères CAD de l&#039;OCDE (pertinence, cohérence, efficacité, efficience, impact, viabilité) sur les volets forêt, faune, socio-économique et recommandations pour la pérennisation du dispositif." />
<meta property="og:url" content="https://www.salvaterra.fr/fr/references/evaluation-de-linventaire-forestier-et-faunique-iffn-de-cote-divoire/" />
<meta property="og:site_name" content="SalvaTerra, Bureau d’études en environnement, forêt, agriculture et développement rural" />
<meta property="article:modified_time" content="2025-03-20T16:13:29+00:00" />
<meta property="og:image" content="https://www.salvaterra.fr/wp-content/uploads/2021/07/screenshot.png" />
	<meta property="og:image:width" content="880" />
	<meta property="og:image:height" content="660" />
	<meta property="og:image:type" content="image/png" />
<meta name="twitter:card" content="summary_large_image" />
<script type="application/ld+json" class="yoast-schema-graph">{"@context":"https://schema.org","@graph":[{"@type":"WebPage","@id":"https://www.salvaterra.fr/fr/references/evaluation-de-linventaire-forestier-et-faunique-iffn-de-cote-divoire/","url":"https://www.salvaterra.fr/fr/references/evaluation-de-linventaire-forestier-et-faunique-iffn-de-cote-divoire/","name":"Évaluation de l'inventaire forestier et faunique (IFFN) de Côte d'Ivoire - SalvaTerra, Bureau d’études en environnement, forêt, agriculture et développement rural","isPartOf":{"@id":"https://www.salvaterra.fr/fr/#website"},"datePublished":"2024-12-05T13:57:11+00:00","dateModified":"2025-03-20T16:13:29+00:00","description":"Evaluation finale du projet Inventaire forestier et faunique national (IFFN) de la Côte d’Ivoire : Bilan et analyse critique de la performance du projet selon les critères CAD de l'OCDE (pertinence, cohérence, efficacité, efficience, impact, viabilité) sur les volets forêt, faune, socio-économique et recommandations pour la pérennisation du dispositif.","breadcrumb":{"@id":"https://www.salvaterra.fr/fr/references/evaluation-de-linventaire-forestier-et-faunique-iffn-de-cote-divoire/#breadcrumb"},"inLanguage":"fr-FR","potentialAction":[{"@type":"ReadAction","target":["https://www.salvaterra.fr/fr/references/evaluation-de-linventaire-forestier-et-faunique-iffn-de-cote-divoire/"]}]},{"@type":"BreadcrumbList","@id":"https://www.salvaterra.fr/fr/references/evaluation-de-linventaire-forestier-et-faunique-iffn-de-cote-divoire/#breadcrumb","itemListElement":[{"@type":"ListItem","position":1,"name":"Accueil","item":"https://www.salvaterra.fr/fr/"},{"@type":"ListItem","position":2,"name":"Références","item":"https://www.salvaterra.fr/fr/references/"},{"@type":"ListItem","position":3,"name":"Évaluation de l&rsquo;inventaire forestier et faunique (IFFN) de Côte d&rsquo;Ivoire"}]},{"@type":"WebSite","@id":"https://www.salvaterra.fr/fr/#website","url":"https://www.salvaterra.fr/fr/","name":"SalvaTerra, Bureau d’études en environnement, forêt, agriculture et développement rural","description":"","potentialAction":[{"@type":"SearchAction","target":{"@type":"EntryPoint","urlTemplate":"https://www.salvaterra.fr/fr/?s={search_term_string}"},"query-input":"required name=search_term_string"}],"inLanguage":"fr-FR"}]}</script>
<!-- / Yoast SEO plugin. -->

Évaluation de l'inventaire forestier et faunique (IFFN) de Côte d'Ivoire - SalvaTerra, Bureau d’études en environnement, forêt, agriculture et développement rural

Evaluation finale du projet Inventaire forestier et faunique national (IFFN) de la Côte d’Ivoire : Bilan et analyse critique de la performance du projet selon les critères CAD de l'OCDE (pertinence, cohérence, efficacité, efficience, impact, viabilité) sur les volets forêt, faune, socio-économique et recommandations pour la pérennisation du dispositif.

SalvaTerra, Bureau d’études en environnement, forêt, agriculture et développement rural

Références
