{"id":12053,"date":"2024-12-04T16:53:38","date_gmt":"2024-12-04T15:53:38","guid":{"rendered":"https:\/\/www.salvaterra.fr\/?post_type=references&#038;p=12053"},"modified":"2025-03-20T16:02:18","modified_gmt":"2025-03-20T15:02:18","slug":"etude-des-filieres-manioc-bois-doeuvre-et-charbon-pour-une-plantation-agroforestiere","status":"publish","type":"references","link":"https:\/\/www.salvaterra.fr\/fr\/references\/etude-des-filieres-manioc-bois-doeuvre-et-charbon-pour-une-plantation-agroforestiere\/","title":{"rendered":"\u00c9tude des fili\u00e8res manioc, bois d\u2019\u0153uvre et charbon pour une plantation agroforesti\u00e8re"},"template":"","acf":[],"yoast_head":"<!-- This site is optimized with the Yoast SEO plugin v22.4 - https:\/\/yoast.com\/wordpress\/plugins\/seo\/ -->\n<title>\u00c9tude des fili\u00e8res manioc, bois d\u2019\u0153uvre et charbon pour une plantation agroforesti\u00e8re - SalvaTerra, Bureau d\u2019\u00e9tudes en environnement, for\u00eat, agriculture et d\u00e9veloppement rural<\/title>\n<meta name=\"description\" content=\"\u00c9tude des fili\u00e8res manioc, bois d\u2019\u0153uvre et charbon pour l&#039;\u00e9tude de faisabilit\u00e9 d&#039;une plantation agroforesti\u00e8re, \u00e0 partir d&#039;analyses qualitatives et quantitatives (enqu\u00eateurs \u00e0 Kinshasa coordonn\u00e9s \u00e0 distance) : Offre (itin\u00e9raires, rendements, productions) ; Demande (usages actuels et potentiels) ; Cha\u00eene de valeurs (acteurs, flux, contraintes logistiques) ; Tendances (prix, volumes, drivers l\u2019offre\/demande) ; D\u00e9fis et opportunit\u00e9s (production, transformation commercialisation) ; Recommandations pour le projet.\" \/>\n<meta name=\"robots\" content=\"index, follow, max-snippet:-1, max-image-preview:large, max-video-preview:-1\" \/>\n<link rel=\"canonical\" href=\"https:\/\/www.salvaterra.fr\/fr\/references\/etude-des-filieres-manioc-bois-doeuvre-et-charbon-pour-une-plantation-agroforestiere\/\" \/>\n<meta property=\"og:locale\" content=\"fr_FR\" \/>\n<meta property=\"og:type\" content=\"article\" \/>\n<meta property=\"og:title\" content=\"\u00c9tude des fili\u00e8res manioc, bois d\u2019\u0153uvre et charbon pour une plantation agroforesti\u00e8re - SalvaTerra, Bureau d\u2019\u00e9tudes en environnement, for\u00eat, agriculture et d\u00e9veloppement rural\" \/>\n<meta property=\"og:description\" content=\"\u00c9tude des fili\u00e8res manioc, bois d\u2019\u0153uvre et charbon pour l&#039;\u00e9tude de faisabilit\u00e9 d&#039;une plantation agroforesti\u00e8re, \u00e0 partir d&#039;analyses qualitatives et quantitatives (enqu\u00eateurs \u00e0 Kinshasa coordonn\u00e9s \u00e0 distance) : Offre (itin\u00e9raires, rendements, productions) ; Demande (usages actuels et potentiels) ; Cha\u00eene de valeurs (acteurs, flux, contraintes logistiques) ; Tendances (prix, volumes, drivers l\u2019offre\/demande) ; D\u00e9fis et opportunit\u00e9s (production, transformation commercialisation) ; Recommandations pour le projet.\" \/>\n<meta property=\"og:url\" content=\"https:\/\/www.salvaterra.fr\/fr\/references\/etude-des-filieres-manioc-bois-doeuvre-et-charbon-pour-une-plantation-agroforestiere\/\" \/>\n<meta property=\"og:site_name\" content=\"SalvaTerra, Bureau d\u2019\u00e9tudes en environnement, for\u00eat, agriculture et d\u00e9veloppement rural\" \/>\n<meta property=\"article:modified_time\" content=\"2025-03-20T15:02:18+00:00\" \/>\n<meta property=\"og:image\" content=\"https:\/\/www.salvaterra.fr\/wp-content\/uploads\/2021\/07\/screenshot.png\" \/>\n\t<meta property=\"og:image:width\" content=\"880\" \/>\n\t<meta property=\"og:image:height\" content=\"660\" \/>\n\t<meta property=\"og:image:type\" content=\"image\/png\" \/>\n<meta name=\"twitter:card\" content=\"summary_large_image\" \/>\n<script type=\"application\/ld+json\" class=\"yoast-schema-graph\">{\"@context\":\"https:\/\/schema.org\",\"@graph\":[{\"@type\":\"WebPage\",\"@id\":\"https:\/\/www.salvaterra.fr\/fr\/references\/etude-des-filieres-manioc-bois-doeuvre-et-charbon-pour-une-plantation-agroforestiere\/\",\"url\":\"https:\/\/www.salvaterra.fr\/fr\/references\/etude-des-filieres-manioc-bois-doeuvre-et-charbon-pour-une-plantation-agroforestiere\/\",\"name\":\"\u00c9tude des fili\u00e8res manioc, bois d\u2019\u0153uvre et charbon pour une plantation agroforesti\u00e8re - SalvaTerra, Bureau d\u2019\u00e9tudes en environnement, for\u00eat, agriculture et d\u00e9veloppement rural\",\"isPartOf\":{\"@id\":\"https:\/\/www.salvaterra.fr\/fr\/#website\"},\"datePublished\":\"2024-12-04T15:53:38+00:00\",\"dateModified\":\"2025-03-20T15:02:18+00:00\",\"description\":\"\u00c9tude des fili\u00e8res manioc, bois d\u2019\u0153uvre et charbon pour l'\u00e9tude de faisabilit\u00e9 d'une plantation agroforesti\u00e8re, \u00e0 partir d'analyses qualitatives et quantitatives (enqu\u00eateurs \u00e0 Kinshasa coordonn\u00e9s \u00e0 distance) : Offre (itin\u00e9raires, rendements, productions) ; Demande (usages actuels et potentiels) ; Cha\u00eene de valeurs (acteurs, flux, contraintes logistiques) ; Tendances (prix, volumes, drivers l\u2019offre\/demande) ; D\u00e9fis et opportunit\u00e9s (production, transformation commercialisation) ; Recommandations pour le projet.\",\"breadcrumb\":{\"@id\":\"https:\/\/www.salvaterra.fr\/fr\/references\/etude-des-filieres-manioc-bois-doeuvre-et-charbon-pour-une-plantation-agroforestiere\/#breadcrumb\"},\"inLanguage\":\"fr-FR\",\"potentialAction\":[{\"@type\":\"ReadAction\",\"target\":[\"https:\/\/www.salvaterra.fr\/fr\/references\/etude-des-filieres-manioc-bois-doeuvre-et-charbon-pour-une-plantation-agroforestiere\/\"]}]},{\"@type\":\"BreadcrumbList\",\"@id\":\"https:\/\/www.salvaterra.fr\/fr\/references\/etude-des-filieres-manioc-bois-doeuvre-et-charbon-pour-une-plantation-agroforestiere\/#breadcrumb\",\"itemListElement\":[{\"@type\":\"ListItem\",\"position\":1,\"name\":\"Accueil\",\"item\":\"https:\/\/www.salvaterra.fr\/fr\/\"},{\"@type\":\"ListItem\",\"position\":2,\"name\":\"R\u00e9f\u00e9rences\",\"item\":\"https:\/\/www.salvaterra.fr\/fr\/references\/\"},{\"@type\":\"ListItem\",\"position\":3,\"name\":\"\u00c9tude des fili\u00e8res manioc, bois d\u2019\u0153uvre et charbon pour une plantation agroforesti\u00e8re\"}]},{\"@type\":\"WebSite\",\"@id\":\"https:\/\/www.salvaterra.fr\/fr\/#website\",\"url\":\"https:\/\/www.salvaterra.fr\/fr\/\",\"name\":\"SalvaTerra, Bureau d\u2019\u00e9tudes en environnement, for\u00eat, agriculture et d\u00e9veloppement rural\",\"description\":\"\",\"potentialAction\":[{\"@type\":\"SearchAction\",\"target\":{\"@type\":\"EntryPoint\",\"urlTemplate\":\"https:\/\/www.salvaterra.fr\/fr\/?s={search_term_string}\"},\"query-input\":\"required name=search_term_string\"}],\"inLanguage\":\"fr-FR\"}]}<\/script>\n<!-- \/ Yoast SEO plugin. -->","yoast_head_json":{"title":"\u00c9tude des fili\u00e8res manioc, bois d\u2019\u0153uvre et charbon pour une plantation agroforesti\u00e8re - SalvaTerra, Bureau d\u2019\u00e9tudes en environnement, for\u00eat, agriculture et d\u00e9veloppement rural","description":"\u00c9tude des fili\u00e8res manioc, bois d\u2019\u0153uvre et charbon pour l'\u00e9tude de faisabilit\u00e9 d'une plantation agroforesti\u00e8re, \u00e0 partir d'analyses qualitatives et quantitatives (enqu\u00eateurs \u00e0 Kinshasa coordonn\u00e9s \u00e0 distance) : Offre (itin\u00e9raires, rendements, productions) ; Demande (usages actuels et potentiels) ; Cha\u00eene de valeurs (acteurs, flux, contraintes logistiques) ; Tendances (prix, volumes, drivers l\u2019offre\/demande) ; D\u00e9fis et opportunit\u00e9s (production, transformation commercialisation) ; Recommandations pour le projet.","robots":{"index":"index","follow":"follow","max-snippet":"max-snippet:-1","max-image-preview":"max-image-preview:large","max-video-preview":"max-video-preview:-1"},"canonical":"https:\/\/www.salvaterra.fr\/fr\/references\/etude-des-filieres-manioc-bois-doeuvre-et-charbon-pour-une-plantation-agroforestiere\/","og_locale":"fr_FR","og_type":"article","og_title":"\u00c9tude des fili\u00e8res manioc, bois d\u2019\u0153uvre et charbon pour une plantation agroforesti\u00e8re - SalvaTerra, Bureau d\u2019\u00e9tudes en environnement, for\u00eat, agriculture et d\u00e9veloppement rural","og_description":"\u00c9tude des fili\u00e8res manioc, bois d\u2019\u0153uvre et charbon pour l'\u00e9tude de faisabilit\u00e9 d'une plantation agroforesti\u00e8re, \u00e0 partir d'analyses qualitatives et quantitatives (enqu\u00eateurs \u00e0 Kinshasa coordonn\u00e9s \u00e0 distance) : Offre (itin\u00e9raires, rendements, productions) ; Demande (usages actuels et potentiels) ; Cha\u00eene de valeurs (acteurs, flux, contraintes logistiques) ; Tendances (prix, volumes, drivers l\u2019offre\/demande) ; D\u00e9fis et opportunit\u00e9s (production, transformation commercialisation) ; Recommandations pour le projet.","og_url":"https:\/\/www.salvaterra.fr\/fr\/references\/etude-des-filieres-manioc-bois-doeuvre-et-charbon-pour-une-plantation-agroforestiere\/","og_site_name":"SalvaTerra, Bureau d\u2019\u00e9tudes en environnement, for\u00eat, agriculture et d\u00e9veloppement rural","article_modified_time":"2025-03-20T15:02:18+00:00","og_image":[{"width":880,"height":660,"url":"https:\/\/www.salvaterra.fr\/wp-content\/uploads\/2021\/07\/screenshot.png","type":"image\/png"}],"twitter_card":"summary_large_image","schema":{"@context":"https:\/\/schema.org","@graph":[{"@type":"WebPage","@id":"https:\/\/www.salvaterra.fr\/fr\/references\/etude-des-filieres-manioc-bois-doeuvre-et-charbon-pour-une-plantation-agroforestiere\/","url":"https:\/\/www.salvaterra.fr\/fr\/references\/etude-des-filieres-manioc-bois-doeuvre-et-charbon-pour-une-plantation-agroforestiere\/","name":"\u00c9tude des fili\u00e8res manioc, bois d\u2019\u0153uvre et charbon pour une plantation agroforesti\u00e8re - SalvaTerra, Bureau d\u2019\u00e9tudes en environnement, for\u00eat, agriculture et d\u00e9veloppement rural","isPartOf":{"@id":"https:\/\/www.salvaterra.fr\/fr\/#website"},"datePublished":"2024-12-04T15:53:38+00:00","dateModified":"2025-03-20T15:02:18+00:00","description":"\u00c9tude des fili\u00e8res manioc, bois d\u2019\u0153uvre et charbon pour l'\u00e9tude de faisabilit\u00e9 d'une plantation agroforesti\u00e8re, \u00e0 partir d'analyses qualitatives et quantitatives (enqu\u00eateurs \u00e0 Kinshasa coordonn\u00e9s \u00e0 distance) : Offre (itin\u00e9raires, rendements, productions) ; Demande (usages actuels et potentiels) ; Cha\u00eene de valeurs (acteurs, flux, contraintes logistiques) ; Tendances (prix, volumes, drivers l\u2019offre\/demande) ; D\u00e9fis et opportunit\u00e9s (production, transformation commercialisation) ; Recommandations pour le projet.","breadcrumb":{"@id":"https:\/\/www.salvaterra.fr\/fr\/references\/etude-des-filieres-manioc-bois-doeuvre-et-charbon-pour-une-plantation-agroforestiere\/#breadcrumb"},"inLanguage":"fr-FR","potentialAction":[{"@type":"ReadAction","target":["https:\/\/www.salvaterra.fr\/fr\/references\/etude-des-filieres-manioc-bois-doeuvre-et-charbon-pour-une-plantation-agroforestiere\/"]}]},{"@type":"BreadcrumbList","@id":"https:\/\/www.salvaterra.fr\/fr\/references\/etude-des-filieres-manioc-bois-doeuvre-et-charbon-pour-une-plantation-agroforestiere\/#breadcrumb","itemListElement":[{"@type":"ListItem","position":1,"name":"Accueil","item":"https:\/\/www.salvaterra.fr\/fr\/"},{"@type":"ListItem","position":2,"name":"R\u00e9f\u00e9rences","item":"https:\/\/www.salvaterra.fr\/fr\/references\/"},{"@type":"ListItem","position":3,"name":"\u00c9tude des fili\u00e8res manioc, bois d\u2019\u0153uvre et charbon pour une plantation agroforesti\u00e8re"}]},{"@type":"WebSite","@id":"https:\/\/www.salvaterra.fr\/fr\/#website","url":"https:\/\/www.salvaterra.fr\/fr\/","name":"SalvaTerra, Bureau d\u2019\u00e9tudes en environnement, for\u00eat, agriculture et d\u00e9veloppement rural","description":"","potentialAction":[{"@type":"SearchAction","target":{"@type":"EntryPoint","urlTemplate":"https:\/\/www.salvaterra.fr\/fr\/?s={search_term_string}"},"query-input":"required name=search_term_string"}],"inLanguage":"fr-FR"}]}},"pays":[64],"_links":{"self":[{"href":"https:\/\/www.salvaterra.fr\/fr\/wp-json\/wp\/v2\/references\/12053"}],"collection":[{"href":"https:\/\/www.salvaterra.fr\/fr\/wp-json\/wp\/v2\/references"}],"about":[{"href":"https:\/\/www.salvaterra.fr\/fr\/wp-json\/wp\/v2\/types\/references"}],"wp:attachment":[{"href":"https:\/\/www.salvaterra.fr\/fr\/wp-json\/wp\/v2\/media?parent=12053"}],"curies":[{"name":"wp","href":"https:\/\/api.w.org\/{rel}","templated":true}]}}

Étude des filières manioc, bois d’œuvre et charbon pour une plantation agroforestière

<!-- This site is optimized with the Yoast SEO plugin v22.4 - https://yoast.com/wordpress/plugins/seo/ -->
<title>Étude des filières manioc, bois d’œuvre et charbon pour une plantation agroforestière - SalvaTerra, Bureau d’études en environnement, forêt, agriculture et développement rural</title>
<meta name="description" content="Étude des filières manioc, bois d’œuvre et charbon pour l&#039;étude de faisabilité d&#039;une plantation agroforestière, à partir d&#039;analyses qualitatives et quantitatives (enquêteurs à Kinshasa coordonnés à distance) : Offre (itinéraires, rendements, productions) ; Demande (usages actuels et potentiels) ; Chaîne de valeurs (acteurs, flux, contraintes logistiques) ; Tendances (prix, volumes, drivers l’offre/demande) ; Défis et opportunités (production, transformation commercialisation) ; Recommandations pour le projet." />
<meta name="robots" content="index, follow, max-snippet:-1, max-image-preview:large, max-video-preview:-1" />
<link rel="canonical" href="https://www.salvaterra.fr/fr/references/etude-des-filieres-manioc-bois-doeuvre-et-charbon-pour-une-plantation-agroforestiere/" />
<meta property="og:locale" content="fr_FR" />
<meta property="og:type" content="article" />
<meta property="og:title" content="Étude des filières manioc, bois d’œuvre et charbon pour une plantation agroforestière - SalvaTerra, Bureau d’études en environnement, forêt, agriculture et développement rural" />
<meta property="og:description" content="Étude des filières manioc, bois d’œuvre et charbon pour l&#039;étude de faisabilité d&#039;une plantation agroforestière, à partir d&#039;analyses qualitatives et quantitatives (enquêteurs à Kinshasa coordonnés à distance) : Offre (itinéraires, rendements, productions) ; Demande (usages actuels et potentiels) ; Chaîne de valeurs (acteurs, flux, contraintes logistiques) ; Tendances (prix, volumes, drivers l’offre/demande) ; Défis et opportunités (production, transformation commercialisation) ; Recommandations pour le projet." />
<meta property="og:url" content="https://www.salvaterra.fr/fr/references/etude-des-filieres-manioc-bois-doeuvre-et-charbon-pour-une-plantation-agroforestiere/" />
<meta property="og:site_name" content="SalvaTerra, Bureau d’études en environnement, forêt, agriculture et développement rural" />
<meta property="article:modified_time" content="2025-03-20T15:02:18+00:00" />
<meta property="og:image" content="https://www.salvaterra.fr/wp-content/uploads/2021/07/screenshot.png" />
	<meta property="og:image:width" content="880" />
	<meta property="og:image:height" content="660" />
	<meta property="og:image:type" content="image/png" />
<meta name="twitter:card" content="summary_large_image" />
<script type="application/ld+json" class="yoast-schema-graph">{"@context":"https://schema.org","@graph":[{"@type":"WebPage","@id":"https://www.salvaterra.fr/fr/references/etude-des-filieres-manioc-bois-doeuvre-et-charbon-pour-une-plantation-agroforestiere/","url":"https://www.salvaterra.fr/fr/references/etude-des-filieres-manioc-bois-doeuvre-et-charbon-pour-une-plantation-agroforestiere/","name":"Étude des filières manioc, bois d’œuvre et charbon pour une plantation agroforestière - SalvaTerra, Bureau d’études en environnement, forêt, agriculture et développement rural","isPartOf":{"@id":"https://www.salvaterra.fr/fr/#website"},"datePublished":"2024-12-04T15:53:38+00:00","dateModified":"2025-03-20T15:02:18+00:00","description":"Étude des filières manioc, bois d’œuvre et charbon pour l'étude de faisabilité d'une plantation agroforestière, à partir d'analyses qualitatives et quantitatives (enquêteurs à Kinshasa coordonnés à distance) : Offre (itinéraires, rendements, productions) ; Demande (usages actuels et potentiels) ; Chaîne de valeurs (acteurs, flux, contraintes logistiques) ; Tendances (prix, volumes, drivers l’offre/demande) ; Défis et opportunités (production, transformation commercialisation) ; Recommandations pour le projet.","breadcrumb":{"@id":"https://www.salvaterra.fr/fr/references/etude-des-filieres-manioc-bois-doeuvre-et-charbon-pour-une-plantation-agroforestiere/#breadcrumb"},"inLanguage":"fr-FR","potentialAction":[{"@type":"ReadAction","target":["https://www.salvaterra.fr/fr/references/etude-des-filieres-manioc-bois-doeuvre-et-charbon-pour-une-plantation-agroforestiere/"]}]},{"@type":"BreadcrumbList","@id":"https://www.salvaterra.fr/fr/references/etude-des-filieres-manioc-bois-doeuvre-et-charbon-pour-une-plantation-agroforestiere/#breadcrumb","itemListElement":[{"@type":"ListItem","position":1,"name":"Accueil","item":"https://www.salvaterra.fr/fr/"},{"@type":"ListItem","position":2,"name":"Références","item":"https://www.salvaterra.fr/fr/references/"},{"@type":"ListItem","position":3,"name":"Étude des filières manioc, bois d’œuvre et charbon pour une plantation agroforestière"}]},{"@type":"WebSite","@id":"https://www.salvaterra.fr/fr/#website","url":"https://www.salvaterra.fr/fr/","name":"SalvaTerra, Bureau d’études en environnement, forêt, agriculture et développement rural","description":"","potentialAction":[{"@type":"SearchAction","target":{"@type":"EntryPoint","urlTemplate":"https://www.salvaterra.fr/fr/?s={search_term_string}"},"query-input":"required name=search_term_string"}],"inLanguage":"fr-FR"}]}</script>
<!-- / Yoast SEO plugin. -->

Étude des filières manioc, bois d’œuvre et charbon pour une plantation agroforestière - SalvaTerra, Bureau d’études en environnement, forêt, agriculture et développement rural

Étude des filières manioc, bois d’œuvre et charbon pour l'étude de faisabilité d'une plantation agroforestière, à partir d'analyses qualitatives et quantitatives (enquêteurs à Kinshasa coordonnés à distance) : Offre (itinéraires, rendements, productions) ; Demande (usages actuels et potentiels) ; Chaîne de valeurs (acteurs, flux, contraintes logistiques) ; Tendances (prix, volumes, drivers l’offre/demande) ; Défis et opportunités (production, transformation commercialisation) ; Recommandations pour le projet.

SalvaTerra, Bureau d’études en environnement, forêt, agriculture et développement rural

Références
