{"id":10657,"date":"2023-05-15T17:05:06","date_gmt":"2023-05-15T15:05:06","guid":{"rendered":"https:\/\/www.salvaterra.fr\/references\/preparation-of-the-g8-redd-sessions-and-the-major-economies-forum-mef\/"},"modified":"2023-05-15T17:05:06","modified_gmt":"2023-05-15T15:05:06","slug":"preparation-of-the-g8-redd-sessions-and-the-major-economies-forum-mef","status":"publish","type":"references","link":"https:\/\/www.salvaterra.fr\/en\/references\/preparation-of-the-g8-redd-sessions-and-the-major-economies-forum-mef\/","title":{"rendered":"Preparation of the G8 REDD+ sessions and the Major Economies Forum (MEF)"},"template":"","acf":[],"yoast_head":"<!-- This site is optimized with the Yoast SEO plugin v22.4 - https:\/\/yoast.com\/wordpress\/plugins\/seo\/ -->\n<title>Preparation of the G8 REDD+ sessions and the Major Economies Forum (MEF) - SalvaTerra, Bureau d\u2019\u00e9tudes en environnement, for\u00eat, agriculture et d\u00e9veloppement rural<\/title>\n<meta name=\"description\" content=\"&quot;Preparation, within the French delegation, of the REDD+ sessions of the G8 and the Major Economies Forum (MEF)&quot;\" \/>\n<meta name=\"robots\" content=\"index, follow, max-snippet:-1, max-image-preview:large, max-video-preview:-1\" \/>\n<link rel=\"canonical\" href=\"https:\/\/www.salvaterra.fr\/en\/references\/preparation-of-the-g8-redd-sessions-and-the-major-economies-forum-mef\/\" \/>\n<meta property=\"og:locale\" content=\"en_US\" \/>\n<meta property=\"og:type\" content=\"article\" \/>\n<meta property=\"og:title\" content=\"Preparation of the G8 REDD+ sessions and the Major Economies Forum (MEF) - SalvaTerra, Bureau d\u2019\u00e9tudes en environnement, for\u00eat, agriculture et d\u00e9veloppement rural\" \/>\n<meta property=\"og:description\" content=\"&quot;Preparation, within the French delegation, of the REDD+ sessions of the G8 and the Major Economies Forum (MEF)&quot;\" \/>\n<meta property=\"og:url\" content=\"https:\/\/www.salvaterra.fr\/en\/references\/preparation-of-the-g8-redd-sessions-and-the-major-economies-forum-mef\/\" \/>\n<meta property=\"og:site_name\" content=\"SalvaTerra, Bureau d\u2019\u00e9tudes en environnement, for\u00eat, agriculture et d\u00e9veloppement rural\" \/>\n<meta property=\"og:image\" content=\"https:\/\/www.salvaterra.fr\/wp-content\/uploads\/2021\/07\/screenshot.png\" \/>\n\t<meta property=\"og:image:width\" content=\"880\" \/>\n\t<meta property=\"og:image:height\" content=\"660\" \/>\n\t<meta property=\"og:image:type\" content=\"image\/png\" \/>\n<meta name=\"twitter:card\" content=\"summary_large_image\" \/>\n<script type=\"application\/ld+json\" class=\"yoast-schema-graph\">{\"@context\":\"https:\/\/schema.org\",\"@graph\":[{\"@type\":\"WebPage\",\"@id\":\"https:\/\/www.salvaterra.fr\/en\/references\/preparation-of-the-g8-redd-sessions-and-the-major-economies-forum-mef\/\",\"url\":\"https:\/\/www.salvaterra.fr\/en\/references\/preparation-of-the-g8-redd-sessions-and-the-major-economies-forum-mef\/\",\"name\":\"Preparation of the G8 REDD+ sessions and the Major Economies Forum (MEF) - SalvaTerra, Bureau d\u2019\u00e9tudes en environnement, for\u00eat, agriculture et d\u00e9veloppement rural\",\"isPartOf\":{\"@id\":\"https:\/\/www.salvaterra.fr\/en\/#website\"},\"datePublished\":\"2023-05-15T15:05:06+00:00\",\"dateModified\":\"2023-05-15T15:05:06+00:00\",\"description\":\"\\\"Preparation, within the French delegation, of the REDD+ sessions of the G8 and the Major Economies Forum (MEF)\\\"\",\"breadcrumb\":{\"@id\":\"https:\/\/www.salvaterra.fr\/en\/references\/preparation-of-the-g8-redd-sessions-and-the-major-economies-forum-mef\/#breadcrumb\"},\"inLanguage\":\"en-US\",\"potentialAction\":[{\"@type\":\"ReadAction\",\"target\":[\"https:\/\/www.salvaterra.fr\/en\/references\/preparation-of-the-g8-redd-sessions-and-the-major-economies-forum-mef\/\"]}]},{\"@type\":\"BreadcrumbList\",\"@id\":\"https:\/\/www.salvaterra.fr\/en\/references\/preparation-of-the-g8-redd-sessions-and-the-major-economies-forum-mef\/#breadcrumb\",\"itemListElement\":[{\"@type\":\"ListItem\",\"position\":1,\"name\":\"Accueil\",\"item\":\"https:\/\/www.salvaterra.fr\/en\/home\/\"},{\"@type\":\"ListItem\",\"position\":2,\"name\":\"R\u00e9f\u00e9rences\",\"item\":\"https:\/\/www.salvaterra.fr\/en\/references\/\"},{\"@type\":\"ListItem\",\"position\":3,\"name\":\"Preparation of the G8 REDD+ sessions and the Major Economies Forum (MEF)\"}]},{\"@type\":\"WebSite\",\"@id\":\"https:\/\/www.salvaterra.fr\/en\/#website\",\"url\":\"https:\/\/www.salvaterra.fr\/en\/\",\"name\":\"SalvaTerra, Bureau d\u2019\u00e9tudes en environnement, for\u00eat, agriculture et d\u00e9veloppement rural\",\"description\":\"\",\"potentialAction\":[{\"@type\":\"SearchAction\",\"target\":{\"@type\":\"EntryPoint\",\"urlTemplate\":\"https:\/\/www.salvaterra.fr\/en\/?s={search_term_string}\"},\"query-input\":\"required name=search_term_string\"}],\"inLanguage\":\"en-US\"}]}<\/script>\n<!-- \/ Yoast SEO plugin. -->","yoast_head_json":{"title":"Preparation of the G8 REDD+ sessions and the Major Economies Forum (MEF) - SalvaTerra, Bureau d\u2019\u00e9tudes en environnement, for\u00eat, agriculture et d\u00e9veloppement rural","description":"\"Preparation, within the French delegation, of the REDD+ sessions of the G8 and the Major Economies Forum (MEF)\"","robots":{"index":"index","follow":"follow","max-snippet":"max-snippet:-1","max-image-preview":"max-image-preview:large","max-video-preview":"max-video-preview:-1"},"canonical":"https:\/\/www.salvaterra.fr\/en\/references\/preparation-of-the-g8-redd-sessions-and-the-major-economies-forum-mef\/","og_locale":"en_US","og_type":"article","og_title":"Preparation of the G8 REDD+ sessions and the Major Economies Forum (MEF) - SalvaTerra, Bureau d\u2019\u00e9tudes en environnement, for\u00eat, agriculture et d\u00e9veloppement rural","og_description":"\"Preparation, within the French delegation, of the REDD+ sessions of the G8 and the Major Economies Forum (MEF)\"","og_url":"https:\/\/www.salvaterra.fr\/en\/references\/preparation-of-the-g8-redd-sessions-and-the-major-economies-forum-mef\/","og_site_name":"SalvaTerra, Bureau d\u2019\u00e9tudes en environnement, for\u00eat, agriculture et d\u00e9veloppement rural","og_image":[{"width":880,"height":660,"url":"https:\/\/www.salvaterra.fr\/wp-content\/uploads\/2021\/07\/screenshot.png","type":"image\/png"}],"twitter_card":"summary_large_image","schema":{"@context":"https:\/\/schema.org","@graph":[{"@type":"WebPage","@id":"https:\/\/www.salvaterra.fr\/en\/references\/preparation-of-the-g8-redd-sessions-and-the-major-economies-forum-mef\/","url":"https:\/\/www.salvaterra.fr\/en\/references\/preparation-of-the-g8-redd-sessions-and-the-major-economies-forum-mef\/","name":"Preparation of the G8 REDD+ sessions and the Major Economies Forum (MEF) - SalvaTerra, Bureau d\u2019\u00e9tudes en environnement, for\u00eat, agriculture et d\u00e9veloppement rural","isPartOf":{"@id":"https:\/\/www.salvaterra.fr\/en\/#website"},"datePublished":"2023-05-15T15:05:06+00:00","dateModified":"2023-05-15T15:05:06+00:00","description":"\"Preparation, within the French delegation, of the REDD+ sessions of the G8 and the Major Economies Forum (MEF)\"","breadcrumb":{"@id":"https:\/\/www.salvaterra.fr\/en\/references\/preparation-of-the-g8-redd-sessions-and-the-major-economies-forum-mef\/#breadcrumb"},"inLanguage":"en-US","potentialAction":[{"@type":"ReadAction","target":["https:\/\/www.salvaterra.fr\/en\/references\/preparation-of-the-g8-redd-sessions-and-the-major-economies-forum-mef\/"]}]},{"@type":"BreadcrumbList","@id":"https:\/\/www.salvaterra.fr\/en\/references\/preparation-of-the-g8-redd-sessions-and-the-major-economies-forum-mef\/#breadcrumb","itemListElement":[{"@type":"ListItem","position":1,"name":"Accueil","item":"https:\/\/www.salvaterra.fr\/en\/home\/"},{"@type":"ListItem","position":2,"name":"R\u00e9f\u00e9rences","item":"https:\/\/www.salvaterra.fr\/en\/references\/"},{"@type":"ListItem","position":3,"name":"Preparation of the G8 REDD+ sessions and the Major Economies Forum (MEF)"}]},{"@type":"WebSite","@id":"https:\/\/www.salvaterra.fr\/en\/#website","url":"https:\/\/www.salvaterra.fr\/en\/","name":"SalvaTerra, Bureau d\u2019\u00e9tudes en environnement, for\u00eat, agriculture et d\u00e9veloppement rural","description":"","potentialAction":[{"@type":"SearchAction","target":{"@type":"EntryPoint","urlTemplate":"https:\/\/www.salvaterra.fr\/en\/?s={search_term_string}"},"query-input":"required name=search_term_string"}],"inLanguage":"en-US"}]}},"pays":[89],"_links":{"self":[{"href":"https:\/\/www.salvaterra.fr\/en\/wp-json\/wp\/v2\/references\/10657"}],"collection":[{"href":"https:\/\/www.salvaterra.fr\/en\/wp-json\/wp\/v2\/references"}],"about":[{"href":"https:\/\/www.salvaterra.fr\/en\/wp-json\/wp\/v2\/types\/references"}],"wp:attachment":[{"href":"https:\/\/www.salvaterra.fr\/en\/wp-json\/wp\/v2\/media?parent=10657"}],"curies":[{"name":"wp","href":"https:\/\/api.w.org\/{rel}","templated":true}]}}

<!-- This site is optimized with the Yoast SEO plugin v22.4 - https://yoast.com/wordpress/plugins/seo/ -->
<title>Preparation of the G8 REDD+ sessions and the Major Economies Forum (MEF) - SalvaTerra, Bureau d’études en environnement, forêt, agriculture et développement rural</title>
<meta name="description" content="&quot;Preparation, within the French delegation, of the REDD+ sessions of the G8 and the Major Economies Forum (MEF)&quot;" />
<meta name="robots" content="index, follow, max-snippet:-1, max-image-preview:large, max-video-preview:-1" />
<link rel="canonical" href="https://www.salvaterra.fr/en/references/preparation-of-the-g8-redd-sessions-and-the-major-economies-forum-mef/" />
<meta property="og:locale" content="en_US" />
<meta property="og:type" content="article" />
<meta property="og:title" content="Preparation of the G8 REDD+ sessions and the Major Economies Forum (MEF) - SalvaTerra, Bureau d’études en environnement, forêt, agriculture et développement rural" />
<meta property="og:description" content="&quot;Preparation, within the French delegation, of the REDD+ sessions of the G8 and the Major Economies Forum (MEF)&quot;" />
<meta property="og:url" content="https://www.salvaterra.fr/en/references/preparation-of-the-g8-redd-sessions-and-the-major-economies-forum-mef/" />
<meta property="og:site_name" content="SalvaTerra, Bureau d’études en environnement, forêt, agriculture et développement rural" />
<meta property="og:image" content="https://www.salvaterra.fr/wp-content/uploads/2021/07/screenshot.png" />
	<meta property="og:image:width" content="880" />
	<meta property="og:image:height" content="660" />
	<meta property="og:image:type" content="image/png" />
<meta name="twitter:card" content="summary_large_image" />
<script type="application/ld+json" class="yoast-schema-graph">{"@context":"https://schema.org","@graph":[{"@type":"WebPage","@id":"https://www.salvaterra.fr/en/references/preparation-of-the-g8-redd-sessions-and-the-major-economies-forum-mef/","url":"https://www.salvaterra.fr/en/references/preparation-of-the-g8-redd-sessions-and-the-major-economies-forum-mef/","name":"Preparation of the G8 REDD+ sessions and the Major Economies Forum (MEF) - SalvaTerra, Bureau d’études en environnement, forêt, agriculture et développement rural","isPartOf":{"@id":"https://www.salvaterra.fr/en/#website"},"datePublished":"2023-05-15T15:05:06+00:00","dateModified":"2023-05-15T15:05:06+00:00","description":"\"Preparation, within the French delegation, of the REDD+ sessions of the G8 and the Major Economies Forum (MEF)\"","breadcrumb":{"@id":"https://www.salvaterra.fr/en/references/preparation-of-the-g8-redd-sessions-and-the-major-economies-forum-mef/#breadcrumb"},"inLanguage":"en-US","potentialAction":[{"@type":"ReadAction","target":["https://www.salvaterra.fr/en/references/preparation-of-the-g8-redd-sessions-and-the-major-economies-forum-mef/"]}]},{"@type":"BreadcrumbList","@id":"https://www.salvaterra.fr/en/references/preparation-of-the-g8-redd-sessions-and-the-major-economies-forum-mef/#breadcrumb","itemListElement":[{"@type":"ListItem","position":1,"name":"Accueil","item":"https://www.salvaterra.fr/en/home/"},{"@type":"ListItem","position":2,"name":"Références","item":"https://www.salvaterra.fr/en/references/"},{"@type":"ListItem","position":3,"name":"Preparation of the G8 REDD+ sessions and the Major Economies Forum (MEF)"}]},{"@type":"WebSite","@id":"https://www.salvaterra.fr/en/#website","url":"https://www.salvaterra.fr/en/","name":"SalvaTerra, Bureau d’études en environnement, forêt, agriculture et développement rural","description":"","potentialAction":[{"@type":"SearchAction","target":{"@type":"EntryPoint","urlTemplate":"https://www.salvaterra.fr/en/?s={search_term_string}"},"query-input":"required name=search_term_string"}],"inLanguage":"en-US"}]}</script>
<!-- / Yoast SEO plugin. -->

Preparation of the G8 REDD+ sessions and the Major Economies Forum (MEF) - SalvaTerra, Bureau d’études en environnement, forêt, agriculture et développement rural

SalvaTerra, Bureau d’études en environnement, forêt, agriculture et développement rural

Références
